{"id":698247,"date":"2025-08-27T14:44:29","date_gmt":"2025-08-27T11:44:29","guid":{"rendered":"https:\/\/roveyayinevi.com.tr\/index.php\/urun\/arasokaklarin-tarihi\/"},"modified":"2025-08-27T14:44:29","modified_gmt":"2025-08-27T11:44:29","slug":"arasokaklarin-tarihi","status":"publish","type":"product","link":"https:\/\/roveyayinevi.com.tr\/index.php\/urun\/arasokaklarin-tarihi\/","title":{"rendered":"Arasokaklar\u0131n Tarihi"},"content":{"rendered":"<p>Gen\u00e7ler hat\u0131rat yazmazlar, yazamazlar; zira gen\u00e7lerin hat\u0131rlayabilecekleri ve\/veya yazabilecekleri miktarda bir mazileri yoktur. Hat\u0131rat yazmak, evvelen ya\u015fl\u0131lar\u0131n i\u015fidir; yani yazmak istediklerinde i\u015fe yarayabilecek hat\u0131ralara sahip olanlar\u0131n. Saniyen, ge\u00e7mi\u015fleriyle, daha do\u011frusu kendileriyle hesapla\u015fmak, mazilerinin muhasebesini yapmak zaruretini duyanlar\u0131n. S\u00e2lisen, ma\u011fluplar\u0131n, siyaset i\u00e7inde de\u011fil, hayat kar\u015f\u0131s\u0131nda ma\u011flup olanlar\u0131n, ma\u011flup olmaya de\u011fecek bir hayat\u0131 ya\u015fam\u0131\u015f olanlar\u0131n. <\/p>\n","protected":false},"excerpt":{"rendered":"<p>Gen\u00e7ler hat\u0131rat yazmazlar, yazamazlar; zira gen\u00e7lerin hat\u0131rlayabilecekleri ve\/veya yazabilecekleri miktarda bir mazileri yoktur. Hat\u0131rat yazmak, evvelen ya\u015fl\u0131lar\u0131n i\u015fidir; yani yazmak istediklerinde i\u015fe yarayabilecek hat\u0131ralara sahip olanlar\u0131n.<span class=\"excerpt-hellip\"> [\u2026]<\/span><\/p>\n","protected":false},"featured_media":0,"template":"","meta":{"_monsterinsights_skip_tracking":false,"_monsterinsights_sitenote_active":false,"_monsterinsights_sitenote_note":"","_monsterinsights_sitenote_category":0},"product_brand":[],"product_cat":[13701,12291],"product_tag":[],"class_list":{"0":"post-698247","1":"product","2":"type-product","3":"status-publish","5":"product_cat-ani-mektup-gunluk","6":"product_cat-edebiyat","7":"pa_cilt-ciltsiz","8":"pa_tur-kitap","9":"pa_yayinevi-kapi-yayinlari","10":"pa_yazar-ducane-cundioglu","12":"first","13":"instock","14":"sale","15":"shipping-taxable","16":"purchasable","17":"product-type-simple"},"_links":{"self":[{"href":"https:\/\/roveyayinevi.com.tr\/index.php\/wp-json\/wp\/v2\/product\/698247","targetHints":{"allow":["GET"]}}],"collection":[{"href":"https:\/\/roveyayinevi.com.tr\/index.php\/wp-json\/wp\/v2\/product"}],"about":[{"href":"https:\/\/roveyayinevi.com.tr\/index.php\/wp-json\/wp\/v2\/types\/product"}],"wp:attachment":[{"href":"https:\/\/roveyayinevi.com.tr\/index.php\/wp-json\/wp\/v2\/media?parent=698247"}],"wp:term":[{"taxonomy":"product_brand","embeddable":true,"href":"https:\/\/roveyayinevi.com.tr\/index.php\/wp-json\/wp\/v2\/product_brand?post=698247"},{"taxonomy":"product_cat","embeddable":true,"href":"https:\/\/roveyayinevi.com.tr\/index.php\/wp-json\/wp\/v2\/product_cat?post=698247"},{"taxonomy":"product_tag","embeddable":true,"href":"https:\/\/roveyayinevi.com.tr\/index.php\/wp-json\/wp\/v2\/product_tag?post=698247"}],"curies":[{"name":"wp","href":"https:\/\/api.w.org\/{rel}","templated":true}]}}