{"id":698225,"date":"2025-08-27T14:44:08","date_gmt":"2025-08-27T11:44:08","guid":{"rendered":"https:\/\/roveyayinevi.com.tr\/index.php\/urun\/hesaplasma-2\/"},"modified":"2026-04-16T02:07:49","modified_gmt":"2026-04-15T23:07:49","slug":"hesaplasma-2","status":"publish","type":"product","link":"https:\/\/roveyayinevi.com.tr\/index.php\/urun\/hesaplasma-2\/","title":{"rendered":"Hesapla\u015fma"},"content":{"rendered":"<p>1908-1918 aras\u0131 T\u00fcrkiye&#8217;nin kaderine h\u00e2kim olan \u0130ttihat ve Terakki Partisi, mensuplar\u0131n\u0131n b\u00fct\u00fcn iyi niyet ve vatanseverliklerine kar\u015f\u0131n, \u00fclkenin b\u00fcy\u00fck bir felakete s\u00fcr\u00fcklenmesine yol a\u00e7t\u0131. \u0130ttihat\u00e7\u0131 zihniyete g\u00f6re; iktidara sahip olman\u0131n yonu darbe yapmaktan ge\u00e7iyorsa bu yap\u0131l\u0131rd\u0131. Ya devlet ba\u015fa ya kuzgun le\u015fe aralar\u0131nda kulland\u0131klar\u0131 me\u015fhur bir slogand\u0131. Eski \u0130ttihat\u00e7\u0131lar\u0131n bir k\u0131sm\u0131, Cumhuriyet&#8217;ten sonra, her ne kadar g\u00fc\u00e7lerini kaybetmi\u015f olsalar da devletin ba\u015f\u0131na ge\u00e7me aray\u0131\u015f\u0131 i\u00e7inde oldular. Bunun yolunu da Mustafa Kemal Atat\u00fcrk&#8217;e suikast yapmada arad\u0131lar. Bu olay tarihe \u0130zmir Suikast\u0131 olarak ge\u00e7ti. Eski \u0130ttihat\u00e7\u0131lardan olu\u015fan bir kesim 15 Haziran 1926 tarihinde \u0130zmir&#8217;de Atat\u00fcrk&#8217;\u00fc \u00f6ld\u00fcrmeyi d\u00fc\u015f\u00fcnd\u00fclerse de suikast giri\u015fimi ba\u015far\u0131l\u0131 olmad\u0131. Sonras\u0131nda ise bir hesapla\u015fma d\u00f6nemi ba\u015flad\u0131. Bu hesapla\u015fmadan d\u00f6nemin muhalif kesimleri \u00f6nemli bir darbe ald\u0131lar. G\u00f6r\u00fcnen o ki bu olayda, geli\u015fmelerden haberi olmay\u0131p kendi k\u00f6\u015fesine \u00e7ekilmi\u015f bir\u00e7ok eski \u0130ttihat\u00e7\u0131 da yarg\u0131land\u0131, baz\u0131lar\u0131 da cezaland\u0131r\u0131ld\u0131. Bu da muhtemelen, her zaman potansiyel tehlike olman\u0131n ceremesini \u00e7ekmek anlam\u0131n\u0131 ta\u015f\u0131yordu. \ufffcTan\u0131t\u0131m Metni<\/p>\n","protected":false},"excerpt":{"rendered":"<p>1908-1918 aras\u0131 T\u00fcrkiye&#8217;nin kaderine h\u00e2kim olan \u0130ttihat ve Terakki Partisi, mensuplar\u0131n\u0131n b\u00fct\u00fcn iyi niyet ve vatanseverliklerine kar\u015f\u0131n, \u00fclkenin b\u00fcy\u00fck bir felakete s\u00fcr\u00fcklenmesine yol a\u00e7t\u0131. \u0130ttihat\u00e7\u0131 zihniyete<span class=\"excerpt-hellip\"> [\u2026]<\/span><\/p>\n","protected":false},"featured_media":0,"template":"","meta":{"_monsterinsights_skip_tracking":false,"_monsterinsights_sitenote_active":false,"_monsterinsights_sitenote_note":"","_monsterinsights_sitenote_category":0},"product_brand":[],"product_cat":[12304,13493],"product_tag":[],"class_list":{"0":"post-698225","1":"product","2":"type-product","3":"status-publish","5":"product_cat-tarih","6":"product_cat-turkiye-ve-cumhuriyet-tarihi","7":"pa_tur-kitap","8":"pa_yayinevi-yeditepe-yayinevi","9":"pa_yazar-vahdettin-engin","11":"first","12":"instock","13":"sale","14":"shipping-taxable","15":"purchasable","16":"product-type-simple"},"_links":{"self":[{"href":"https:\/\/roveyayinevi.com.tr\/index.php\/wp-json\/wp\/v2\/product\/698225","targetHints":{"allow":["GET"]}}],"collection":[{"href":"https:\/\/roveyayinevi.com.tr\/index.php\/wp-json\/wp\/v2\/product"}],"about":[{"href":"https:\/\/roveyayinevi.com.tr\/index.php\/wp-json\/wp\/v2\/types\/product"}],"wp:attachment":[{"href":"https:\/\/roveyayinevi.com.tr\/index.php\/wp-json\/wp\/v2\/media?parent=698225"}],"wp:term":[{"taxonomy":"product_brand","embeddable":true,"href":"https:\/\/roveyayinevi.com.tr\/index.php\/wp-json\/wp\/v2\/product_brand?post=698225"},{"taxonomy":"product_cat","embeddable":true,"href":"https:\/\/roveyayinevi.com.tr\/index.php\/wp-json\/wp\/v2\/product_cat?post=698225"},{"taxonomy":"product_tag","embeddable":true,"href":"https:\/\/roveyayinevi.com.tr\/index.php\/wp-json\/wp\/v2\/product_tag?post=698225"}],"curies":[{"name":"wp","href":"https:\/\/api.w.org\/{rel}","templated":true}]}}

Hesaplaşma

<p>1908-1918 arası Türkiye&#8217;nin kaderine hâkim olan İttihat ve Terakki Partisi, mensuplarının bütün iyi niyet ve vatanseverliklerine karşın, ülkenin büyük bir felakete sürüklenmesine yol açtı. İttihatçı zihniyete göre; iktidara sahip olmanın yonu darbe yapmaktan geçiyorsa bu yapılırdı. Ya devlet başa ya kuzgun leşe aralarında kullandıkları meşhur bir slogandı. Eski İttihatçıların bir kısmı, Cumhuriyet&#8217;ten sonra, her ne kadar güçlerini kaybetmiş olsalar da devletin başına geçme arayışı içinde oldular. Bunun yolunu da Mustafa Kemal Atatürk&#8217;e suikast yapmada aradılar. Bu olay tarihe İzmir Suikastı olarak geçti. Eski İttihatçılardan oluşan bir kesim 15 Haziran 1926 tarihinde İzmir&#8217;de Atatürk&#8217;ü öldürmeyi düşündülerse de suikast girişimi başarılı olmadı. Sonrasında ise bir hesaplaşma dönemi başladı. Bu hesaplaşmadan dönemin muhalif kesimleri önemli bir darbe aldılar. Görünen o ki bu olayda, gelişmelerden haberi olmayıp kendi köşesine çekilmiş birçok eski İttihatçı da yargılandı, bazıları da cezalandırıldı. Bu da muhtemelen, her zaman potansiyel tehlike olmanın ceremesini çekmek anlamını taşıyordu. ￼Tanıtım Metni</p>

<p>1908-1918 arası Türkiye&#8217;nin kaderine hâkim olan İttihat ve Terakki Partisi, mensuplarının bütün iyi niyet ve vatanseverliklerine karşın, ülkenin büyük bir felakete sürüklenmesine yol açtı. İttihatçı zihniyete<span class="excerpt-hellip"> […]</span></p>
