{"id":698224,"date":"2025-08-27T14:44:08","date_gmt":"2025-08-27T11:44:08","guid":{"rendered":"https:\/\/roveyayinevi.com.tr\/index.php\/urun\/alahimanet-bosna\/"},"modified":"2026-04-16T02:07:49","modified_gmt":"2026-04-15T23:07:49","slug":"alahimanet-bosna","status":"publish","type":"product","link":"https:\/\/roveyayinevi.com.tr\/index.php\/urun\/alahimanet-bosna\/","title":{"rendered":"Alahimanet Bosna"},"content":{"rendered":"<p>1878\u2019de Avusturya idaresine b\u0131rak\u0131lmak, Bo\u015fnaklar\u0131n zihin d\u00fcnyas\u0131n\u0131 alt \u00fcst etmi\u015fti. Osmanl\u0131lar Balkanlardan \u00e7ekilmekteydi ve bir M\u00fcsl\u00fcman topluluk olarak Avrupa\u2019n\u0131n orta yerinde savunmas\u0131z kald\u0131klar\u0131n\u0131 d\u00fc\u015f\u00fcnmekteydiler. Osmanl\u0131lar\u0131n yeniden d\u00f6neceklerini beklemek y\u00fcreklerine su serpiyordu asl\u0131nda. Ama ya d\u00f6nemezlerse? Ya ge\u00e7ici olarak verdikleri idareyi yeniden ele alamazlarsa? \u0130\u015fte o zaman \u015fu sorular\u0131 cevaplamalar\u0131 gerekiyordu: Bir Bo\u015fnak i\u00e7in vatan neresidir? Atalar\u0131ndan miras kalan Bosna m\u0131, yoksa M\u00fcsl\u00fcman kimli\u011fi ile ya\u015fayabilece\u011fi Osmanl\u0131 topraklar\u0131 m\u0131?<\/p>\n","protected":false},"excerpt":{"rendered":"<p>1878\u2019de Avusturya idaresine b\u0131rak\u0131lmak, Bo\u015fnaklar\u0131n zihin d\u00fcnyas\u0131n\u0131 alt \u00fcst etmi\u015fti. Osmanl\u0131lar Balkanlardan \u00e7ekilmekteydi ve bir M\u00fcsl\u00fcman topluluk olarak Avrupa\u2019n\u0131n orta yerinde savunmas\u0131z kald\u0131klar\u0131n\u0131 d\u00fc\u015f\u00fcnmekteydiler. Osmanl\u0131lar\u0131n yeniden<span class=\"excerpt-hellip\"> [\u2026]<\/span><\/p>\n","protected":false},"featured_media":0,"template":"","meta":{"_monsterinsights_skip_tracking":false,"_monsterinsights_sitenote_active":false,"_monsterinsights_sitenote_note":"","_monsterinsights_sitenote_category":0},"product_brand":[],"product_cat":[12370,12304],"product_tag":[],"class_list":{"0":"post-698224","1":"product","2":"type-product","3":"status-publish","5":"product_cat-arastirma-inceleme","6":"product_cat-tarih","7":"pa_cilt-ciltsiz","8":"pa_tur-kitap","9":"pa_yayinevi-yeditepe-yayinevi","10":"pa_yazar-tufan-gunduz","12":"first","13":"instock","14":"sale","15":"shipping-taxable","16":"purchasable","17":"product-type-simple"},"_links":{"self":[{"href":"https:\/\/roveyayinevi.com.tr\/index.php\/wp-json\/wp\/v2\/product\/698224","targetHints":{"allow":["GET"]}}],"collection":[{"href":"https:\/\/roveyayinevi.com.tr\/index.php\/wp-json\/wp\/v2\/product"}],"about":[{"href":"https:\/\/roveyayinevi.com.tr\/index.php\/wp-json\/wp\/v2\/types\/product"}],"wp:attachment":[{"href":"https:\/\/roveyayinevi.com.tr\/index.php\/wp-json\/wp\/v2\/media?parent=698224"}],"wp:term":[{"taxonomy":"product_brand","embeddable":true,"href":"https:\/\/roveyayinevi.com.tr\/index.php\/wp-json\/wp\/v2\/product_brand?post=698224"},{"taxonomy":"product_cat","embeddable":true,"href":"https:\/\/roveyayinevi.com.tr\/index.php\/wp-json\/wp\/v2\/product_cat?post=698224"},{"taxonomy":"product_tag","embeddable":true,"href":"https:\/\/roveyayinevi.com.tr\/index.php\/wp-json\/wp\/v2\/product_tag?post=698224"}],"curies":[{"name":"wp","href":"https:\/\/api.w.org\/{rel}","templated":true}]}}