{"id":698223,"date":"2025-08-27T14:44:07","date_gmt":"2025-08-27T11:44:07","guid":{"rendered":"https:\/\/roveyayinevi.com.tr\/index.php\/urun\/doguda-venedik-elcileri\/"},"modified":"2026-04-16T02:07:49","modified_gmt":"2026-04-15T23:07:49","slug":"doguda-venedik-elcileri","status":"publish","type":"product","link":"https:\/\/roveyayinevi.com.tr\/index.php\/urun\/doguda-venedik-elcileri\/","title":{"rendered":"Do\u011fu\u2019da Venedik El\u00e7ileri"},"content":{"rendered":"<p>Fatih Sultan Mehmet zaman\u0131nda, Osmanl\u0131lar\u0131n Ege Adalar\u0131, Karadeniz ve Balkanlarda ilerleyi\u015fleri Venediklileri tela\u015fa d\u00fc\u015f\u00fcrm\u00fc\u015ft\u00fc.B\u00fcy\u00fck T\u00fcrk diye vas\u0131fland\u0131rd\u0131klar\u0131 Fatih Sultan Mehmet&#8217;e kar\u015f\u0131 Do\u011fu&#8217;da m\u00fcttefik aramaya ba\u015flad\u0131lar. Bu s\u0131ralarda Osmanl\u0131larla aras\u0131 a\u00e7\u0131lm\u0131\u015f olan Akkoyunlular onlar i\u00e7in de\u011ferli bir m\u00fcttefik olabilirdi. 1471 y\u0131l\u0131nda Trabzon Rum imparatoru&#8217;nun ye\u011feni olan Caterino Zeno, Venedik Cumhuriyeti ad\u0131na ilk el\u00e7i olarak Uzun Hasan Bey&#8217;in saray\u0131na ula\u015ft\u0131. 1474 y\u0131l\u0131nda ise Ambrogio Contarini ve Josaphat Barbaro e\u015f zamanl\u0131 olarak Akkoyunlu \u00fclkesine g\u00f6nderildiler Bunlar Osmanl\u0131 Sultan&#8217;\u0131na nispetle K\u00fc\u00e7\u00fck T\u00fcrk diye isimlendirdikleri Uzun Hasan Bey&#8217;i Osmanl\u0131lara kar\u015f\u0131 sava\u015fa ikna etmek i\u00e7in \u00e7aba sarf ettiler Hatta Caterino Zeno Otlukbeli sava\u015f\u0131nda bizzat bulundu. El\u00e7ilerin Osmanl\u0131-Akkoyunlu sava\u015f\u0131n\u0131n yan\u0131 s\u0131ra bizzat tan\u0131k olduklar\u0131 di\u011fer olaylar, Do\u011fu&#8217;nun tehlikeli yollar\u0131, gizemli \u015fehirleri ve ilgin\u00e7 adetlerine dair g\u00f6zlemleri, XV. y\u00fczy\u0131lda T\u00fcrk co\u011frafyas\u0131hakk\u0131nda son derece de\u011ferli bilgilere ula\u015fmam\u0131za katk\u0131da bulunuyor. <\/p>\n","protected":false},"excerpt":{"rendered":"<p>Fatih Sultan Mehmet zaman\u0131nda, Osmanl\u0131lar\u0131n Ege Adalar\u0131, Karadeniz ve Balkanlarda ilerleyi\u015fleri Venediklileri tela\u015fa d\u00fc\u015f\u00fcrm\u00fc\u015ft\u00fc.B\u00fcy\u00fck T\u00fcrk diye vas\u0131fland\u0131rd\u0131klar\u0131 Fatih Sultan Mehmet&#8217;e kar\u015f\u0131 Do\u011fu&#8217;da m\u00fcttefik aramaya ba\u015flad\u0131lar. Bu<span class=\"excerpt-hellip\"> [\u2026]<\/span><\/p>\n","protected":false},"featured_media":0,"template":"","meta":{"_monsterinsights_skip_tracking":false,"_monsterinsights_sitenote_active":false,"_monsterinsights_sitenote_note":"","_monsterinsights_sitenote_category":0},"product_brand":[],"product_cat":[12312,12304],"product_tag":[],"class_list":{"0":"post-698223","1":"product","2":"type-product","3":"status-publish","5":"product_cat-diger","6":"product_cat-tarih","7":"pa_cilt-ciltsiz","8":"pa_tur-kitap","9":"pa_yayinevi-yeditepe-yayinevi","10":"pa_yazar-kolektif","12":"first","13":"instock","14":"sale","15":"shipping-taxable","16":"purchasable","17":"product-type-simple"},"_links":{"self":[{"href":"https:\/\/roveyayinevi.com.tr\/index.php\/wp-json\/wp\/v2\/product\/698223","targetHints":{"allow":["GET"]}}],"collection":[{"href":"https:\/\/roveyayinevi.com.tr\/index.php\/wp-json\/wp\/v2\/product"}],"about":[{"href":"https:\/\/roveyayinevi.com.tr\/index.php\/wp-json\/wp\/v2\/types\/product"}],"wp:attachment":[{"href":"https:\/\/roveyayinevi.com.tr\/index.php\/wp-json\/wp\/v2\/media?parent=698223"}],"wp:term":[{"taxonomy":"product_brand","embeddable":true,"href":"https:\/\/roveyayinevi.com.tr\/index.php\/wp-json\/wp\/v2\/product_brand?post=698223"},{"taxonomy":"product_cat","embeddable":true,"href":"https:\/\/roveyayinevi.com.tr\/index.php\/wp-json\/wp\/v2\/product_cat?post=698223"},{"taxonomy":"product_tag","embeddable":true,"href":"https:\/\/roveyayinevi.com.tr\/index.php\/wp-json\/wp\/v2\/product_tag?post=698223"}],"curies":[{"name":"wp","href":"https:\/\/api.w.org\/{rel}","templated":true}]}}

Doğu’da Venedik Elçileri

<p>Fatih Sultan Mehmet zamanında, Osmanlıların Ege Adaları, Karadeniz ve Balkanlarda ilerleyişleri Venediklileri telaşa düşürmüştü.Büyük Türk diye vasıflandırdıkları Fatih Sultan Mehmet&#8217;e karşı Doğu&#8217;da müttefik aramaya başladılar. Bu sıralarda Osmanlılarla arası açılmış olan Akkoyunlular onlar için değerli bir müttefik olabilirdi. 1471 yılında Trabzon Rum imparatoru&#8217;nun yeğeni olan Caterino Zeno, Venedik Cumhuriyeti adına ilk elçi olarak Uzun Hasan Bey&#8217;in sarayına ulaştı. 1474 yılında ise Ambrogio Contarini ve Josaphat Barbaro eş zamanlı olarak Akkoyunlu ülkesine gönderildiler Bunlar Osmanlı Sultan&#8217;ına nispetle Küçük Türk diye isimlendirdikleri Uzun Hasan Bey&#8217;i Osmanlılara karşı savaşa ikna etmek için çaba sarf ettiler Hatta Caterino Zeno Otlukbeli savaşında bizzat bulundu. Elçilerin Osmanlı-Akkoyunlu savaşının yanı sıra bizzat tanık oldukları diğer olaylar, Doğu&#8217;nun tehlikeli yolları, gizemli şehirleri ve ilginç adetlerine dair gözlemleri, XV. yüzyılda Türk coğrafyasıhakkında son derece değerli bilgilere ulaşmamıza katkıda bulunuyor. </p>

<p>Fatih Sultan Mehmet zamanında, Osmanlıların Ege Adaları, Karadeniz ve Balkanlarda ilerleyişleri Venediklileri telaşa düşürmüştü.Büyük Türk diye vasıflandırdıkları Fatih Sultan Mehmet&#8217;e karşı Doğu&#8217;da müttefik aramaya başladılar. Bu<span class="excerpt-hellip"> […]</span></p>
