{"id":698190,"date":"2025-08-27T14:43:58","date_gmt":"2025-08-27T11:43:58","guid":{"rendered":"https:\/\/roveyayinevi.com.tr\/index.php\/urun\/seyh-sait-ayaklanmasinda-ingiliz-parmagi\/"},"modified":"2026-04-16T02:07:49","modified_gmt":"2026-04-15T23:07:49","slug":"seyh-sait-ayaklanmasinda-ingiliz-parmagi","status":"publish","type":"product","link":"https:\/\/roveyayinevi.com.tr\/index.php\/urun\/seyh-sait-ayaklanmasinda-ingiliz-parmagi\/","title":{"rendered":"\u015eeyh Sait Ayaklanmas\u0131nda \u0130ngiliz Parma\u011f\u0131"},"content":{"rendered":"<p>\u0130ngilizlerin, \u015eeyh Sait Ayaklanmas\u0131\u2019n\u0131n \u00e7\u0131kar\u0131lmas\u0131nda rol\u00fc oldu\u011fuo g\u00fcnden bug\u00fcne kadar hep d\u00fc\u015f\u00fcn\u00fclm\u00fc\u015f ancakbunu ispat edecek bir belgeye hen\u00fcz rastlan\u0131lamam\u0131\u015ft\u0131r.Yazar, ayaklanmay\u0131, ya\u015fam\u0131m\u0131z\u0131n bir par\u00e7as\u0131 haline gelen\u201cK\u00fcrt Sorunu\u201d \u00e7er\u00e7evesinde ele alarakd\u00f6nemin ba\u015fat emperyal g\u00fcc\u00fc \u0130ngiltere\u2019nin bu sorunub\u00f6lgesel g\u00fc\u00e7lere kar\u015f\u0131 gelecekte kullan\u0131lacak bir silah olaraknas\u0131l geli\u015ftirdi\u011fini anlatmaktad\u0131r.\u015eeyh Sait ayaklanmas\u0131n\u0131 \u0130ngilizlerin \u00e7\u0131kard\u0131\u011f\u0131na dairbir belge yoktur, ama Kaymaz,\u00fclkemiz ve \u0130ngiliz ar\u015fivlerinde ula\u015ft\u0131\u011f\u0131 bilgiler sayesindeayaklanmada \u0130ngilizlerin oynad\u0131\u011f\u0131 etkin rol\u00fcg\u00f6zler \u00f6n\u00fcne sermektedir. <\/p>\n","protected":false},"excerpt":{"rendered":"<p>\u0130ngilizlerin, \u015eeyh Sait Ayaklanmas\u0131\u2019n\u0131n \u00e7\u0131kar\u0131lmas\u0131nda rol\u00fc oldu\u011fuo g\u00fcnden bug\u00fcne kadar hep d\u00fc\u015f\u00fcn\u00fclm\u00fc\u015f ancakbunu ispat edecek bir belgeye hen\u00fcz rastlan\u0131lamam\u0131\u015ft\u0131r.Yazar, ayaklanmay\u0131, ya\u015fam\u0131m\u0131z\u0131n bir par\u00e7as\u0131 haline gelen\u201cK\u00fcrt Sorunu\u201d<span class=\"excerpt-hellip\"> [\u2026]<\/span><\/p>\n","protected":false},"featured_media":0,"template":"","meta":{"_monsterinsights_skip_tracking":false,"_monsterinsights_sitenote_active":false,"_monsterinsights_sitenote_note":"","_monsterinsights_sitenote_category":0},"product_brand":[],"product_cat":[12364],"product_tag":[],"class_list":{"0":"post-698190","1":"product","2":"type-product","3":"status-publish","5":"product_cat-genel-konular","6":"pa_tur-kitap","7":"pa_yayinevi-kaynak-yayinlari","8":"pa_yazar-ihsan-serif-kaymaz","10":"first","11":"instock","12":"sale","13":"shipping-taxable","14":"purchasable","15":"product-type-simple"},"_links":{"self":[{"href":"https:\/\/roveyayinevi.com.tr\/index.php\/wp-json\/wp\/v2\/product\/698190","targetHints":{"allow":["GET"]}}],"collection":[{"href":"https:\/\/roveyayinevi.com.tr\/index.php\/wp-json\/wp\/v2\/product"}],"about":[{"href":"https:\/\/roveyayinevi.com.tr\/index.php\/wp-json\/wp\/v2\/types\/product"}],"wp:attachment":[{"href":"https:\/\/roveyayinevi.com.tr\/index.php\/wp-json\/wp\/v2\/media?parent=698190"}],"wp:term":[{"taxonomy":"product_brand","embeddable":true,"href":"https:\/\/roveyayinevi.com.tr\/index.php\/wp-json\/wp\/v2\/product_brand?post=698190"},{"taxonomy":"product_cat","embeddable":true,"href":"https:\/\/roveyayinevi.com.tr\/index.php\/wp-json\/wp\/v2\/product_cat?post=698190"},{"taxonomy":"product_tag","embeddable":true,"href":"https:\/\/roveyayinevi.com.tr\/index.php\/wp-json\/wp\/v2\/product_tag?post=698190"}],"curies":[{"name":"wp","href":"https:\/\/api.w.org\/{rel}","templated":true}]}}