{"id":698182,"date":"2025-08-27T14:43:56","date_gmt":"2025-08-27T11:43:56","guid":{"rendered":"https:\/\/roveyayinevi.com.tr\/index.php\/urun\/modern-sanat-ve-yeni-tipografi\/"},"modified":"2026-04-16T02:07:48","modified_gmt":"2026-04-15T23:07:48","slug":"modern-sanat-ve-yeni-tipografi","status":"publish","type":"product","link":"https:\/\/roveyayinevi.com.tr\/index.php\/urun\/modern-sanat-ve-yeni-tipografi\/","title":{"rendered":"Modern Sanat ve Yeni Tipografi"},"content":{"rendered":"<p>K\u00fcbizmin ate\u015fledi\u011fi ve modern sanat ve tasar\u0131m ak\u0131mlar\u0131n\u0131n geli\u015ftirdi\u011fi geometrik soyutlama anlay\u0131\u015f\u0131 i\u00e7inde en radikal de\u011fi\u015fimlerden birisi de grafik tasar\u0131m ve tipografi alan\u0131nda ya\u015fand\u0131. \u0130talya, Rusya, Almanya ve Hollanda&#8217;da ortaya \u00e7\u0131kan, sanatsal ve politik g\u00f6r\u00fc\u015fleri birbirleriyle \u00e7eli\u015fen, hatta kar\u015f\u0131t yap\u0131da olan F\u00fct\u00fcrizm, Dadac\u0131l\u0131k, De Stijl, Bauhaus, S\u00fcprematizm ve konstr\u00fcktivizm gibi ak\u0131m ve okullar ile ba\u011f\u0131ms\u0131z sanat\u00e7\u0131 ve tasar\u0131mc\u0131lar, gerek kuram, gerekse uygulama alan\u0131nda hayata ge\u00e7irdikleri \u00e7al\u0131\u015fmalarla tipografik tasar\u0131m\u0131n hem yarat\u0131c\u0131 ve deneysel y\u00f6nde, hem de anlam ve ileti\u015fime dayal\u0131 olarak bi\u00e7imlenmesine en \u00f6nemli katk\u0131y\u0131 yapm\u0131\u015ft\u0131r. Yeni Tipografi d\u00fc\u015f\u00fcncesi bu farkl\u0131 yakla\u015f\u0131mlar\u0131n bir araya getirdi\u011fi zengin deneyimler i\u00e7inde ortaya \u00e7\u0131kt\u0131. Tipografi alan\u0131nda ge\u00e7erliliklerini g\u00fcn\u00fcm\u00fczde de s\u00fcrd\u00fcren ilke ve uygulamalar\u0131 kavrayabilmek ve tipografiyi yarat\u0131c\u0131 ve ileti\u015fime y\u00f6nelik bir alan olarak kullanabilmek i\u00e7in, modernist \u00f6nc\u00fclerin 20. y\u00fczy\u0131l ba\u015flar\u0131ndaki edebi ve sanatsal deneylerinin arkas\u0131nda yatan felsefi d\u00fc\u015f\u00fcnceleri iyi \u00f6\u011frenmek gerekir. Modern tipografinin \u00f6nemli yap\u0131tlar\u0131n\u0131n renkli ve siyahbeyaz \u00f6rnekleriyle desteklenen bu \u00e7al\u0131\u015fmada, yay\u0131nlad\u0131klar\u0131 kitap, dergi, manifesto ve makalelerle Yeni Tipografi d\u00fc\u015f\u00fcncesini kuramla\u015ft\u0131r\u0131p g\u00f6rselle\u015ftiren \u00f6nc\u00fc sanat\u00e7\u0131lar kendi s\u00f6z ve yaz\u0131lar\u0131yla ele al\u0131n\u0131p incelenmektedir.. <\/p>\n","protected":false},"excerpt":{"rendered":"<p>K\u00fcbizmin ate\u015fledi\u011fi ve modern sanat ve tasar\u0131m ak\u0131mlar\u0131n\u0131n geli\u015ftirdi\u011fi geometrik soyutlama anlay\u0131\u015f\u0131 i\u00e7inde en radikal de\u011fi\u015fimlerden birisi de grafik tasar\u0131m ve tipografi alan\u0131nda ya\u015fand\u0131. \u0130talya, Rusya,<span class=\"excerpt-hellip\"> [\u2026]<\/span><\/p>\n","protected":false},"featured_media":0,"template":"","meta":{"_monsterinsights_skip_tracking":false,"_monsterinsights_sitenote_active":false,"_monsterinsights_sitenote_note":"","_monsterinsights_sitenote_category":0},"product_brand":[],"product_cat":[19373,12408],"product_tag":[],"class_list":{"0":"post-698182","1":"product","2":"type-product","3":"status-publish","5":"product_cat-grafik-sanatlar","6":"product_cat-sanat","7":"pa_cilt-ciltsiz","8":"pa_tur-kitap","9":"pa_yayinevi-dost-kitabevi-yayinlari","10":"pa_yazar-emre-becer","12":"first","13":"instock","14":"sale","15":"shipping-taxable","16":"purchasable","17":"product-type-simple"},"_links":{"self":[{"href":"https:\/\/roveyayinevi.com.tr\/index.php\/wp-json\/wp\/v2\/product\/698182","targetHints":{"allow":["GET"]}}],"collection":[{"href":"https:\/\/roveyayinevi.com.tr\/index.php\/wp-json\/wp\/v2\/product"}],"about":[{"href":"https:\/\/roveyayinevi.com.tr\/index.php\/wp-json\/wp\/v2\/types\/product"}],"wp:attachment":[{"href":"https:\/\/roveyayinevi.com.tr\/index.php\/wp-json\/wp\/v2\/media?parent=698182"}],"wp:term":[{"taxonomy":"product_brand","embeddable":true,"href":"https:\/\/roveyayinevi.com.tr\/index.php\/wp-json\/wp\/v2\/product_brand?post=698182"},{"taxonomy":"product_cat","embeddable":true,"href":"https:\/\/roveyayinevi.com.tr\/index.php\/wp-json\/wp\/v2\/product_cat?post=698182"},{"taxonomy":"product_tag","embeddable":true,"href":"https:\/\/roveyayinevi.com.tr\/index.php\/wp-json\/wp\/v2\/product_tag?post=698182"}],"curies":[{"name":"wp","href":"https:\/\/api.w.org\/{rel}","templated":true}]}}