{"id":698153,"date":"2025-08-27T14:43:48","date_gmt":"2025-08-27T11:43:48","guid":{"rendered":"https:\/\/roveyayinevi.com.tr\/index.php\/urun\/osmanli-modernlesmesi\/"},"modified":"2026-04-16T02:07:48","modified_gmt":"2026-04-15T23:07:48","slug":"osmanli-modernlesmesi","status":"publish","type":"product","link":"https:\/\/roveyayinevi.com.tr\/index.php\/urun\/osmanli-modernlesmesi\/","title":{"rendered":"Osmanl\u0131 Modernle\u015fmesi"},"content":{"rendered":"<p>Prof. Dr. Kemal H. Karpat\u2019a g\u00f6re Osmanl\u0131 sosyal yap\u0131s\u0131, devlet gelene\u011fi, sanat\u0131, hukuk sistemi, k\u00fclt\u00fcr\u00fc ve tarihi de\u011fi\u015fmeye yani modernle\u015fmeye kendi k\u00fclt\u00fcrel ve tarih\u00ee \u00e7er\u00e7evesini \u00e7izmi\u015ftir ve ona g\u00f6re de\u011fi\u015fmi\u015ftir. De\u011fi\u015fme konusunda de\u011fi\u015fmeyi tetikleyen devlet ve de\u011fi\u015fmeye maruz kalan toplum aras\u0131nda de\u011fi\u015fmenin yani modernle\u015fmenin \u00f6z\u00fc ve amac\u0131 konular\u0131nda b\u00fcy\u00fck farklar ve \u00e7eli\u015fkiler olmu\u015ftur ve h\u00e2len olu\u015fmaktad\u0131r. 19. y\u00fczy\u0131l\u0131n ikinci yar\u0131s\u0131nda b\u00fcy\u00fck bir b\u00fcrokrat grubuna dayanan merkezile\u015fme, devletin g\u00f6rd\u00fc\u011f\u00fc hizmetlerin \u00e7o\u011falmas\u0131, K\u0131r\u0131m, Kafkasya ve Balkanlar\u2019dan gelen g\u00f6\u00e7ler eskiye g\u00f6re i\u00e7eride \u00e7ok yeni bir sosyok\u00fclt\u00fcrel ve politik ortam yaratt\u0131\u011f\u0131 gibi, d\u0131\u015f g\u00fc\u00e7ler de Osmanl\u0131 sosyal geli\u015fimini yak\u0131ndan etkilemi\u015ftir. D\u0131\u015f etkenler aras\u0131nda Osmanl\u0131\u2019n\u0131n dar \u00e7er\u00e7eveli pazar ekonomisini Bat\u0131\u2019n\u0131n s\u0131nai ve ticari kapitalizminin nas\u0131l etki alt\u0131na ald\u0131\u011f\u0131n\u0131 birinci derecede g\u00f6z \u00f6n\u00fcnde tutmak gerekir. Hakikaten kapitalizm Osmanl\u0131 \u00fcretim sistemini k\u00f6k\u00fcnden etkileyerek \u00f6zel m\u00fclkiyetin geli\u015fmesini sa\u011flam\u0131\u015f, s\u00fcre\u00e7 devlet m\u00fclkiyeti, yani miri m\u00fclk\u00fcn gittik\u00e7e daralmas\u0131 ve ferdiyet\u00e7i bir toplumun ortaya \u00e7\u0131kmas\u0131yla sonu\u00e7lanm\u0131\u015ft\u0131r.Karpat bu eserinde; Osmanl\u0131 sosyal yap\u0131s\u0131n\u0131n y\u00fczy\u0131llar boyu ge\u00e7irdi\u011fi evrim ile modernle\u015fmenin ya\u015fand\u0131\u011f\u0131 18. ve 19. y\u00fczy\u0131llarda olu\u015fan sosyal yap\u0131 de\u011fi\u015fikliklerinin nitelik bak\u0131m\u0131ndan birbirinden nas\u0131l ayr\u0131ld\u0131\u011f\u0131n\u0131 t\u00fcm detaylar\u0131yla anlatmaktad\u0131r. Osmanl\u0131 Devleti\u2019nde sosyal yap\u0131 de\u011fi\u015fikliklerini tarih\u00ee bir \u00e7er\u00e7eve i\u00e7inde ele alan bu \u00e7al\u0131\u015fma; 19. y\u00fczy\u0131ldaki \u0131slahat giri\u015fimlerinin, devlet yap\u0131s\u0131ndaki de\u011fi\u015fikliklerin ve n\u00fcfus hareketlerinin birbirini nas\u0131l etkileyerek yeni bir toplumsal yap\u0131y\u0131 olu\u015fturduklar\u0131n\u0131 t\u00fcm detaylar\u0131yla incelemektedir. <\/p>\n","protected":false},"excerpt":{"rendered":"<p>Prof. Dr. Kemal H. Karpat\u2019a g\u00f6re Osmanl\u0131 sosyal yap\u0131s\u0131, devlet gelene\u011fi, sanat\u0131, hukuk sistemi, k\u00fclt\u00fcr\u00fc ve tarihi de\u011fi\u015fmeye yani modernle\u015fmeye kendi k\u00fclt\u00fcrel ve tarih\u00ee \u00e7er\u00e7evesini \u00e7izmi\u015ftir<span class=\"excerpt-hellip\"> [\u2026]<\/span><\/p>\n","protected":false},"featured_media":0,"template":"","meta":{"_monsterinsights_skip_tracking":false,"_monsterinsights_sitenote_active":false,"_monsterinsights_sitenote_note":"","_monsterinsights_sitenote_category":0},"product_brand":[],"product_cat":[13517,12304],"product_tag":[],"class_list":{"0":"post-698153","1":"product","2":"type-product","3":"status-publish","5":"product_cat-osmanli-tarihi","6":"product_cat-tarih","7":"pa_cilt-ciltsiz","8":"pa_tur-kitap","9":"pa_yayinevi-timas-yayinlari","10":"pa_yazar-kemal-h-karpat","12":"first","13":"instock","14":"sale","15":"shipping-taxable","16":"purchasable","17":"product-type-simple"},"_links":{"self":[{"href":"https:\/\/roveyayinevi.com.tr\/index.php\/wp-json\/wp\/v2\/product\/698153","targetHints":{"allow":["GET"]}}],"collection":[{"href":"https:\/\/roveyayinevi.com.tr\/index.php\/wp-json\/wp\/v2\/product"}],"about":[{"href":"https:\/\/roveyayinevi.com.tr\/index.php\/wp-json\/wp\/v2\/types\/product"}],"wp:attachment":[{"href":"https:\/\/roveyayinevi.com.tr\/index.php\/wp-json\/wp\/v2\/media?parent=698153"}],"wp:term":[{"taxonomy":"product_brand","embeddable":true,"href":"https:\/\/roveyayinevi.com.tr\/index.php\/wp-json\/wp\/v2\/product_brand?post=698153"},{"taxonomy":"product_cat","embeddable":true,"href":"https:\/\/roveyayinevi.com.tr\/index.php\/wp-json\/wp\/v2\/product_cat?post=698153"},{"taxonomy":"product_tag","embeddable":true,"href":"https:\/\/roveyayinevi.com.tr\/index.php\/wp-json\/wp\/v2\/product_tag?post=698153"}],"curies":[{"name":"wp","href":"https:\/\/api.w.org\/{rel}","templated":true}]}}