{"id":698150,"date":"2025-08-27T14:43:47","date_gmt":"2025-08-27T11:43:47","guid":{"rendered":"https:\/\/roveyayinevi.com.tr\/index.php\/urun\/siir-dili-ve-turk-siir-dili\/"},"modified":"2026-04-16T02:07:48","modified_gmt":"2026-04-15T23:07:48","slug":"siir-dili-ve-turk-siir-dili","status":"publish","type":"product","link":"https:\/\/roveyayinevi.com.tr\/index.php\/urun\/siir-dili-ve-turk-siir-dili\/","title":{"rendered":"\u015eiir Dili ve T\u00fcrk \u015eiir Dili"},"content":{"rendered":"<p>Prof. Dr. Do\u011fan Aksan\u2019\u0131n, \u015eiir Dili ve T\u00fcrk \u015eiir Dili (Dilbilim A\u00e7\u0131s\u0131ndan Bak\u0131\u015f) ad\u0131n\u0131 ta\u015f\u0131yan bu yap\u0131t\u0131, ad\u0131na \u015fiir denen insan yarat\u0131s\u0131n\u0131n \u00e7\u00f6z\u00fclemeyen, kestirilemeyen kimi y\u00f6nlerinin dilbilimle ayd\u0131nlat\u0131labilece\u011fini ortaya koyuyor. Bunu yaparken de T\u00fcrk \u015fiirinin \u00f6rneklerinden yararlan\u0131yor. Dilbilimcilere, T\u00fcrk dili ve edebiyat\u0131 \u00f6\u011fretmen ve \u00f6\u011frencileriyle ara\u015ft\u0131r\u0131c\u0131lar\u0131na, \u00f6zellikle \u015fiirseverlere \u0131\u015f\u0131k tutan bir yap\u0131t. \ufffcTan\u0131t\u0131m Metni<\/p>\n","protected":false},"excerpt":{"rendered":"<p>Prof. Dr. Do\u011fan Aksan\u2019\u0131n, \u015eiir Dili ve T\u00fcrk \u015eiir Dili (Dilbilim A\u00e7\u0131s\u0131ndan Bak\u0131\u015f) ad\u0131n\u0131 ta\u015f\u0131yan bu yap\u0131t\u0131, ad\u0131na \u015fiir denen insan yarat\u0131s\u0131n\u0131n \u00e7\u00f6z\u00fclemeyen, kestirilemeyen kimi y\u00f6nlerinin<span class=\"excerpt-hellip\"> [\u2026]<\/span><\/p>\n","protected":false},"featured_media":0,"template":"","meta":{"_monsterinsights_skip_tracking":false,"_monsterinsights_sitenote_active":false,"_monsterinsights_sitenote_note":"","_monsterinsights_sitenote_category":0},"product_brand":[],"product_cat":[12291,12509],"product_tag":[],"class_list":{"0":"post-698150","1":"product","2":"type-product","3":"status-publish","5":"product_cat-edebiyat","6":"product_cat-siir","7":"pa_cilt-ciltsiz","8":"pa_tur-kitap","9":"pa_yayinevi-bilgi-yayinevi","10":"pa_yazar-dogan-aksan","12":"first","13":"instock","14":"sale","15":"shipping-taxable","16":"purchasable","17":"product-type-simple"},"_links":{"self":[{"href":"https:\/\/roveyayinevi.com.tr\/index.php\/wp-json\/wp\/v2\/product\/698150","targetHints":{"allow":["GET"]}}],"collection":[{"href":"https:\/\/roveyayinevi.com.tr\/index.php\/wp-json\/wp\/v2\/product"}],"about":[{"href":"https:\/\/roveyayinevi.com.tr\/index.php\/wp-json\/wp\/v2\/types\/product"}],"wp:attachment":[{"href":"https:\/\/roveyayinevi.com.tr\/index.php\/wp-json\/wp\/v2\/media?parent=698150"}],"wp:term":[{"taxonomy":"product_brand","embeddable":true,"href":"https:\/\/roveyayinevi.com.tr\/index.php\/wp-json\/wp\/v2\/product_brand?post=698150"},{"taxonomy":"product_cat","embeddable":true,"href":"https:\/\/roveyayinevi.com.tr\/index.php\/wp-json\/wp\/v2\/product_cat?post=698150"},{"taxonomy":"product_tag","embeddable":true,"href":"https:\/\/roveyayinevi.com.tr\/index.php\/wp-json\/wp\/v2\/product_tag?post=698150"}],"curies":[{"name":"wp","href":"https:\/\/api.w.org\/{rel}","templated":true}]}}