{"id":698143,"date":"2025-08-27T14:43:45","date_gmt":"2025-08-27T11:43:45","guid":{"rendered":"https:\/\/roveyayinevi.com.tr\/index.php\/urun\/dus-kirginlari\/"},"modified":"2026-04-16T02:07:48","modified_gmt":"2026-04-15T23:07:48","slug":"dus-kirginlari","status":"publish","type":"product","link":"https:\/\/roveyayinevi.com.tr\/index.php\/urun\/dus-kirginlari\/","title":{"rendered":"D\u00fc\u015f K\u0131rg\u0131nlar\u0131"},"content":{"rendered":"<p>Bug\u00fcn \u00f6lecek miyim? \u00d6leceksem haz\u0131r\u0131m; c\u00fcmlem dudaklar\u0131mda. S\u0131ra son s\u00f6ze geldi\u011finde insan\u0131n mutlaka s\u00f6yleyecek bir \u015feyi olmal\u0131. Benim s\u00f6zlerim, \u201c\u0130\u00e7tim, hem de \u00e7ok i\u00e7tim,\u201d olacak. Hayat\u0131m\u0131 bo\u015funa harcamad\u0131\u011f\u0131m\u0131 bundan iyi ne kan\u0131tlar?1998 ve 2003, Karaburun&#8230; \u0130ki ayr\u0131 yaz, iki kad\u0131n, uzun ve yaralayan hat\u0131ralar. \u201cSu\u00e7suz bellek yoktur\u201d. Tabur defterine kim kaydedildi? Birazdan sarho\u015f olacak Kuzey Erkil mi? Mutluluktan daha g\u00f6rkemli olan\u0131 arayan \u015eafak m\u0131? Sevdi\u011fine de\u011fil onu en \u00e7ok sevecek olana giden \u00c7i\u011fdem mi ? Mehmet Ero\u011flu, \u201974 aff\u0131yla \u00fclkeye d\u00f6nm\u00fc\u015f, partiden at\u0131lm\u0131\u015f bir devrimcinin hi\u00e7 beklemedi\u011fi bir anda tutuldu\u011fu a\u015fk\u0131 ve sevmeye kalk\u0131\u015fmas\u0131n\u0131 anlat\u0131yor. \u0130nsanlar ikiye ayr\u0131l\u0131yor: Ge\u00e7mi\u015finden kopabilenler ve bunu asla ba\u015faramayanlar\u2026 D\u00fc\u015f K\u0131rg\u0131nlar\u0131, de\u011fi\u015fen zaman\u0131, pi\u015fmanl\u0131\u011f\u0131 ve yaln\u0131zl\u0131\u011f\u0131 resmeden usta i\u015fi bir Ero\u011flu roman\u0131&#8230; <\/p>\n","protected":false},"excerpt":{"rendered":"<p>Bug\u00fcn \u00f6lecek miyim? \u00d6leceksem haz\u0131r\u0131m; c\u00fcmlem dudaklar\u0131mda. S\u0131ra son s\u00f6ze geldi\u011finde insan\u0131n mutlaka s\u00f6yleyecek bir \u015feyi olmal\u0131. Benim s\u00f6zlerim, \u201c\u0130\u00e7tim, hem de \u00e7ok i\u00e7tim,\u201d olacak. Hayat\u0131m\u0131<span class=\"excerpt-hellip\"> [\u2026]<\/span><\/p>\n","protected":false},"featured_media":0,"template":"","meta":{"_monsterinsights_skip_tracking":false,"_monsterinsights_sitenote_active":false,"_monsterinsights_sitenote_note":"","_monsterinsights_sitenote_category":0},"product_brand":[],"product_cat":[12291,12292],"product_tag":[],"class_list":{"0":"post-698143","1":"product","2":"type-product","3":"status-publish","5":"product_cat-edebiyat","6":"product_cat-turk-edebiyati","7":"pa_cilt-ciltsiz","8":"pa_tur-kitap","9":"pa_yayinevi-iletisim-yayinlari","10":"pa_yazar-mehmet-eroglu","12":"first","13":"instock","14":"sale","15":"shipping-taxable","16":"purchasable","17":"product-type-simple"},"_links":{"self":[{"href":"https:\/\/roveyayinevi.com.tr\/index.php\/wp-json\/wp\/v2\/product\/698143","targetHints":{"allow":["GET"]}}],"collection":[{"href":"https:\/\/roveyayinevi.com.tr\/index.php\/wp-json\/wp\/v2\/product"}],"about":[{"href":"https:\/\/roveyayinevi.com.tr\/index.php\/wp-json\/wp\/v2\/types\/product"}],"wp:attachment":[{"href":"https:\/\/roveyayinevi.com.tr\/index.php\/wp-json\/wp\/v2\/media?parent=698143"}],"wp:term":[{"taxonomy":"product_brand","embeddable":true,"href":"https:\/\/roveyayinevi.com.tr\/index.php\/wp-json\/wp\/v2\/product_brand?post=698143"},{"taxonomy":"product_cat","embeddable":true,"href":"https:\/\/roveyayinevi.com.tr\/index.php\/wp-json\/wp\/v2\/product_cat?post=698143"},{"taxonomy":"product_tag","embeddable":true,"href":"https:\/\/roveyayinevi.com.tr\/index.php\/wp-json\/wp\/v2\/product_tag?post=698143"}],"curies":[{"name":"wp","href":"https:\/\/api.w.org\/{rel}","templated":true}]}}