{"id":698128,"date":"2025-08-27T14:43:40","date_gmt":"2025-08-27T11:43:40","guid":{"rendered":"https:\/\/roveyayinevi.com.tr\/index.php\/urun\/devlet-ve-siyaset-teorisi\/"},"modified":"2026-04-16T02:07:47","modified_gmt":"2026-04-15T23:07:47","slug":"devlet-ve-siyaset-teorisi","status":"publish","type":"product","link":"https:\/\/roveyayinevi.com.tr\/index.php\/urun\/devlet-ve-siyaset-teorisi\/","title":{"rendered":"Devlet ve Siyaset Teorisi"},"content":{"rendered":"<p>Bu kitapta ele al\u0131nan devlet teorilerinin bir\u00e7o\u011fu sanayile\u015fmi\u015f ulus-devlete ya da egemen kapitalist ekonomilerle karma\u015f\u0131k bir ili\u015fki i\u00e7erisinde olan ba\u011f\u0131ml\u0131 ulus-devlete de\u011fgindir. Bug\u00fcn\u00fcn k\u00fcreselle\u015fmi\u015f enformasyon ekonomisinde bu teoriler h\u00e2l\u00e2 ge\u00e7erlidir, ancak bunlar\u0131n h\u0131zla de\u011fi\u015fen bir ba\u011flama uyarlanmalar\u0131 gerekmektedir. Sonu\u00e7ta devlet teorileri, ulus-devletlerin \u00e7okluktan ziyade az\u0131n \u00e7\u0131karlar\u0131n\u0131 temsil etmeleri ger\u00e7e\u011fi kar\u015f\u0131s\u0131nda kendi iktidarlar\u0131n\u0131 nas\u0131l yeniden \u00fcretmeye \u00e7al\u0131\u015ft\u0131klar\u0131 konusuna -onlar\u0131n me\u015fruiyet aray\u0131\u015flar\u0131na- odaklan\u0131rlar. K\u00fcreselle\u015fmi\u015f bir ba\u011flamda bu s\u00fcre\u00e7 daha da karma\u015f\u0131kla\u015f\u0131r. \u00c7\u00fcnk\u00fc ulus-devlet, \u00e7oklu\u011fu me\u015fruiyetine ikna etmek i\u00e7in kullanabilece\u011fi imkanlar a\u00e7\u0131s\u0131ndan giderek daha fazla k\u0131s\u0131tlansa da enformasyon teknolojisi ve ileti\u015fim, bilgiyi \u00e7oklu\u011fun eri\u015fimine a\u00e7m\u0131\u015ft\u0131r.Dolay\u0131s\u0131yla di\u011fer b\u00fct\u00fcn sosyal teoriler gibi devlet ve siyaset teorisinin de de\u011fi\u015fim s\u00fcrecinin parametreleri \u0131\u015f\u0131\u011f\u0131nda yeniden de\u011ferlendirilmesinde fayda vard\u0131r. Kitab\u0131n yan\u0131t arad\u0131\u011f\u0131 sorular (Bir ara\u015ft\u0131rma nesnesi olarak devlet&#8217;e nas\u0131l yakla\u015f\u0131lmal\u0131? Devlet&#8217;in neli\u011fine ve nas\u0131l i\u015fledi\u011fine ili\u015fkin ne gibi tart\u0131\u015fmalar var? Toplum ile Devlet&#8217;in rol\u00fcne y\u00f6nelik de\u011fi\u015fik bak\u0131\u015f a\u00e7\u0131lar\u0131, toplumsal de\u011fi\u015fimle ili\u015fkili siyasetin hem ara\u00e7 hem de ama\u00e7 temelinde farkl\u0131la\u015fmas\u0131na nas\u0131l yol a\u00e7maktad\u0131r? vb.), i\u00e7inde ya\u015fad\u0131\u011f\u0131m\u0131z tarihsel ger\u00e7ekliklerle s\u0131k\u0131 s\u0131k\u0131ya ba\u011flant\u0131l\u0131 olmay\u0131 s\u00fcrd\u00fcrmektedir. Bu eseri zamana dayan\u0131kl\u0131 ve de\u011ferli k\u0131lan da budur. \ufffcTan\u0131t\u0131m Metni<\/p>\n","protected":false},"excerpt":{"rendered":"<p>Bu kitapta ele al\u0131nan devlet teorilerinin bir\u00e7o\u011fu sanayile\u015fmi\u015f ulus-devlete ya da egemen kapitalist ekonomilerle karma\u015f\u0131k bir ili\u015fki i\u00e7erisinde olan ba\u011f\u0131ml\u0131 ulus-devlete de\u011fgindir. Bug\u00fcn\u00fcn k\u00fcreselle\u015fmi\u015f enformasyon ekonomisinde<span class=\"excerpt-hellip\"> [\u2026]<\/span><\/p>\n","protected":false},"featured_media":0,"template":"","meta":{"_monsterinsights_skip_tracking":false,"_monsterinsights_sitenote_active":false,"_monsterinsights_sitenote_note":"","_monsterinsights_sitenote_category":0},"product_brand":[],"product_cat":[16098,12337],"product_tag":[],"class_list":{"0":"post-698128","1":"product","2":"type-product","3":"status-publish","5":"product_cat-politik-akimlar-hareketler","6":"product_cat-politika-siyaset","7":"pa_cilt-ciltsiz","8":"pa_tur-kitap","9":"pa_yayinevi-dipnot-yayinlari","10":"pa_yazar-martin-carnoy","12":"first","13":"instock","14":"sale","15":"shipping-taxable","16":"purchasable","17":"product-type-simple"},"_links":{"self":[{"href":"https:\/\/roveyayinevi.com.tr\/index.php\/wp-json\/wp\/v2\/product\/698128","targetHints":{"allow":["GET"]}}],"collection":[{"href":"https:\/\/roveyayinevi.com.tr\/index.php\/wp-json\/wp\/v2\/product"}],"about":[{"href":"https:\/\/roveyayinevi.com.tr\/index.php\/wp-json\/wp\/v2\/types\/product"}],"wp:attachment":[{"href":"https:\/\/roveyayinevi.com.tr\/index.php\/wp-json\/wp\/v2\/media?parent=698128"}],"wp:term":[{"taxonomy":"product_brand","embeddable":true,"href":"https:\/\/roveyayinevi.com.tr\/index.php\/wp-json\/wp\/v2\/product_brand?post=698128"},{"taxonomy":"product_cat","embeddable":true,"href":"https:\/\/roveyayinevi.com.tr\/index.php\/wp-json\/wp\/v2\/product_cat?post=698128"},{"taxonomy":"product_tag","embeddable":true,"href":"https:\/\/roveyayinevi.com.tr\/index.php\/wp-json\/wp\/v2\/product_tag?post=698128"}],"curies":[{"name":"wp","href":"https:\/\/api.w.org\/{rel}","templated":true}]}}