{"id":698124,"date":"2025-08-27T14:43:39","date_gmt":"2025-08-27T11:43:39","guid":{"rendered":"https:\/\/roveyayinevi.com.tr\/index.php\/urun\/gun-batimi-avcilari\/"},"modified":"2026-04-16T02:07:47","modified_gmt":"2026-04-15T23:07:47","slug":"gun-batimi-avcilari","status":"publish","type":"product","link":"https:\/\/roveyayinevi.com.tr\/index.php\/urun\/gun-batimi-avcilari\/","title":{"rendered":"G\u00fcn Bat\u0131m\u0131 Avc\u0131lar\u0131"},"content":{"rendered":"<p>Vampirler diyar\u0131ndaki nefes kesici macera t\u00fcm h\u0131z\u0131yla devam ediyor! Korku ve vampir edebiyat\u0131n\u0131n \u00e7a\u011fda\u015f ustas\u0131 Darren Shan\u2019\u0131n, \u2018Saga\u2019 olarak adland\u0131rd\u0131\u011f\u0131 on iki kitapl\u0131k vampir serisinin sab\u0131rs\u0131zl\u0131kla beklenen yedinci kitab\u0131 raflardaki yerini al\u0131yor!.. T\u00fcm d\u00fcnyada milyonlarca hayran\u0131 bulunan, onlarca farkl\u0131 dile \u00e7evrilen ve ge\u00e7ti\u011fimiz y\u0131l beyazperdeye uyarlanarak t\u00fcm dikkatleri \u00fczerine \u00e7eken  Ucubeler Sirki  adl\u0131 kitap serisi, nefes kesen yepyeni bir macerayla kald\u0131\u011f\u0131 yerden devam ediyor. Darren Shan s\u0131radan bir \u00f6\u011frenciydi. Taa ki yak\u0131n arkada\u015f\u0131 Steve\u2019le birlikte Ucubeler Sirki\u2019ne gitmek i\u00e7in bilet alana kadar. Sirkte bir vampirle kar\u015f\u0131la\u015ft\u0131klar\u0131nda hayatlar\u0131 sonsuza dek de\u011fi\u015fti. Ve Darren, gecenin \u00e7ocu\u011fu olarak yeniden do\u011fdu&#8230; Serinin ilk alt\u0131 kitab\u0131, Vampir Prensi\u2019ne d\u00f6n\u00fc\u015fene dek Darren\u2019in hayat\u0131ndan kesitler sunarken, geriye kalan kitaplar ise bir prens olarak Darren\u2019\u0131n hayatla ve Vampanez Lordu\u2019yla amans\u0131z m\u00fccadelesini anlat\u0131yor. Serinin entrikas\u0131 en bol kitab\u0131 olarak g\u00f6r\u00fclen  G\u00fcn Bat\u0131m\u0131 Avc\u0131lar\u0131 , d\u00fc\u011f\u00fcmleri gelecek kitaplarda \u00e7\u00f6z\u00fclecek pek \u00e7ok ipucu ve \u00fcst\u00fc kapal\u0131 bilgi bar\u0131nd\u0131r\u0131yor.  G\u00fcn Bat\u0131m\u0131 Avc\u0131lar\u0131 , Darren Shan\u2019\u0131n efsanevi \u2018Saga\u2019 serisindeki \u00fc\u00e7 kitapl\u0131k macera ser\u00fcvenin ilk kitab\u0131. Bir aray\u0131\u015f, dostluk, ihanet ve umutsuzluk senfonisi&#8230; Efsane sonsuza dek ya\u015fayacak!.. <\/p>\n","protected":false},"excerpt":{"rendered":"<p>Vampirler diyar\u0131ndaki nefes kesici macera t\u00fcm h\u0131z\u0131yla devam ediyor! Korku ve vampir edebiyat\u0131n\u0131n \u00e7a\u011fda\u015f ustas\u0131 Darren Shan\u2019\u0131n, \u2018Saga\u2019 olarak adland\u0131rd\u0131\u011f\u0131 on iki kitapl\u0131k vampir serisinin sab\u0131rs\u0131zl\u0131kla<span class=\"excerpt-hellip\"> [\u2026]<\/span><\/p>\n","protected":false},"featured_media":0,"template":"","meta":{"_monsterinsights_skip_tracking":false,"_monsterinsights_sitenote_active":false,"_monsterinsights_sitenote_note":"","_monsterinsights_sitenote_category":0},"product_brand":[],"product_cat":[12291,14777],"product_tag":[],"class_list":{"0":"post-698124","1":"product","2":"type-product","3":"status-publish","5":"product_cat-edebiyat","6":"product_cat-fantastik","7":"pa_tur-kitap","8":"pa_yayinevi-tudem-yayinlari","9":"pa_yazar-darren-shan","11":"first","12":"instock","13":"sale","14":"shipping-taxable","15":"purchasable","16":"product-type-simple"},"_links":{"self":[{"href":"https:\/\/roveyayinevi.com.tr\/index.php\/wp-json\/wp\/v2\/product\/698124","targetHints":{"allow":["GET"]}}],"collection":[{"href":"https:\/\/roveyayinevi.com.tr\/index.php\/wp-json\/wp\/v2\/product"}],"about":[{"href":"https:\/\/roveyayinevi.com.tr\/index.php\/wp-json\/wp\/v2\/types\/product"}],"wp:attachment":[{"href":"https:\/\/roveyayinevi.com.tr\/index.php\/wp-json\/wp\/v2\/media?parent=698124"}],"wp:term":[{"taxonomy":"product_brand","embeddable":true,"href":"https:\/\/roveyayinevi.com.tr\/index.php\/wp-json\/wp\/v2\/product_brand?post=698124"},{"taxonomy":"product_cat","embeddable":true,"href":"https:\/\/roveyayinevi.com.tr\/index.php\/wp-json\/wp\/v2\/product_cat?post=698124"},{"taxonomy":"product_tag","embeddable":true,"href":"https:\/\/roveyayinevi.com.tr\/index.php\/wp-json\/wp\/v2\/product_tag?post=698124"}],"curies":[{"name":"wp","href":"https:\/\/api.w.org\/{rel}","templated":true}]}}