{"id":698109,"date":"2025-08-27T14:43:35","date_gmt":"2025-08-27T11:43:35","guid":{"rendered":"https:\/\/roveyayinevi.com.tr\/index.php\/urun\/olumlu-dusunmenin-gucu\/"},"modified":"2026-04-15T02:09:52","modified_gmt":"2026-04-14T23:09:52","slug":"olumlu-dusunmenin-gucu","status":"publish","type":"product","link":"https:\/\/roveyayinevi.com.tr\/index.php\/urun\/olumlu-dusunmenin-gucu\/","title":{"rendered":"Olumlu D\u00fc\u015f\u00fcnmenin G\u00fcc\u00fc"},"content":{"rendered":"<p>T\u00fcm d\u00fcnyada 40 dile \u00e7evrilen, 22 milyondan fazla satan ve ki\u015fisel geli\u015fim kitaplar\u0131n\u0131n \u00f6nc\u00fcs\u00fc ve hala a\u015f\u0131lamam\u0131\u015f olan\u0131 Olumlu D\u00fc\u015f\u00fcnmenin G\u00fcc\u00fc Profil Yay\u0131nc\u0131l\u0131k arac\u0131l\u0131\u011f\u0131yla yeniden T\u00fcrk okuyucular\u0131yla bulu\u015fuyor. Kalbinizdeki inan\u00e7 ba\u015f\u0131n\u0131za iyi olaylar\u0131n gelmesini sa\u011flar. Ki\u015fisel geli\u015fim ve ba\u015far\u0131ya dair bu klasik kitap endi\u015felerinizden kurtulmay\u0131, ba\u015fkalar\u0131n\u0131n sizi sevmesini, g\u00fcnl\u00fck s\u0131k\u0131nt\u0131lar\u0131n\u0131zdan kurtulmay\u0131, hedeflerinize ula\u015fmak i\u00e7in i\u00e7inizdeki g\u00fcc\u00fc ke\u015ffetmeyi sa\u011flayan ola\u011fan\u00fcst\u00fc bir eser. Olumlu D\u00fc\u015f\u00fcnmenin G\u00fcc\u00fc size bug\u00fcne kadar e\u015fi benzeri olmayan, ola\u011fan\u00fcst\u00fc yollar sunan bir ba\u015fyap\u0131t. Norman Vincent Peale problemlerinizi a\u015fmak i\u00e7in s\u0131ra d\u0131\u015f\u0131 yollar sunuyor. Bu kitapta en y\u0131k\u0131c\u0131 g\u00f6r\u00fcnen engelleri nas\u0131l a\u015faca\u011f\u0131n\u0131z\u0131, kendinizi nas\u0131l rahat ve g\u00fcvende hissedece\u011finizi, stresten korunma yollar\u0131n\u0131 \u00f6\u011freneceksiniz. Olumlu D\u00fc\u015f\u00fcnmenin G\u00fcc\u00fc hayat\u0131n\u0131zda olumlu bir de\u011fi\u015fim yaratacak bir ilham program\u0131. Negatif enerjiyi ortadan kald\u0131ran, ba\u015far\u0131 ve mutlulu\u011fun ilac\u0131<\/p>\n","protected":false},"excerpt":{"rendered":"<p>T\u00fcm d\u00fcnyada 40 dile \u00e7evrilen, 22 milyondan fazla satan ve ki\u015fisel geli\u015fim kitaplar\u0131n\u0131n \u00f6nc\u00fcs\u00fc ve hala a\u015f\u0131lamam\u0131\u015f olan\u0131 Olumlu D\u00fc\u015f\u00fcnmenin G\u00fcc\u00fc Profil Yay\u0131nc\u0131l\u0131k arac\u0131l\u0131\u011f\u0131yla yeniden T\u00fcrk<span class=\"excerpt-hellip\"> [\u2026]<\/span><\/p>\n","protected":false},"featured_media":0,"template":"","meta":{"_monsterinsights_skip_tracking":false,"_monsterinsights_sitenote_active":false,"_monsterinsights_sitenote_note":"","_monsterinsights_sitenote_category":0},"product_brand":[],"product_cat":[12364,12376],"product_tag":[],"class_list":{"0":"post-698109","1":"product","2":"type-product","3":"status-publish","5":"product_cat-genel-konular","6":"product_cat-kisisel-gelisim","7":"pa_cilt-ciltsiz","8":"pa_tur-kitap","9":"pa_yayinevi-profil-kitap","10":"pa_yazar-norman-vincent-peale","12":"first","13":"instock","14":"sale","15":"shipping-taxable","16":"purchasable","17":"product-type-simple"},"_links":{"self":[{"href":"https:\/\/roveyayinevi.com.tr\/index.php\/wp-json\/wp\/v2\/product\/698109","targetHints":{"allow":["GET"]}}],"collection":[{"href":"https:\/\/roveyayinevi.com.tr\/index.php\/wp-json\/wp\/v2\/product"}],"about":[{"href":"https:\/\/roveyayinevi.com.tr\/index.php\/wp-json\/wp\/v2\/types\/product"}],"wp:attachment":[{"href":"https:\/\/roveyayinevi.com.tr\/index.php\/wp-json\/wp\/v2\/media?parent=698109"}],"wp:term":[{"taxonomy":"product_brand","embeddable":true,"href":"https:\/\/roveyayinevi.com.tr\/index.php\/wp-json\/wp\/v2\/product_brand?post=698109"},{"taxonomy":"product_cat","embeddable":true,"href":"https:\/\/roveyayinevi.com.tr\/index.php\/wp-json\/wp\/v2\/product_cat?post=698109"},{"taxonomy":"product_tag","embeddable":true,"href":"https:\/\/roveyayinevi.com.tr\/index.php\/wp-json\/wp\/v2\/product_tag?post=698109"}],"curies":[{"name":"wp","href":"https:\/\/api.w.org\/{rel}","templated":true}]}}