{"id":698104,"date":"2025-08-27T14:43:33","date_gmt":"2025-08-27T11:43:33","guid":{"rendered":"https:\/\/roveyayinevi.com.tr\/index.php\/urun\/golgelerin-efendisi-7-fidye\/"},"modified":"2026-04-16T02:07:46","modified_gmt":"2026-04-15T23:07:46","slug":"golgelerin-efendisi-7-fidye","status":"publish","type":"product","link":"https:\/\/roveyayinevi.com.tr\/index.php\/urun\/golgelerin-efendisi-7-fidye\/","title":{"rendered":"G\u00f6lgelerin Efendisi 7 &#8211; Fidye"},"content":{"rendered":"<p>Bu kitapta Will&#8217;in \u00e7\u0131rakl\u0131\u011f\u0131n\u0131n son y\u0131l\u0131na, be\u015finci ve alt\u0131nc\u0131 kitaplardaki olaylar\u0131n \u00f6ncesine gidiyoruz. Skandiya Y\u00fcce Kontu Erak, adamlar\u0131yla Sakin Deniz&#8217;in g\u00fcneyindeki Arridi \u00fclkesine yapt\u0131klar\u0131 bir bask\u0131n s\u0131ras\u0131nda esir al\u0131n\u0131r. Arridiler, Erak&#8217;\u0131 ancak fidye kar\u015f\u0131l\u0131\u011f\u0131 serbest b\u0131rakacaklar\u0131n\u0131 s\u00f6ylerler. Y\u00fcce Kont&#8217;un kurtulmas\u0131, seksen bin g\u00fcm\u00fc\u015fl\u00fck bu fidyeye ba\u011fl\u0131d\u0131r. Svengal, Halt ve Will&#8217;den Erak&#8217;\u0131 kurtarmak i\u00e7in yard\u0131m ister. Usta ve \u00e7\u0131ra\u011f\u0131, Erak&#8217;\u0131 \u00f6zg\u00fcrl\u00fc\u011f\u00fcne kavu\u015fturacak fidyeyi Svengal&#8217;le g\u00f6t\u00fcrmeyi kabul ederler. Kraliyet ailesini temsilen Prenses Cassandra, prensesin g\u00fcvenli\u011fini sa\u011flamak amac\u0131yla Horace ve Gilan da gruba dahil olurlar. \u015eiddetli kum f\u0131rt\u0131nalar\u0131, sava\u015f\u00e7\u0131 kabileler ve her ad\u0131mda kar\u015f\u0131la\u015ft\u0131klar\u0131 tehlikeler varken, Erak&#8217;a ula\u015fabilecekler mi?<\/p>\n","protected":false},"excerpt":{"rendered":"<p>Bu kitapta Will&#8217;in \u00e7\u0131rakl\u0131\u011f\u0131n\u0131n son y\u0131l\u0131na, be\u015finci ve alt\u0131nc\u0131 kitaplardaki olaylar\u0131n \u00f6ncesine gidiyoruz. Skandiya Y\u00fcce Kontu Erak, adamlar\u0131yla Sakin Deniz&#8217;in g\u00fcneyindeki Arridi \u00fclkesine yapt\u0131klar\u0131 bir bask\u0131n<span class=\"excerpt-hellip\"> [\u2026]<\/span><\/p>\n","protected":false},"featured_media":0,"template":"","meta":{"_monsterinsights_skip_tracking":false,"_monsterinsights_sitenote_active":false,"_monsterinsights_sitenote_note":"","_monsterinsights_sitenote_category":0},"product_brand":[],"product_cat":[12291,14777],"product_tag":[],"class_list":{"0":"post-698104","1":"product","2":"type-product","3":"status-publish","5":"product_cat-edebiyat","6":"product_cat-fantastik","7":"pa_cilt-ciltsiz","8":"pa_tur-kitap","9":"pa_yayinevi-beyaz-balina-yayinlari","10":"pa_yazar-john-flanagan","12":"first","13":"instock","14":"sale","15":"shipping-taxable","16":"purchasable","17":"product-type-simple"},"_links":{"self":[{"href":"https:\/\/roveyayinevi.com.tr\/index.php\/wp-json\/wp\/v2\/product\/698104","targetHints":{"allow":["GET"]}}],"collection":[{"href":"https:\/\/roveyayinevi.com.tr\/index.php\/wp-json\/wp\/v2\/product"}],"about":[{"href":"https:\/\/roveyayinevi.com.tr\/index.php\/wp-json\/wp\/v2\/types\/product"}],"wp:attachment":[{"href":"https:\/\/roveyayinevi.com.tr\/index.php\/wp-json\/wp\/v2\/media?parent=698104"}],"wp:term":[{"taxonomy":"product_brand","embeddable":true,"href":"https:\/\/roveyayinevi.com.tr\/index.php\/wp-json\/wp\/v2\/product_brand?post=698104"},{"taxonomy":"product_cat","embeddable":true,"href":"https:\/\/roveyayinevi.com.tr\/index.php\/wp-json\/wp\/v2\/product_cat?post=698104"},{"taxonomy":"product_tag","embeddable":true,"href":"https:\/\/roveyayinevi.com.tr\/index.php\/wp-json\/wp\/v2\/product_tag?post=698104"}],"curies":[{"name":"wp","href":"https:\/\/api.w.org\/{rel}","templated":true}]}}