{"id":698089,"date":"2025-08-27T14:43:29","date_gmt":"2025-08-27T11:43:29","guid":{"rendered":"https:\/\/roveyayinevi.com.tr\/index.php\/urun\/the-magic\/"},"modified":"2025-11-12T02:59:10","modified_gmt":"2025-11-11T23:59:10","slug":"the-magic","status":"publish","type":"product","link":"https:\/\/roveyayinevi.com.tr\/index.php\/urun\/the-magic\/","title":{"rendered":"The Magic"},"content":{"rendered":"<p>Tek bir s\u00f6z, her \u015feyi de\u011fi\u015ftirir!..Yirmi y\u00fczy\u0131ldan uzun bir s\u00fcredir, kutsal bir metindeki s\u00f6zc\u00fckler onu okuyan neredeyse herkesi \u015fa\u015f\u0131rtm\u0131\u015f, kafas\u0131n\u0131 kar\u0131\u015ft\u0131rm\u0131\u015f ve yanl\u0131\u015f anla\u015f\u0131lm\u0131\u015ft\u0131. Tarih boyunca \u00e7ok az insan bu s\u00f6zc\u00fcklerin bir bilmece oldu\u011funu ve bu bilmeceyi bir kez \u00e7\u00f6z\u00fcnce -gizem perdesini aralay\u0131nca- g\u00f6zlerinizin \u00f6n\u00fcnde yepyeni bir d\u00fcnyan\u0131n a\u00e7\u0131laca\u011f\u0131n\u0131 fark etmi\u015fti.The Magic\u2019te Rhonda Byrne bu hayat de\u011fi\u015ftiren bilgiyi d\u00fcnyaya a\u00e7\u0131kl\u0131yor. Sonra, 28 g\u00fcnl\u00fck inan\u0131lmaz bir yolculukla bu bilgiyi g\u00fcnl\u00fck ya\u015fam\u0131n\u0131za nas\u0131l uygulayaca\u011f\u0131n\u0131z\u0131 \u00f6\u011fretiyor.Kim olursan\u0131z olun, nerede olursan\u0131z olun, hangi \u015fartlar alt\u0131nda olursan\u0131z olun, The Magic t\u00fcm ya\u015fam\u0131n\u0131z\u0131 de\u011fi\u015ftirecek!<\/p>\n","protected":false},"excerpt":{"rendered":"<p>Tek bir s\u00f6z, her \u015feyi de\u011fi\u015ftirir!..Yirmi y\u00fczy\u0131ldan uzun bir s\u00fcredir, kutsal bir metindeki s\u00f6zc\u00fckler onu okuyan neredeyse herkesi \u015fa\u015f\u0131rtm\u0131\u015f, kafas\u0131n\u0131 kar\u0131\u015ft\u0131rm\u0131\u015f ve yanl\u0131\u015f anla\u015f\u0131lm\u0131\u015ft\u0131. Tarih boyunca<span class=\"excerpt-hellip\"> [\u2026]<\/span><\/p>\n","protected":false},"featured_media":0,"template":"","meta":{"_monsterinsights_skip_tracking":false,"_monsterinsights_sitenote_active":false,"_monsterinsights_sitenote_note":"","_monsterinsights_sitenote_category":0},"product_brand":[],"product_cat":[12364,12376],"product_tag":[],"class_list":{"0":"post-698089","1":"product","2":"type-product","3":"status-publish","5":"product_cat-genel-konular","6":"product_cat-kisisel-gelisim","7":"pa_cilt-ciltsiz","8":"pa_tur-kitap","9":"pa_yayinevi-artemis-yayinlari","10":"pa_yazar-rhonda-byrne","12":"first","13":"instock","14":"sale","15":"shipping-taxable","16":"purchasable","17":"product-type-simple"},"_links":{"self":[{"href":"https:\/\/roveyayinevi.com.tr\/index.php\/wp-json\/wp\/v2\/product\/698089","targetHints":{"allow":["GET"]}}],"collection":[{"href":"https:\/\/roveyayinevi.com.tr\/index.php\/wp-json\/wp\/v2\/product"}],"about":[{"href":"https:\/\/roveyayinevi.com.tr\/index.php\/wp-json\/wp\/v2\/types\/product"}],"wp:attachment":[{"href":"https:\/\/roveyayinevi.com.tr\/index.php\/wp-json\/wp\/v2\/media?parent=698089"}],"wp:term":[{"taxonomy":"product_brand","embeddable":true,"href":"https:\/\/roveyayinevi.com.tr\/index.php\/wp-json\/wp\/v2\/product_brand?post=698089"},{"taxonomy":"product_cat","embeddable":true,"href":"https:\/\/roveyayinevi.com.tr\/index.php\/wp-json\/wp\/v2\/product_cat?post=698089"},{"taxonomy":"product_tag","embeddable":true,"href":"https:\/\/roveyayinevi.com.tr\/index.php\/wp-json\/wp\/v2\/product_tag?post=698089"}],"curies":[{"name":"wp","href":"https:\/\/api.w.org\/{rel}","templated":true}]}}