{"id":698088,"date":"2025-08-27T14:43:29","date_gmt":"2025-08-27T11:43:29","guid":{"rendered":"https:\/\/roveyayinevi.com.tr\/index.php\/urun\/ruyalar-masallar-mitler\/"},"modified":"2026-04-16T02:07:46","modified_gmt":"2026-04-15T23:07:46","slug":"ruyalar-masallar-mitler","status":"publish","type":"product","link":"https:\/\/roveyayinevi.com.tr\/index.php\/urun\/ruyalar-masallar-mitler\/","title":{"rendered":"R\u00fcyalar, Masallar, Mitler"},"content":{"rendered":"<p>R\u00fcyalar\u0131m\u0131z\u0131n \u00e7o\u011fu ortak bir \u00f6zelli\u011fe sahiptir; uyan\u0131k halimizin en b\u00fcy\u00fck \u00f6zelli\u011fi olan mant\u0131k kurallar\u0131na uymazlar. Orada uzay ve zaman kategorileri de art\u0131k ge\u00e7ersizdir. \u00d6lm\u00fc\u015f dostlar\u0131m\u0131z ya\u015f\u0131yormu\u015f gibi kar\u015f\u0131m\u0131za \u00e7\u0131kabilir ya da eskiden ba\u015f\u0131m\u0131zdan ge\u00e7en ve unutmu\u015f oldu\u011fumuz olaylar birdenbire g\u00f6z\u00fcm\u00fcz\u00fcn \u00f6n\u00fcnde canlanabilir. Ger\u00e7ekte hi\u00e7 m\u00fcmk\u00fcn olmayacak bi\u00e7imde, iki ayr\u0131 olay\u0131 ayn\u0131 anda oluyormu\u015f gibi g\u00f6rebiliriz. Uykumuzda zamana oldu\u011fu kadar, uzay\u0131n kurallar\u0131na da uymay\u0131z. Uzak bir yere bir anda gitmek, iki farkl\u0131 yerde ayn\u0131 anda bulunmak, iki de\u011fi\u015fik insan\u0131 bir tek insan olarak g\u00f6rmek veya bir insan\u0131 ans\u0131z\u0131n ba\u015fka bir insan d\u00f6n\u00fc\u015ft\u00fcrmek bizim i\u00e7in hi\u00e7 de zor de\u011fildir. K\u0131saca, bedenimizin faaliyetine s\u0131n\u0131rlar koyan zaman ve uzay\u0131n kayboldu\u011fu bir d\u00fcnyay\u0131 r\u00fcyalar\u0131m\u0131zda yaratmak pek kolayd\u0131r. <\/p>\n","protected":false},"excerpt":{"rendered":"<p>R\u00fcyalar\u0131m\u0131z\u0131n \u00e7o\u011fu ortak bir \u00f6zelli\u011fe sahiptir; uyan\u0131k halimizin en b\u00fcy\u00fck \u00f6zelli\u011fi olan mant\u0131k kurallar\u0131na uymazlar. Orada uzay ve zaman kategorileri de art\u0131k ge\u00e7ersizdir. \u00d6lm\u00fc\u015f dostlar\u0131m\u0131z ya\u015f\u0131yormu\u015f<span class=\"excerpt-hellip\"> [\u2026]<\/span><\/p>\n","protected":false},"featured_media":0,"template":"","meta":{"_monsterinsights_skip_tracking":false,"_monsterinsights_sitenote_active":false,"_monsterinsights_sitenote_note":"","_monsterinsights_sitenote_category":0},"product_brand":[],"product_cat":[12358,12357],"product_tag":[],"class_list":{"0":"post-698088","1":"product","2":"type-product","3":"status-publish","5":"product_cat-genel-psikoloji","6":"product_cat-psikoloji","7":"pa_cilt-ciltsiz","8":"pa_tur-kitap","9":"pa_yayinevi-say-yayinlari","10":"pa_yazar-erich-fromm","12":"first","13":"instock","14":"sale","15":"shipping-taxable","16":"purchasable","17":"product-type-simple"},"_links":{"self":[{"href":"https:\/\/roveyayinevi.com.tr\/index.php\/wp-json\/wp\/v2\/product\/698088","targetHints":{"allow":["GET"]}}],"collection":[{"href":"https:\/\/roveyayinevi.com.tr\/index.php\/wp-json\/wp\/v2\/product"}],"about":[{"href":"https:\/\/roveyayinevi.com.tr\/index.php\/wp-json\/wp\/v2\/types\/product"}],"wp:attachment":[{"href":"https:\/\/roveyayinevi.com.tr\/index.php\/wp-json\/wp\/v2\/media?parent=698088"}],"wp:term":[{"taxonomy":"product_brand","embeddable":true,"href":"https:\/\/roveyayinevi.com.tr\/index.php\/wp-json\/wp\/v2\/product_brand?post=698088"},{"taxonomy":"product_cat","embeddable":true,"href":"https:\/\/roveyayinevi.com.tr\/index.php\/wp-json\/wp\/v2\/product_cat?post=698088"},{"taxonomy":"product_tag","embeddable":true,"href":"https:\/\/roveyayinevi.com.tr\/index.php\/wp-json\/wp\/v2\/product_tag?post=698088"}],"curies":[{"name":"wp","href":"https:\/\/api.w.org\/{rel}","templated":true}]}}