{"id":698073,"date":"2025-08-27T14:43:24","date_gmt":"2025-08-27T11:43:24","guid":{"rendered":"https:\/\/roveyayinevi.com.tr\/index.php\/urun\/benlik-yanilsamasi\/"},"modified":"2026-04-16T02:07:45","modified_gmt":"2026-04-15T23:07:45","slug":"benlik-yanilsamasi","status":"publish","type":"product","link":"https:\/\/roveyayinevi.com.tr\/index.php\/urun\/benlik-yanilsamasi\/","title":{"rendered":"Benlik Yan\u0131lsamas\u0131"},"content":{"rendered":"<p>\u201cHepimiz \u00f6zg\u00fcr iradeleri ve ba\u011f\u0131ms\u0131z benlikleri olan bireyleriz.\u201d Bu, \u00f6ylesine yayg\u0131n ve derinden ba\u011fl\u0131 oldu\u011fumuz bir d\u00fc\u015f\u00fcncedir ki tersini hayal etmek bile zordur. Ama Bruce Hood bu kitab\u0131nda, ba\u015fta sinirbilim ve davran\u0131\u015f bilim olmak \u00fczere pek \u00e7ok disiplinden dam\u0131tt\u0131\u011f\u0131 son derece \u00e7arp\u0131c\u0131 bilimsel bulgularla tersini iddia ediyor: Benli\u011fimiz ve \u00f6zg\u00fcr irademiz birer yan\u0131lsamadan ibarettir. Benlik dedi\u011fimiz \u015fey d\u00fc\u015f\u00fcnce, duygu ve an\u0131 gibi zihinsel \u00e7\u0131kt\u0131lardan olu\u015fan bir \u201cdemet\u201d, yaz\u0131lmas\u0131 hayat boyu s\u00fcren bir \u00f6yk\u00fc, \u00e7ok say\u0131da melodiden olu\u015fan bir senfoni, ya\u015famak i\u00e7in in\u015fa etti\u011fimiz bir d\u0131\u015f d\u00fcnya modeli, zihinsel bir Matrix olarak yararl\u0131 ve ka\u00e7\u0131n\u0131lmaz bir yan\u0131lsamad\u0131r.Yazar yaln\u0131zca \u201cBizler beyinlerimiziz\u201d diyerek basit bir indirgemecilik yapmak yerine; benlik yan\u0131lsamas\u0131n\u0131n beyinde nas\u0131l \u00fcretildi\u011fini, bireyin geli\u015fimindeki \u00f6nemli a\u015famalarla olan ili\u015fkisini, \u201cAyna Benlik\u201d kuram\u0131yla ifade edilen, bireyin onu ku\u015fatan ko\u015fullar\u0131n ve insanlar\u0131n bir yans\u0131mas\u0131 oldu\u011fu d\u00fc\u015f\u00fcncesini, benlik \u00fcretimimizde toplumun nas\u0131l ba\u015fat bir rol\u00fc oldu\u011funu ayr\u0131nt\u0131l\u0131 bir \u015fekilde irdeliyor.Hood b\u00f6ylece ilk tohumlar\u0131n\u0131 Buda\u2019n\u0131n att\u0131\u011f\u0131 benli\u011fin \u201cDemet Kuram\u0131\u201dna, toplumsal etkile\u015fimlerin benlik kurgumuz \u00fczerindeki b\u00fcy\u00fck etkisini son derece sars\u0131c\u0131 \u00f6rneklerle g\u00f6zler \u00f6n\u00fcne sererek sosyal bir boyut kat\u0131yor: Bizler \u201cdi\u011ferleri\u201dnin \u201csosyal beynimiz\u201d \u00fczerine yazd\u0131\u011f\u0131 bir oyunun sahte yazarlar\u0131y\u0131z.   Hood ayr\u0131ca, internetin, \u00f6zellikle Facebook ve Twitter ba\u015fta olmak \u00fczere sosyal a\u011flar\u0131n toplumsal etkile\u015fim bi\u00e7imlerimizi ve benlik alg\u0131m\u0131z\u0131 nas\u0131l de\u011fi\u015ftirdi\u011fini inceleyerek, insanl\u0131\u011f\u0131n benlik \u00fcretme tarihinin \u00f6nemli bir kav\u015fa\u011f\u0131nda bulundu\u011fumuzu da vurguluyor. <\/p>\n","protected":false},"excerpt":{"rendered":"<p>\u201cHepimiz \u00f6zg\u00fcr iradeleri ve ba\u011f\u0131ms\u0131z benlikleri olan bireyleriz.\u201d Bu, \u00f6ylesine yayg\u0131n ve derinden ba\u011fl\u0131 oldu\u011fumuz bir d\u00fc\u015f\u00fcncedir ki tersini hayal etmek bile zordur. Ama Bruce Hood<span class=\"excerpt-hellip\"> [\u2026]<\/span><\/p>\n","protected":false},"featured_media":0,"template":"","meta":{"_monsterinsights_skip_tracking":false,"_monsterinsights_sitenote_active":false,"_monsterinsights_sitenote_note":"","_monsterinsights_sitenote_category":0},"product_brand":[],"product_cat":[12358,12357],"product_tag":[],"class_list":{"0":"post-698073","1":"product","2":"type-product","3":"status-publish","5":"product_cat-genel-psikoloji","6":"product_cat-psikoloji","7":"pa_cilt-ciltsiz","8":"pa_tur-kitap","9":"pa_yayinevi-ayrinti-yayinlari","10":"pa_yazar-bruce-hood","12":"first","13":"instock","14":"sale","15":"shipping-taxable","16":"purchasable","17":"product-type-simple"},"_links":{"self":[{"href":"https:\/\/roveyayinevi.com.tr\/index.php\/wp-json\/wp\/v2\/product\/698073","targetHints":{"allow":["GET"]}}],"collection":[{"href":"https:\/\/roveyayinevi.com.tr\/index.php\/wp-json\/wp\/v2\/product"}],"about":[{"href":"https:\/\/roveyayinevi.com.tr\/index.php\/wp-json\/wp\/v2\/types\/product"}],"wp:attachment":[{"href":"https:\/\/roveyayinevi.com.tr\/index.php\/wp-json\/wp\/v2\/media?parent=698073"}],"wp:term":[{"taxonomy":"product_brand","embeddable":true,"href":"https:\/\/roveyayinevi.com.tr\/index.php\/wp-json\/wp\/v2\/product_brand?post=698073"},{"taxonomy":"product_cat","embeddable":true,"href":"https:\/\/roveyayinevi.com.tr\/index.php\/wp-json\/wp\/v2\/product_cat?post=698073"},{"taxonomy":"product_tag","embeddable":true,"href":"https:\/\/roveyayinevi.com.tr\/index.php\/wp-json\/wp\/v2\/product_tag?post=698073"}],"curies":[{"name":"wp","href":"https:\/\/api.w.org\/{rel}","templated":true}]}}