{"id":698036,"date":"2025-08-27T14:43:13","date_gmt":"2025-08-27T11:43:13","guid":{"rendered":"https:\/\/roveyayinevi.com.tr\/index.php\/urun\/maarif\/"},"modified":"2026-04-16T02:07:44","modified_gmt":"2026-04-15T23:07:44","slug":"maarif","status":"publish","type":"product","link":"https:\/\/roveyayinevi.com.tr\/index.php\/urun\/maarif\/","title":{"rendered":"Maarif"},"content":{"rendered":"<p>Maarif, Sultan Veled&#8217;in Fars\u00e7a mensur ve tasavvuf\u00ee bir eseridir. Eser, ihtiva etti\u011fi bahislere nazaran muhtelif uzunlukta elli alt\u0131 fasla ayr\u0131lm\u0131\u015ft\u0131r. Fas\u0131llara ba\u015flamadan evvel, Allah&#8217;\u0131n birli\u011fini, b\u00fct\u00fcn kudretin O&#8217;nda oldu\u011funu, O&#8217;nun d\u0131\u015f\u0131nda m\u00fcstakil bir varl\u0131\u011f\u0131n olmayaca\u011f\u0131n\u0131 anlatt\u0131ktan sonra, ilk fas\u0131lta, amelden kastedilen \u015feyin namaz k\u0131lmak, oru\u00e7 tutmak, zek\u00e2t vermek ve hacca gitmek olmay\u0131p, bunlar\u0131n yard\u0131m\u0131 ile insan\u0131n ruhunda, m\u00e2nevi bir ilerlemenin ve geli\u015fmenin meydana gelmesi ve hakik\u00ee dindarl\u0131\u011f\u0131n da ancak bu olabilece\u011fini belirtiyor. Di\u011fer fas\u0131llarda, tasavvufa, tarikata ve dinin kurallar\u0131na dair ele ald\u0131\u011f\u0131 meseleler ise \u00f6zetle \u015funlardan ibarettir: Evliya Allah&#8217;\u0131n s\u0131rr\u0131d\u0131r. Allah&#8217;\u0131n herkesteki tecellisi ba\u015fka ba\u015fkad\u0131r. M\u00fc&#8217;min kullar\u0131na olan tecellisi, onlar\u0131n kendi indindeki de\u011ferleri nispetindedir. Allah&#8217;\u0131 bulmak i\u00e7in, k\u00e2mil bir velinin sohbetine mazhar olmak gerekir. Kapak Minyat\u00fcr\u00fc: Mevlana, boynundan \u00e7\u0131ban \u00e7\u0131kan torunu Arif \u00c7elebi&#8217;yi iyile\u015ftiriyor. Kar\u015f\u0131s\u0131nda b\u00fcy\u00fck o\u011flu Sultan Veled kayg\u0131yla izlemekte.<\/p>\n","protected":false},"excerpt":{"rendered":"<p>Maarif, Sultan Veled&#8217;in Fars\u00e7a mensur ve tasavvuf\u00ee bir eseridir. Eser, ihtiva etti\u011fi bahislere nazaran muhtelif uzunlukta elli alt\u0131 fasla ayr\u0131lm\u0131\u015ft\u0131r. Fas\u0131llara ba\u015flamadan evvel, Allah&#8217;\u0131n birli\u011fini, b\u00fct\u00fcn<span class=\"excerpt-hellip\"> [\u2026]<\/span><\/p>\n","protected":false},"featured_media":0,"template":"","meta":{"_monsterinsights_skip_tracking":false,"_monsterinsights_sitenote_active":false,"_monsterinsights_sitenote_note":"","_monsterinsights_sitenote_category":0},"product_brand":[],"product_cat":[12718,12719,12720],"product_tag":[],"class_list":{"0":"post-698036","1":"product","2":"type-product","3":"status-publish","5":"product_cat-din","6":"product_cat-islam","7":"product_cat-tasavvuf-mezhepler-tarikatlar","8":"pa_cilt-ciltsiz","9":"pa_tur-kitap","10":"pa_yayinevi-atac-yayinlari","11":"pa_yazar-sultan-veled","13":"first","14":"instock","15":"sale","16":"shipping-taxable","17":"purchasable","18":"product-type-simple"},"_links":{"self":[{"href":"https:\/\/roveyayinevi.com.tr\/index.php\/wp-json\/wp\/v2\/product\/698036","targetHints":{"allow":["GET"]}}],"collection":[{"href":"https:\/\/roveyayinevi.com.tr\/index.php\/wp-json\/wp\/v2\/product"}],"about":[{"href":"https:\/\/roveyayinevi.com.tr\/index.php\/wp-json\/wp\/v2\/types\/product"}],"wp:attachment":[{"href":"https:\/\/roveyayinevi.com.tr\/index.php\/wp-json\/wp\/v2\/media?parent=698036"}],"wp:term":[{"taxonomy":"product_brand","embeddable":true,"href":"https:\/\/roveyayinevi.com.tr\/index.php\/wp-json\/wp\/v2\/product_brand?post=698036"},{"taxonomy":"product_cat","embeddable":true,"href":"https:\/\/roveyayinevi.com.tr\/index.php\/wp-json\/wp\/v2\/product_cat?post=698036"},{"taxonomy":"product_tag","embeddable":true,"href":"https:\/\/roveyayinevi.com.tr\/index.php\/wp-json\/wp\/v2\/product_tag?post=698036"}],"curies":[{"name":"wp","href":"https:\/\/api.w.org\/{rel}","templated":true}]}}