{"id":698033,"date":"2025-08-27T14:43:06","date_gmt":"2025-08-27T11:43:06","guid":{"rendered":"https:\/\/roveyayinevi.com.tr\/index.php\/urun\/anayasa-ve-partiler-rejimi\/"},"modified":"2026-04-12T02:08:50","modified_gmt":"2026-04-11T23:08:50","slug":"anayasa-ve-partiler-rejimi","status":"publish","type":"product","link":"https:\/\/roveyayinevi.com.tr\/index.php\/urun\/anayasa-ve-partiler-rejimi\/","title":{"rendered":"Anayasa ve Partiler Rejimi"},"content":{"rendered":"<p>Konusunda tek kitap. Anayasa Mahkemesi kararlar\u0131n\u0131n ve Yarg\u0131tay C. Ba\u015fsavc\u0131 iddianamelerinin kaynak kitab\u0131. Do\u011fu Perin\u00e7ek, liberal demokrasiden partiler demokrasisine ge\u00e7i\u015f; Osmanl\u0131 Devleti\u2019nde, tek partili ve \u00e7ok partili Cumhuriyet d\u00f6nemlerinde, 27 May\u0131s 1960, 12 Mart 1971 ve 12 Eyl\u00fcl 1980 sonras\u0131nda partilerin geli\u015fimi ve hukuki rejimleri; partilerdeki oligar\u015fik e\u011filimler, parti i\u00e7i demokrasi; siyasal partilerin yasaklanmas\u0131; parti y\u00f6neticilerinin ceza sorumlulu\u011fu gibi konular\u0131 \u00fclkemizin siyasal-toplumsal geli\u015fmesine merak duyan herkesi, siyaset\u00e7ileri, her kademeden parti y\u00f6neticilerini, parti \u00fcyelerini ve hukuk\u00e7ular\u0131 ilgilendiren y\u00f6nleriyle yabanc\u0131 ve yerli \u00f6\u011fretiyle birlikte \u00fclkemiz siyaset ve yarg\u0131 prati\u011finin geni\u015f kaynaklar\u0131n\u0131 de\u011ferlendirerek inceliyor ve tart\u0131\u015f\u0131yor <\/p>\n","protected":false},"excerpt":{"rendered":"<p>Konusunda tek kitap. Anayasa Mahkemesi kararlar\u0131n\u0131n ve Yarg\u0131tay C. Ba\u015fsavc\u0131 iddianamelerinin kaynak kitab\u0131. Do\u011fu Perin\u00e7ek, liberal demokrasiden partiler demokrasisine ge\u00e7i\u015f; Osmanl\u0131 Devleti\u2019nde, tek partili ve \u00e7ok<span class=\"excerpt-hellip\"> [\u2026]<\/span><\/p>\n","protected":false},"featured_media":0,"template":"","meta":{"_monsterinsights_skip_tracking":false,"_monsterinsights_sitenote_active":false,"_monsterinsights_sitenote_note":"","_monsterinsights_sitenote_category":0},"product_brand":[],"product_cat":[16058,12337],"product_tag":[],"class_list":{"0":"post-698033","1":"product","2":"type-product","3":"status-publish","5":"product_cat-kurumlar-orgutler","6":"product_cat-politika-siyaset","7":"pa_tur-kitap","8":"pa_yayinevi-kaynak-yayinlari","9":"pa_yazar-dogu-perincek","11":"first","12":"instock","13":"sale","14":"shipping-taxable","15":"purchasable","16":"product-type-simple"},"_links":{"self":[{"href":"https:\/\/roveyayinevi.com.tr\/index.php\/wp-json\/wp\/v2\/product\/698033","targetHints":{"allow":["GET"]}}],"collection":[{"href":"https:\/\/roveyayinevi.com.tr\/index.php\/wp-json\/wp\/v2\/product"}],"about":[{"href":"https:\/\/roveyayinevi.com.tr\/index.php\/wp-json\/wp\/v2\/types\/product"}],"wp:attachment":[{"href":"https:\/\/roveyayinevi.com.tr\/index.php\/wp-json\/wp\/v2\/media?parent=698033"}],"wp:term":[{"taxonomy":"product_brand","embeddable":true,"href":"https:\/\/roveyayinevi.com.tr\/index.php\/wp-json\/wp\/v2\/product_brand?post=698033"},{"taxonomy":"product_cat","embeddable":true,"href":"https:\/\/roveyayinevi.com.tr\/index.php\/wp-json\/wp\/v2\/product_cat?post=698033"},{"taxonomy":"product_tag","embeddable":true,"href":"https:\/\/roveyayinevi.com.tr\/index.php\/wp-json\/wp\/v2\/product_tag?post=698033"}],"curies":[{"name":"wp","href":"https:\/\/api.w.org\/{rel}","templated":true}]}}