{"id":698032,"date":"2025-08-27T14:43:06","date_gmt":"2025-08-27T11:43:06","guid":{"rendered":"https:\/\/roveyayinevi.com.tr\/index.php\/urun\/1938-son-yil\/"},"modified":"2026-04-08T02:10:07","modified_gmt":"2026-04-07T23:10:07","slug":"1938-son-yil","status":"publish","type":"product","link":"https:\/\/roveyayinevi.com.tr\/index.php\/urun\/1938-son-yil\/","title":{"rendered":"1938 Son Y\u0131l"},"content":{"rendered":"<p>Maltepe \u00dcniversitesi, Atat\u00fcrk \u0130lkeleri ve \u0130nkilap Tarihi \u00d6\u011fretim \u00dcyesi ve B\u00f6l\u00fcm Ba\u015fkan\u0131 Do\u00e7. Dr.Orhan \u00c7eki\u00e7, Cumhuriyet Devrimi\u2019ni ve Atat\u00fcrk\u2019\u00fcn son y\u0131l\u0131n\u0131 \u00f6zg\u00fcn belgelere dayanarak kaleme ald\u0131. Kitap sadece Atat\u00fcrk ve Cumhuriyet Devrimi konusundaki gerici \u00e7evrelerin tahrifatlar\u0131n\u0131 birebir \u00e7\u00fcr\u00fctm\u00fcyor, ayn\u0131 zamanda Atat\u00fcrk\u2019\u00fcn hayat\u0131n\u0131 ve liderlik \u00f6zelliklerini bir roman tad\u0131nda okurlara sunuyor. <\/p>\n","protected":false},"excerpt":{"rendered":"<p>Maltepe \u00dcniversitesi, Atat\u00fcrk \u0130lkeleri ve \u0130nkilap Tarihi \u00d6\u011fretim \u00dcyesi ve B\u00f6l\u00fcm Ba\u015fkan\u0131 Do\u00e7. Dr.Orhan \u00c7eki\u00e7, Cumhuriyet Devrimi\u2019ni ve Atat\u00fcrk\u2019\u00fcn son y\u0131l\u0131n\u0131 \u00f6zg\u00fcn belgelere dayanarak kaleme ald\u0131.<span class=\"excerpt-hellip\"> [\u2026]<\/span><\/p>\n","protected":false},"featured_media":0,"template":"","meta":{"_monsterinsights_skip_tracking":false,"_monsterinsights_sitenote_active":false,"_monsterinsights_sitenote_note":"","_monsterinsights_sitenote_category":0},"product_brand":[],"product_cat":[12530,12304],"product_tag":[],"class_list":{"0":"post-698032","1":"product","2":"type-product","3":"status-publish","5":"product_cat-mustafa-kemal-ataturk","6":"product_cat-tarih","7":"pa_tur-kitap","8":"pa_yayinevi-kaynak-yayinlari","9":"pa_yazar-orhan-cekic","11":"first","12":"instock","13":"sale","14":"shipping-taxable","15":"purchasable","16":"product-type-simple"},"_links":{"self":[{"href":"https:\/\/roveyayinevi.com.tr\/index.php\/wp-json\/wp\/v2\/product\/698032","targetHints":{"allow":["GET"]}}],"collection":[{"href":"https:\/\/roveyayinevi.com.tr\/index.php\/wp-json\/wp\/v2\/product"}],"about":[{"href":"https:\/\/roveyayinevi.com.tr\/index.php\/wp-json\/wp\/v2\/types\/product"}],"wp:attachment":[{"href":"https:\/\/roveyayinevi.com.tr\/index.php\/wp-json\/wp\/v2\/media?parent=698032"}],"wp:term":[{"taxonomy":"product_brand","embeddable":true,"href":"https:\/\/roveyayinevi.com.tr\/index.php\/wp-json\/wp\/v2\/product_brand?post=698032"},{"taxonomy":"product_cat","embeddable":true,"href":"https:\/\/roveyayinevi.com.tr\/index.php\/wp-json\/wp\/v2\/product_cat?post=698032"},{"taxonomy":"product_tag","embeddable":true,"href":"https:\/\/roveyayinevi.com.tr\/index.php\/wp-json\/wp\/v2\/product_tag?post=698032"}],"curies":[{"name":"wp","href":"https:\/\/api.w.org\/{rel}","templated":true}]}}