{"id":698019,"date":"2025-08-27T14:43:02","date_gmt":"2025-08-27T11:43:02","guid":{"rendered":"https:\/\/roveyayinevi.com.tr\/index.php\/urun\/darwin-tanri-ve-yasamin-anlami\/"},"modified":"2026-04-16T02:07:44","modified_gmt":"2026-04-15T23:07:44","slug":"darwin-tanri-ve-yasamin-anlami","status":"publish","type":"product","link":"https:\/\/roveyayinevi.com.tr\/index.php\/urun\/darwin-tanri-ve-yasamin-anlami\/","title":{"rendered":"Darwin Tanr\u0131 ve Ya\u015fam\u0131n Anlam\u0131"},"content":{"rendered":"<p>Hem evrim kuram\u0131n\u0131 benimseyip hem de Tanr\u0131\u2019ya inanabilir misiniz? \u0130nsanlar di\u011fer hayvanlardan \u00fcst\u00fcn m\u00fc, yoksa bu d\u00fc\u015f\u00fcnce sadece bir insan \u00f6nyarg\u0131s\u0131 m\u0131? Evrim bize ya\u015fam\u0131n amac\u0131n\u0131n ne oldu\u011funu s\u00f6yl\u00fcyor mu, yoksa ya\u015fam\u0131n nihai bir amac\u0131 olmad\u0131\u011f\u0131n\u0131 m\u0131 ima ediyor? Evrim, ahlaki bak\u0131mdan neyin do\u011fru, neyin yanl\u0131\u015f oldu\u011funu g\u00f6steriyor mu, yoksa son tahlilde yanl\u0131\u015f ya da do\u011fru diye bir \u015fey olmad\u0131\u011f\u0131n\u0131 m\u0131 ima ediyor? Bu etkileyici ve ilgi uyand\u0131r\u0131c\u0131 kitab\u0131nda Steve Stewart-Williams evrim kuram\u0131 ve evrimci psikoloji taraf\u0131ndan ortaya at\u0131lan b\u00f6ylesi temel felsefi sorulara yan\u0131tlar bulmaya \u00e7al\u0131\u015f\u0131yor. Yazar biyoloji, psikoloji ve felsefeden faydalanarak Darwinci bilimin nihai ama\u00e7 ya da ahlaki yap\u0131dan yoksun bir tanr\u0131s\u0131z evren g\u00f6r\u00fc\u015f\u00fcn\u00fc destekledi\u011fini \u00f6ne s\u00fcr\u00fcyor. Fakat insan\u0131n hem b\u00f6yle bir g\u00f6r\u00fc\u015fe sahip olmas\u0131 hem de iyi ve mutlu bir ya\u015fam s\u00fcrmesi m\u00fcmk\u00fcn. <\/p>\n","protected":false},"excerpt":{"rendered":"<p>Hem evrim kuram\u0131n\u0131 benimseyip hem de Tanr\u0131\u2019ya inanabilir misiniz? \u0130nsanlar di\u011fer hayvanlardan \u00fcst\u00fcn m\u00fc, yoksa bu d\u00fc\u015f\u00fcnce sadece bir insan \u00f6nyarg\u0131s\u0131 m\u0131? Evrim bize ya\u015fam\u0131n amac\u0131n\u0131n<span class=\"excerpt-hellip\"> [\u2026]<\/span><\/p>\n","protected":false},"featured_media":0,"template":"","meta":{"_monsterinsights_skip_tracking":false,"_monsterinsights_sitenote_active":false,"_monsterinsights_sitenote_note":"","_monsterinsights_sitenote_category":0},"product_brand":[],"product_cat":[13005,15998],"product_tag":[],"class_list":{"0":"post-698019","1":"product","2":"type-product","3":"status-publish","5":"product_cat-bilim-muhendislik","6":"product_cat-bilim-tarihi","7":"pa_cilt-ciltsiz","8":"pa_tur-kitap","9":"pa_yayinevi-say-yayinlari","10":"pa_yazar-steve-stewart-williams","12":"first","13":"instock","14":"sale","15":"shipping-taxable","16":"purchasable","17":"product-type-simple"},"_links":{"self":[{"href":"https:\/\/roveyayinevi.com.tr\/index.php\/wp-json\/wp\/v2\/product\/698019","targetHints":{"allow":["GET"]}}],"collection":[{"href":"https:\/\/roveyayinevi.com.tr\/index.php\/wp-json\/wp\/v2\/product"}],"about":[{"href":"https:\/\/roveyayinevi.com.tr\/index.php\/wp-json\/wp\/v2\/types\/product"}],"wp:attachment":[{"href":"https:\/\/roveyayinevi.com.tr\/index.php\/wp-json\/wp\/v2\/media?parent=698019"}],"wp:term":[{"taxonomy":"product_brand","embeddable":true,"href":"https:\/\/roveyayinevi.com.tr\/index.php\/wp-json\/wp\/v2\/product_brand?post=698019"},{"taxonomy":"product_cat","embeddable":true,"href":"https:\/\/roveyayinevi.com.tr\/index.php\/wp-json\/wp\/v2\/product_cat?post=698019"},{"taxonomy":"product_tag","embeddable":true,"href":"https:\/\/roveyayinevi.com.tr\/index.php\/wp-json\/wp\/v2\/product_tag?post=698019"}],"curies":[{"name":"wp","href":"https:\/\/api.w.org\/{rel}","templated":true}]}}