{"id":697985,"date":"2025-08-27T14:42:53","date_gmt":"2025-08-27T11:42:53","guid":{"rendered":"https:\/\/roveyayinevi.com.tr\/index.php\/urun\/kisilik-dinamikleri-ve-stresle-bas-etme\/"},"modified":"2026-04-12T02:08:49","modified_gmt":"2026-04-11T23:08:49","slug":"kisilik-dinamikleri-ve-stresle-bas-etme","status":"publish","type":"product","link":"https:\/\/roveyayinevi.com.tr\/index.php\/urun\/kisilik-dinamikleri-ve-stresle-bas-etme\/","title":{"rendered":"Ki\u015filik Dinamikleri ve Stresle Ba\u015f Etme"},"content":{"rendered":"<p>Ac\u0131lar kadar mutluluklar, iyilikler kadar k\u00f6t\u00fcl\u00fckler vard\u0131r. Ya\u015fam kendi i\u00e7inde dengesini kurmu\u015ftur. San\u0131r\u0131m bizim de yapmam\u0131z gereken, ya\u015famda g\u00f6zlemledi\u011fimiz dengeyi i\u00e7 d\u00fcnyam\u0131zda kurmay\u0131 ba\u015farmakt\u0131r. Ba\u015f etme, ya\u015fam\u0131 ve kendimizi ke\u015ffetmemiz gereken uzun bir yolculuktur. G\u00fcne\u015fin parlakl\u0131\u011f\u0131 g\u00f6z\u00fcm\u00fcz\u00fc yorsa da, kama\u015ft\u0131rsa da y\u00fcz\u00fcn\u00fc g\u00fcne\u015fe d\u00f6nmek, \u00e7aba g\u00f6stermek ve umudunu yitirmeden m\u00fccadele etmektir. Kitab\u0131n, ba\u015f etme yolculu\u011funuzda yol g\u00f6sterici olmas\u0131 dile\u011fiyle&#8230; \ufffcTan\u0131t\u0131m Metni<\/p>\n","protected":false},"excerpt":{"rendered":"<p>Ac\u0131lar kadar mutluluklar, iyilikler kadar k\u00f6t\u00fcl\u00fckler vard\u0131r. Ya\u015fam kendi i\u00e7inde dengesini kurmu\u015ftur. San\u0131r\u0131m bizim de yapmam\u0131z gereken, ya\u015famda g\u00f6zlemledi\u011fimiz dengeyi i\u00e7 d\u00fcnyam\u0131zda kurmay\u0131 ba\u015farmakt\u0131r. Ba\u015f etme,<span class=\"excerpt-hellip\"> [\u2026]<\/span><\/p>\n","protected":false},"featured_media":0,"template":"","meta":{"_monsterinsights_skip_tracking":false,"_monsterinsights_sitenote_active":false,"_monsterinsights_sitenote_note":"","_monsterinsights_sitenote_category":0},"product_brand":[],"product_cat":[12364,12376],"product_tag":[],"class_list":{"0":"post-697985","1":"product","2":"type-product","3":"status-publish","5":"product_cat-genel-konular","6":"product_cat-kisisel-gelisim","7":"pa_tur-kitap","8":"pa_yayinevi-efil-yayinevi","9":"pa_yazar-zeynep-deniz-yondem","11":"first","12":"instock","13":"sale","14":"shipping-taxable","15":"purchasable","16":"product-type-simple"},"_links":{"self":[{"href":"https:\/\/roveyayinevi.com.tr\/index.php\/wp-json\/wp\/v2\/product\/697985","targetHints":{"allow":["GET"]}}],"collection":[{"href":"https:\/\/roveyayinevi.com.tr\/index.php\/wp-json\/wp\/v2\/product"}],"about":[{"href":"https:\/\/roveyayinevi.com.tr\/index.php\/wp-json\/wp\/v2\/types\/product"}],"wp:attachment":[{"href":"https:\/\/roveyayinevi.com.tr\/index.php\/wp-json\/wp\/v2\/media?parent=697985"}],"wp:term":[{"taxonomy":"product_brand","embeddable":true,"href":"https:\/\/roveyayinevi.com.tr\/index.php\/wp-json\/wp\/v2\/product_brand?post=697985"},{"taxonomy":"product_cat","embeddable":true,"href":"https:\/\/roveyayinevi.com.tr\/index.php\/wp-json\/wp\/v2\/product_cat?post=697985"},{"taxonomy":"product_tag","embeddable":true,"href":"https:\/\/roveyayinevi.com.tr\/index.php\/wp-json\/wp\/v2\/product_tag?post=697985"}],"curies":[{"name":"wp","href":"https:\/\/api.w.org\/{rel}","templated":true}]}}