{"id":697938,"date":"2025-08-27T14:42:40","date_gmt":"2025-08-27T11:42:40","guid":{"rendered":"https:\/\/roveyayinevi.com.tr\/index.php\/urun\/makamsal-dikte-ve-solfej\/"},"modified":"2026-04-16T02:07:26","modified_gmt":"2026-04-15T23:07:26","slug":"makamsal-dikte-ve-solfej","status":"publish","type":"product","link":"https:\/\/roveyayinevi.com.tr\/index.php\/urun\/makamsal-dikte-ve-solfej\/","title":{"rendered":"Makamsal Dikte ve Solfej"},"content":{"rendered":"<p>Makamsal Dikte ve Solfej iki ana b\u00f6l\u00fcmden olu\u015fuyor. Birinci B\u00f6l\u00fcmde makam terimi ve kavram\u0131na ili\u015fkin k\u0131sa ve \u00f6zl\u00fc bir tan\u0131mlama ve a\u00e7\u0131klamadan sonra makam\u0131n iki ana \u00f6gesi olan dizi ve seyir i\u015fleniyor. Makam dizilerinin yap\u0131 ve kurulu\u015f \u00f6geleri tablola\u015ft\u0131r\u0131larak ve notalanarak en uygun \u00f6rneklerle g\u00f6steriliyor. \u0130kinci B\u00f6l\u00fcmde makamsal i\u015fitme\/yazma (dikte) ve okuma (solfej) ile ilgili k\u0131sa ve \u00f6zl\u00fc bir a\u00e7\u0131klamadan sonra d\u00f6rtl\u00fcler ve be\u015flilerle i\u015fitme\/yazma ve okumaya ili\u015fkin haz\u0131rlanma, al\u0131\u015ft\u0131rma ve \u00e7al\u0131\u015ft\u0131rmalara yer veriliyor. Bu temel olu\u015fturucu ve haz\u0131rlay\u0131c\u0131 alt b\u00f6l\u00fcm\u00fcn ard\u0131ndan da makamsal i\u015fitme\/yazma ve okumaya ili\u015fkin haz\u0131rlanma, al\u0131\u015ft\u0131rma ve \u00e7al\u0131\u015ft\u0131rma par\u00e7alar\u0131 s\u0131ralan\u0131yor. T\u00fcm bu \u00f6rnek haz\u0131rlanma, al\u0131\u015ft\u0131rma ve \u00e7al\u0131\u015ft\u0131rma par\u00e7alar\u0131n\u0131n yerinden yaz\u0131ml\u0131 ve diyapazona g\u00f6re duyuldu\u011fu yerden yaz\u0131ml\u0131 olarak iki\u015fer dizekli verilmesi kitab\u0131 daha anlaml\u0131 ve yararl\u0131 k\u0131l\u0131yor. B\u00fct\u00fcn bunlar T\u00fcrk m\u00fczi\u011finin geni\u015f ve zengin yelpazesinden se\u00e7ilen 12 makam \u00fczerinde tasarlan\u0131yor ve ger\u00e7ekle\u015ftiriliyor. \ufffcTan\u0131t\u0131m Metni<\/p>\n","protected":false},"excerpt":{"rendered":"<p>Makamsal Dikte ve Solfej iki ana b\u00f6l\u00fcmden olu\u015fuyor. Birinci B\u00f6l\u00fcmde makam terimi ve kavram\u0131na ili\u015fkin k\u0131sa ve \u00f6zl\u00fc bir tan\u0131mlama ve a\u00e7\u0131klamadan sonra makam\u0131n iki ana<span class=\"excerpt-hellip\"> [\u2026]<\/span><\/p>\n","protected":false},"featured_media":0,"template":"","meta":{"_monsterinsights_skip_tracking":false,"_monsterinsights_sitenote_active":false,"_monsterinsights_sitenote_note":"","_monsterinsights_sitenote_category":0},"product_brand":[],"product_cat":[14556,14557],"product_tag":[],"class_list":{"0":"post-697938","1":"product","2":"type-product","3":"status-publish","5":"product_cat-muzik","6":"product_cat-nota-kitaplari","7":"pa_tur-kitap","8":"pa_yayinevi-arkadas-yayinlari-muzik-kitaplari","9":"pa_yazar-ferit-bulut","11":"first","12":"instock","13":"sale","14":"shipping-taxable","15":"purchasable","16":"product-type-simple"},"_links":{"self":[{"href":"https:\/\/roveyayinevi.com.tr\/index.php\/wp-json\/wp\/v2\/product\/697938","targetHints":{"allow":["GET"]}}],"collection":[{"href":"https:\/\/roveyayinevi.com.tr\/index.php\/wp-json\/wp\/v2\/product"}],"about":[{"href":"https:\/\/roveyayinevi.com.tr\/index.php\/wp-json\/wp\/v2\/types\/product"}],"wp:attachment":[{"href":"https:\/\/roveyayinevi.com.tr\/index.php\/wp-json\/wp\/v2\/media?parent=697938"}],"wp:term":[{"taxonomy":"product_brand","embeddable":true,"href":"https:\/\/roveyayinevi.com.tr\/index.php\/wp-json\/wp\/v2\/product_brand?post=697938"},{"taxonomy":"product_cat","embeddable":true,"href":"https:\/\/roveyayinevi.com.tr\/index.php\/wp-json\/wp\/v2\/product_cat?post=697938"},{"taxonomy":"product_tag","embeddable":true,"href":"https:\/\/roveyayinevi.com.tr\/index.php\/wp-json\/wp\/v2\/product_tag?post=697938"}],"curies":[{"name":"wp","href":"https:\/\/api.w.org\/{rel}","templated":true}]}}