{"id":697909,"date":"2025-08-27T14:42:32","date_gmt":"2025-08-27T11:42:32","guid":{"rendered":"https:\/\/roveyayinevi.com.tr\/index.php\/urun\/bar-filozofu\/"},"modified":"2026-04-16T02:07:26","modified_gmt":"2026-04-15T23:07:26","slug":"bar-filozofu","status":"publish","type":"product","link":"https:\/\/roveyayinevi.com.tr\/index.php\/urun\/bar-filozofu\/","title":{"rendered":"Bar Filozofu"},"content":{"rendered":"<p>Tanr\u0131 kendi ba\u015f\u0131na kald\u0131ramayaca\u011f\u0131 kadar b\u00fcy\u00fck bir bira f\u0131\u00e7\u0131s\u0131 yaratabilir mi?   Evrenin sonunda bir meyhane var m\u0131?   Bir bilgisayar, bira hakk\u0131nda fikir sahibi olabilir mi?  B\u00f6yle ayk\u0131r\u0131 sorular\u0131n yan\u0131t\u0131n\u0131 \u00f6\u011frenmeye haz\u0131r olun! Bar filozofu, biran\u0131n ve felsefenin d\u00fcnyalar\u0131n\u0131 birle\u015ftirerek sizi en \u00fcnl\u00fc ve \u015fa\u015f\u0131rt\u0131c\u0131 felsefi bilmeceleri \u00e7\u00f6zmeye \u00e7a\u011f\u0131r\u0131yor! Bar filozoflar\u0131 bu kitap sayesinde hem d\u00fcnyan\u0131n en kaliteli biralar\u0131n\u0131 tan\u0131ma hem de ilk\u00e7a\u011fdan g\u00fcn\u00fcm\u00fcze dek felsefecilerin akl\u0131n\u0131 en \u00e7ok kurcalayan konular \u00fcst\u00fcnde d\u00fc\u015f\u00fcnme f\u0131rsat\u0131n\u0131 yakalayacaklar. Kitab\u0131 okurken Lukretius\u2019un M\u0131zra\u011f\u0131, Zenon\u2019un \u0130kilemi, Platon\u2019un Bi\u00e7imleri gibi en eski felsefi d\u00fc\u015f\u00fcnceler ile Zamanda Yolculuk ve I\u015f\u0131nlanma Sorunsal\u0131 gibi en yeni tart\u0131\u015fmalar hakk\u0131nda bilgi sahibi olacaks\u0131n\u0131z. Bar filozofu hem e\u011flenmek hem felsefe yapmak isteyenler i\u00e7in birebir&#8230; <\/p>\n","protected":false},"excerpt":{"rendered":"<p>Tanr\u0131 kendi ba\u015f\u0131na kald\u0131ramayaca\u011f\u0131 kadar b\u00fcy\u00fck bir bira f\u0131\u00e7\u0131s\u0131 yaratabilir mi? Evrenin sonunda bir meyhane var m\u0131? Bir bilgisayar, bira hakk\u0131nda fikir sahibi olabilir mi? B\u00f6yle<span class=\"excerpt-hellip\"> [\u2026]<\/span><\/p>\n","protected":false},"featured_media":0,"template":"","meta":{"_monsterinsights_skip_tracking":false,"_monsterinsights_sitenote_active":false,"_monsterinsights_sitenote_note":"","_monsterinsights_sitenote_category":0},"product_brand":[],"product_cat":[12364],"product_tag":[],"class_list":{"0":"post-697909","1":"product","2":"type-product","3":"status-publish","5":"product_cat-genel-konular","6":"pa_cilt-ciltsiz","7":"pa_tur-kitap","8":"pa_yayinevi-omega","9":"pa_yazar-matt-lawrance","11":"first","12":"instock","13":"sale","14":"shipping-taxable","15":"purchasable","16":"product-type-simple"},"_links":{"self":[{"href":"https:\/\/roveyayinevi.com.tr\/index.php\/wp-json\/wp\/v2\/product\/697909","targetHints":{"allow":["GET"]}}],"collection":[{"href":"https:\/\/roveyayinevi.com.tr\/index.php\/wp-json\/wp\/v2\/product"}],"about":[{"href":"https:\/\/roveyayinevi.com.tr\/index.php\/wp-json\/wp\/v2\/types\/product"}],"wp:attachment":[{"href":"https:\/\/roveyayinevi.com.tr\/index.php\/wp-json\/wp\/v2\/media?parent=697909"}],"wp:term":[{"taxonomy":"product_brand","embeddable":true,"href":"https:\/\/roveyayinevi.com.tr\/index.php\/wp-json\/wp\/v2\/product_brand?post=697909"},{"taxonomy":"product_cat","embeddable":true,"href":"https:\/\/roveyayinevi.com.tr\/index.php\/wp-json\/wp\/v2\/product_cat?post=697909"},{"taxonomy":"product_tag","embeddable":true,"href":"https:\/\/roveyayinevi.com.tr\/index.php\/wp-json\/wp\/v2\/product_tag?post=697909"}],"curies":[{"name":"wp","href":"https:\/\/api.w.org\/{rel}","templated":true}]}}