{"id":697900,"date":"2025-08-27T14:42:29","date_gmt":"2025-08-27T11:42:29","guid":{"rendered":"https:\/\/roveyayinevi.com.tr\/index.php\/urun\/dunyanin-merkezine-yolculuk-3\/"},"modified":"2026-04-16T02:07:25","modified_gmt":"2026-04-15T23:07:25","slug":"dunyanin-merkezine-yolculuk-3","status":"publish","type":"product","link":"https:\/\/roveyayinevi.com.tr\/index.php\/urun\/dunyanin-merkezine-yolculuk-3\/","title":{"rendered":"D\u00fcnyan\u0131n Merkezine Yolculuk"},"content":{"rendered":"<p>Almanya&#8217;n\u0131n Hamburg kentinin eski mahallesinde k\u00fc\u00e7\u00fck bir ev; masan\u0131n \u00fczerinde \u00e7\u00f6z\u00fclmeyi bekleyen \u015fifreli bir yaz\u0131 duruyor. Gen\u00e7 Axel&#8217;in amcas\u0131 jeolog ve maden bilimci Profes\u00f6r Otto Liedenbrock, az \u00f6nce bu \u015fifreli pusulay\u0131 el yazmas\u0131 eski bir kitab\u0131 kar\u0131\u015ft\u0131r\u0131rken bulmu\u015ftu. Bu k\u00fc\u00e7\u00fcc\u00fck k\u00e2\u011f\u0131da \u015fifrelenen not, Profes\u00f6r Liedenbrock i\u00e7in, d\u00fcnyan\u0131n merkezine do\u011fru yolculu\u011fun s\u0131r perdesinin aralanmas\u0131 anlam\u0131na geliyordu. Amcas\u0131n\u0131n manevi k\u0131z\u0131 Grauben&#8217;e \u00e2\u015f\u0131k olan Axel&#8217;in, sonu\u00e7 vermeyece\u011fini bile bile, &#8220;magmaya do\u011fru yolculuk bizi eritmez mi&#8221; yolundaki itiraz\u0131na bilime \u00e2\u015f\u0131k Profes\u00f6r\u00fcn yan\u0131t\u0131, &#8220;Riski g\u00f6ze almayanlar, ba\u015far\u0131lara imza atamazlar&#8221; olacakt\u0131. Art\u0131k yapacak bir \u015fey yoktu; 24 May\u0131s 1863 Pazar g\u00fcn\u00fc trenle Danimarka&#8217;ya do\u011fru ba\u015flayan yolculuk, onlar\u0131 \u0130zlanda&#8217;n\u0131n ba\u015fkenti Reykjavik&#8217;e g\u00f6t\u00fcrecek ve burada anla\u015ft\u0131klar\u0131 rehber Hans ile d\u00fcnyan\u0131n merkezine gidebilmek i\u00e7in Sneffell Da\u011f\u0131&#8217;n\u0131n kraterlerindeki yolu bulmaya koyulacaklard\u0131. Bu yolculukta onlar\u0131 inan\u0131lmas\u0131 g\u00fc\u00e7 s\u00fcrprizler bekliyordu. Ve bir bekleyen daha vard\u0131: Axel&#8217;i \u00e7ok seven Grauben&#8230; Edebiyatta bilimkurgunun \u00f6nc\u00fclerinden, Jules Verne&#8217;nin (1828-1905) en \u00fcnl\u00fc romanlar\u0131ndan olan D\u00fcnyan\u0131n Merkezine Yolculuk, ilk kez 1864 y\u0131l\u0131nda bas\u0131ld\u0131. Daha hava ta\u015f\u0131t\u0131 ve pratik denizalt\u0131lar bile bulunmadan y\u0131llarca \u00f6nce, denizlerin alt\u0131, g\u00f6ky\u00fcz\u00fc ve uzaya ili\u015fkin konularda romanlara imza atan Jules Verne&#8217;in yap\u0131tlar\u0131 150&#8217;ye yak\u0131n dile \u00e7evrildi. <\/p>\n","protected":false},"excerpt":{"rendered":"<p>Almanya&#8217;n\u0131n Hamburg kentinin eski mahallesinde k\u00fc\u00e7\u00fck bir ev; masan\u0131n \u00fczerinde \u00e7\u00f6z\u00fclmeyi bekleyen \u015fifreli bir yaz\u0131 duruyor. Gen\u00e7 Axel&#8217;in amcas\u0131 jeolog ve maden bilimci Profes\u00f6r Otto Liedenbrock,<span class=\"excerpt-hellip\"> [\u2026]<\/span><\/p>\n","protected":false},"featured_media":0,"template":"","meta":{"_monsterinsights_skip_tracking":false,"_monsterinsights_sitenote_active":false,"_monsterinsights_sitenote_note":"","_monsterinsights_sitenote_category":0},"product_brand":[],"product_cat":[12274,12467],"product_tag":[],"class_list":{"0":"post-697900","1":"product","2":"type-product","3":"status-publish","5":"product_cat-cocuk-ve-genclik-kitaplari","6":"product_cat-dunya-klasikleri","7":"pa_cilt-ciltsiz","8":"pa_tur-kitap","9":"pa_yayinevi-arkadas-yayinlari","10":"pa_yazar-jules-verne","12":"first","13":"instock","14":"sale","15":"shipping-taxable","16":"purchasable","17":"product-type-simple"},"_links":{"self":[{"href":"https:\/\/roveyayinevi.com.tr\/index.php\/wp-json\/wp\/v2\/product\/697900","targetHints":{"allow":["GET"]}}],"collection":[{"href":"https:\/\/roveyayinevi.com.tr\/index.php\/wp-json\/wp\/v2\/product"}],"about":[{"href":"https:\/\/roveyayinevi.com.tr\/index.php\/wp-json\/wp\/v2\/types\/product"}],"wp:attachment":[{"href":"https:\/\/roveyayinevi.com.tr\/index.php\/wp-json\/wp\/v2\/media?parent=697900"}],"wp:term":[{"taxonomy":"product_brand","embeddable":true,"href":"https:\/\/roveyayinevi.com.tr\/index.php\/wp-json\/wp\/v2\/product_brand?post=697900"},{"taxonomy":"product_cat","embeddable":true,"href":"https:\/\/roveyayinevi.com.tr\/index.php\/wp-json\/wp\/v2\/product_cat?post=697900"},{"taxonomy":"product_tag","embeddable":true,"href":"https:\/\/roveyayinevi.com.tr\/index.php\/wp-json\/wp\/v2\/product_tag?post=697900"}],"curies":[{"name":"wp","href":"https:\/\/api.w.org\/{rel}","templated":true}]}}