{"id":697886,"date":"2025-08-27T14:42:26","date_gmt":"2025-08-27T11:42:26","guid":{"rendered":"https:\/\/roveyayinevi.com.tr\/index.php\/urun\/turkcedeki-yabanci-sozcukler-sozlugu-2\/"},"modified":"2026-04-16T02:07:25","modified_gmt":"2026-04-15T23:07:25","slug":"turkcedeki-yabanci-sozcukler-sozlugu-2","status":"publish","type":"product","link":"https:\/\/roveyayinevi.com.tr\/index.php\/urun\/turkcedeki-yabanci-sozcukler-sozlugu-2\/","title":{"rendered":"T\u00fcrk\u00e7edeki Yabanc\u0131 S\u00f6zc\u00fckler S\u00f6zl\u00fc\u011f\u00fc"},"content":{"rendered":"<p>&#8220;Ahlat\u0131n iyisini ay\u0131lar yer&#8221; atas\u00f6z\u00fcm\u00fczdeki ahlat, T\u00fcrk\u00e7e bir s\u00f6zc\u00fck m\u00fc? Ya &#8220;adam sen de&#8221; deyimindeki adam, o da m\u0131 T\u00fcrk\u00e7e de\u011fil? Badana, baston, bavul, bebe, berber, bezelye, dalavere, damacana, demet, efendi, fasulye, fener, gaf, g\u00fcbre, halat, haydut, kalas, pa\u00e7avra, papatya? Bunlar gibi \u00e7ok s\u0131k kulland\u0131\u011f\u0131m\u0131z daha nice s\u00f6zc\u00fck var ki, T\u00fcrk\u00e7e de\u011fil. T\u00fcrk\u00e7eye girmi\u015f, yerle\u015fmi\u015f say\u0131labilecek binlerce s\u00f6zc\u00fck yan\u0131nda, seyrek kullan\u0131lan binlerce yabanc\u0131 s\u00f6zc\u00fc\u011f\u00fc, toplu olarak bu s\u00f6zl\u00fckte bulacaks\u0131n\u0131z. Son y\u0131llarda T\u00fcrk\u00e7e, bat\u0131 dillerinin yo\u011fun bir sald\u0131r\u0131s\u0131yla kar\u015f\u0131 kar\u015f\u0131yad\u0131r. G\u00fcnl\u00fck ya\u015fam\u0131nda rastlad\u0131\u011f\u0131 yabanc\u0131 s\u00f6zc\u00fcklerin anlamlar\u0131n\u0131 \u00f6\u011frenmek isteyen ya da varsa T\u00fcrk\u00e7elerini kullanmay\u0131 d\u00fc\u015f\u00fcnenler i\u00e7in, bu s\u00f6zl\u00fc\u011f\u00fcn sa\u011flam, kullan\u0131\u015fl\u0131 bir ba\u015fvuru kayna\u011f\u0131 olaca\u011f\u0131na inan\u0131yoruz.<\/p>\n","protected":false},"excerpt":{"rendered":"<p>&#8220;Ahlat\u0131n iyisini ay\u0131lar yer&#8221; atas\u00f6z\u00fcm\u00fczdeki ahlat, T\u00fcrk\u00e7e bir s\u00f6zc\u00fck m\u00fc? Ya &#8220;adam sen de&#8221; deyimindeki adam, o da m\u0131 T\u00fcrk\u00e7e de\u011fil? Badana, baston, bavul, bebe, berber,<span class=\"excerpt-hellip\"> [\u2026]<\/span><\/p>\n","protected":false},"featured_media":0,"template":"","meta":{"_monsterinsights_skip_tracking":false,"_monsterinsights_sitenote_active":false,"_monsterinsights_sitenote_note":"","_monsterinsights_sitenote_category":0},"product_brand":[],"product_cat":[12364,16266],"product_tag":[],"class_list":{"0":"post-697886","1":"product","2":"type-product","3":"status-publish","5":"product_cat-genel-konular","6":"product_cat-referans-kaynak-kitap","7":"pa_cilt-ciltli","8":"pa_tur-kitap","9":"pa_yayinevi-arkadas-yayinlari","10":"pa_yazar-ali-puskulluoglu","12":"first","13":"instock","14":"sale","15":"shipping-taxable","16":"purchasable","17":"product-type-simple"},"_links":{"self":[{"href":"https:\/\/roveyayinevi.com.tr\/index.php\/wp-json\/wp\/v2\/product\/697886","targetHints":{"allow":["GET"]}}],"collection":[{"href":"https:\/\/roveyayinevi.com.tr\/index.php\/wp-json\/wp\/v2\/product"}],"about":[{"href":"https:\/\/roveyayinevi.com.tr\/index.php\/wp-json\/wp\/v2\/types\/product"}],"wp:attachment":[{"href":"https:\/\/roveyayinevi.com.tr\/index.php\/wp-json\/wp\/v2\/media?parent=697886"}],"wp:term":[{"taxonomy":"product_brand","embeddable":true,"href":"https:\/\/roveyayinevi.com.tr\/index.php\/wp-json\/wp\/v2\/product_brand?post=697886"},{"taxonomy":"product_cat","embeddable":true,"href":"https:\/\/roveyayinevi.com.tr\/index.php\/wp-json\/wp\/v2\/product_cat?post=697886"},{"taxonomy":"product_tag","embeddable":true,"href":"https:\/\/roveyayinevi.com.tr\/index.php\/wp-json\/wp\/v2\/product_tag?post=697886"}],"curies":[{"name":"wp","href":"https:\/\/api.w.org\/{rel}","templated":true}]}}