{"id":697864,"date":"2025-08-27T14:42:19","date_gmt":"2025-08-27T11:42:19","guid":{"rendered":"https:\/\/roveyayinevi.com.tr\/index.php\/urun\/bir-kadinin-penceresinden\/"},"modified":"2026-04-16T02:07:24","modified_gmt":"2026-04-15T23:07:24","slug":"bir-kadinin-penceresinden","status":"publish","type":"product","link":"https:\/\/roveyayinevi.com.tr\/index.php\/urun\/bir-kadinin-penceresinden\/","title":{"rendered":"Bir Kad\u0131n\u0131n Penceresinden"},"content":{"rendered":"<p>T\u00fcrk \u015fiirinde b\u00fcy\u00fck kanallar a\u00e7an Oktay Rifat\u2019\u0131n 1976 y\u0131l\u0131nda yay\u0131mlanan ilk roman\u0131 Bir Kad\u0131n\u0131n Penceresinden, 1975 T\u00fcrkiye\u2019sinde \u0130stanbul\u2019un ayd\u0131nlar \u00e7evresinde ge\u00e7en, \u00fc\u00e7 \u00e7ocuk annesi, evli bir gen\u00e7 kad\u0131nla gen\u00e7 ve evli bir devrimcinin yasak a\u015fk hik\u00e2yesine odaklan\u0131yor.\u201cBir s\u0131k\u0131nt\u0131 vard\u0131 i\u00e7inde Filiz\u2019in. \u00c7\u00f6z\u00fclmeyen d\u00fc\u011f\u00fcm\u00fcn, \u00e7\u0131kmayan \u00e7ivinin, d\u00f6nmeyen vidan\u0131n, yerli yerine oturmayan kapa\u011f\u0131n verdi\u011fi daralmaya benzer bir s\u0131k\u0131nt\u0131. Anlamad\u0131\u011f\u0131, anlayamad\u0131\u011f\u0131 bir \u015feyler d\u00f6n\u00fcyordu. Kirli i\u015flerin kokusu, \u0130stanbul\u2019un havas\u0131nda yerel esintilere kar\u0131\u015farak, a\u011f\u0131r ve sinsi, mahalle aralar\u0131na dek yay\u0131l\u0131yor, s\u0131va deliklerinden, aral\u0131klardan, e\u015fiklerden odalara, mutfaklara, e\u015fyaya, g\u00fcndelik ya\u015fama siniyordu.Anlayam\u0131yordu Filiz ama kokuyu al\u0131yordu. Olmu\u015f bir kan \u00e7\u0131ban\u0131ndan geliyordu sanki koku. Gazeteler \u00e7alan \u00e7\u0131rpanlar\u0131n, devlet hazinesini soyanlar\u0131n, komandolar\u0131n, \u015feriat\u00e7\u0131lar\u0131n, \u00f6ld\u00fcr\u00fclen gen\u00e7lerin \u00f6yk\u00fcleriyle doluydu. Kimi insanlar yine eskisi gibi ya\u015fay\u0131p gidiyorlard\u0131. Rak\u0131 i\u00e7iyorlar, y\u00f6netimi ele\u015ftiriyorlar, at\u0131p tutuyorlar, sonra geceleri yan gelip sabaha dek horul horul uyuyorlard\u0131.Bu farfaralar\u0131n ba\u015f\u0131na bir i\u015f gelmedi\u011fi, gelmeyece\u011fi belliydi. Buna kar\u015f\u0131l\u0131k bir k\u0131y\u0131m vard\u0131 i\u00e7ten i\u00e7e ve kimi zaman a\u00e7\u0131ktan a\u00e7\u0131\u011fa. Kimdi, kimlerdi bu k\u0131y\u0131ma u\u011frayanlar! Selim ve benzerleri, diye d\u00fc\u015f\u00fcn\u00fcyordu Filiz. Sonra d\u00fc\u015f\u00fcnce i\u00e7eri\u011finden soyunuyor, Selim kal\u0131yordu tek ba\u015f\u0131na k\u0131y\u0131m\u0131n \u00f6n\u00fcnde.\u201c <\/p>\n","protected":false},"excerpt":{"rendered":"<p>T\u00fcrk \u015fiirinde b\u00fcy\u00fck kanallar a\u00e7an Oktay Rifat\u2019\u0131n 1976 y\u0131l\u0131nda yay\u0131mlanan ilk roman\u0131 Bir Kad\u0131n\u0131n Penceresinden, 1975 T\u00fcrkiye\u2019sinde \u0130stanbul\u2019un ayd\u0131nlar \u00e7evresinde ge\u00e7en, \u00fc\u00e7 \u00e7ocuk annesi, evli bir<span class=\"excerpt-hellip\"> [\u2026]<\/span><\/p>\n","protected":false},"featured_media":0,"template":"","meta":{"_monsterinsights_skip_tracking":false,"_monsterinsights_sitenote_active":false,"_monsterinsights_sitenote_note":"","_monsterinsights_sitenote_category":0},"product_brand":[],"product_cat":[12291,12292],"product_tag":[],"class_list":{"0":"post-697864","1":"product","2":"type-product","3":"status-publish","5":"product_cat-edebiyat","6":"product_cat-turk-edebiyati","7":"pa_cilt-ciltsiz","8":"pa_tur-kitap","9":"pa_yayinevi-yapi-kredi-yayinlari","10":"pa_yazar-oktay-rifat","12":"first","13":"instock","14":"sale","15":"shipping-taxable","16":"purchasable","17":"product-type-simple"},"_links":{"self":[{"href":"https:\/\/roveyayinevi.com.tr\/index.php\/wp-json\/wp\/v2\/product\/697864","targetHints":{"allow":["GET"]}}],"collection":[{"href":"https:\/\/roveyayinevi.com.tr\/index.php\/wp-json\/wp\/v2\/product"}],"about":[{"href":"https:\/\/roveyayinevi.com.tr\/index.php\/wp-json\/wp\/v2\/types\/product"}],"wp:attachment":[{"href":"https:\/\/roveyayinevi.com.tr\/index.php\/wp-json\/wp\/v2\/media?parent=697864"}],"wp:term":[{"taxonomy":"product_brand","embeddable":true,"href":"https:\/\/roveyayinevi.com.tr\/index.php\/wp-json\/wp\/v2\/product_brand?post=697864"},{"taxonomy":"product_cat","embeddable":true,"href":"https:\/\/roveyayinevi.com.tr\/index.php\/wp-json\/wp\/v2\/product_cat?post=697864"},{"taxonomy":"product_tag","embeddable":true,"href":"https:\/\/roveyayinevi.com.tr\/index.php\/wp-json\/wp\/v2\/product_tag?post=697864"}],"curies":[{"name":"wp","href":"https:\/\/api.w.org\/{rel}","templated":true}]}}