{"id":697845,"date":"2025-08-27T14:42:13","date_gmt":"2025-08-27T11:42:13","guid":{"rendered":"https:\/\/roveyayinevi.com.tr\/index.php\/urun\/oz-turkce-sozluk\/"},"modified":"2026-04-16T02:07:24","modified_gmt":"2026-04-15T23:07:24","slug":"oz-turkce-sozluk","status":"publish","type":"product","link":"https:\/\/roveyayinevi.com.tr\/index.php\/urun\/oz-turkce-sozluk\/","title":{"rendered":"\u00d6z T\u00fcrk\u00e7e S\u00f6zl\u00fck"},"content":{"rendered":"<p>Ali P\u00fcsk\u00fcll\u00fco\u011flu\u2019nun s\u00fcrekli \u00e7al\u0131\u015fmalar\u0131yla her bask\u0131s\u0131nda geli\u015fen bu s\u00f6zl\u00fc\u011f\u00fcn ere\u011fi, Dil Devrimi\u2019yle dilimize kazand\u0131r\u0131lm\u0131\u015f s\u00f6zc\u00fckleri, terimleri \u00f6\u011fretmektedir. \u00d6z T\u00fcrk\u00e7e S\u00f6zl\u00fck\u2019teki s\u00f6zc\u00fcklerin bir\u00e7o\u011fu ba\u015fka hi\u00e7bir s\u00f6zl\u00fckte yoktur ve pek \u00e7ok s\u00f6zc\u00fck, ilk kez bu s\u00f6zl\u00fckle &#8220;s\u00f6zl\u00fc\u011f\u00fc girmi\u015f&#8221; olmaktad\u0131r. Bu yeni bask\u0131yla da yeni s\u00f6zc\u00fckler ve terimler eklenmi\u015ftir. S\u00f6zl\u00fc\u011f\u00fcn &#8220;T\u00fcrk\u00e7e Kar\u015f\u0131l\u0131klar K\u0131lavuzu&#8221; b\u00f6l\u00fcm\u00fcnde, Osmanl\u0131ca s\u00f6zc\u00fck ve terimlerin T\u00fcrk\u00e7e kar\u015f\u0131l\u0131klar\u0131 g\u00f6sterilmi\u015ftir. Yazarken T\u00fcrk\u00e7e s\u00f6zc\u00fckler kullanman\u0131zda bu b\u00f6l\u00fcm size yard\u0131mc\u0131 olacakt\u0131r. \u00d6z T\u00fcrk\u00e7e s\u00f6zc\u00fcklerin nas\u0131l kullan\u0131ld\u0131\u011f\u0131n\u0131 yazarlardan al\u0131nm\u0131\u015f \u00f6rneklerle g\u00f6steren bu s\u00f6zl\u00fck, her zaman ba\u015fvurabilecek bir kaynakt\u0131r.<\/p>\n","protected":false},"excerpt":{"rendered":"<p>Ali P\u00fcsk\u00fcll\u00fco\u011flu\u2019nun s\u00fcrekli \u00e7al\u0131\u015fmalar\u0131yla her bask\u0131s\u0131nda geli\u015fen bu s\u00f6zl\u00fc\u011f\u00fcn ere\u011fi, Dil Devrimi\u2019yle dilimize kazand\u0131r\u0131lm\u0131\u015f s\u00f6zc\u00fckleri, terimleri \u00f6\u011fretmektedir. \u00d6z T\u00fcrk\u00e7e S\u00f6zl\u00fck\u2019teki s\u00f6zc\u00fcklerin bir\u00e7o\u011fu ba\u015fka hi\u00e7bir s\u00f6zl\u00fckte yoktur<span class=\"excerpt-hellip\"> [\u2026]<\/span><\/p>\n","protected":false},"featured_media":0,"template":"","meta":{"_monsterinsights_skip_tracking":false,"_monsterinsights_sitenote_active":false,"_monsterinsights_sitenote_note":"","_monsterinsights_sitenote_category":0},"product_brand":[],"product_cat":[12566,13611,19496],"product_tag":[],"class_list":{"0":"post-697845","1":"product","2":"type-product","3":"status-publish","5":"product_cat-egitim","6":"product_cat-sozlukler-ve-konusma-kilavuzlari","7":"product_cat-turkce-sozlukler","8":"pa_cilt-ciltsiz","9":"pa_tur-kitap","10":"pa_yayinevi-arkadas-yayinlari","11":"pa_yazar-ali-puskulluoglu","13":"first","14":"instock","15":"sale","16":"shipping-taxable","17":"purchasable","18":"product-type-simple"},"_links":{"self":[{"href":"https:\/\/roveyayinevi.com.tr\/index.php\/wp-json\/wp\/v2\/product\/697845","targetHints":{"allow":["GET"]}}],"collection":[{"href":"https:\/\/roveyayinevi.com.tr\/index.php\/wp-json\/wp\/v2\/product"}],"about":[{"href":"https:\/\/roveyayinevi.com.tr\/index.php\/wp-json\/wp\/v2\/types\/product"}],"wp:attachment":[{"href":"https:\/\/roveyayinevi.com.tr\/index.php\/wp-json\/wp\/v2\/media?parent=697845"}],"wp:term":[{"taxonomy":"product_brand","embeddable":true,"href":"https:\/\/roveyayinevi.com.tr\/index.php\/wp-json\/wp\/v2\/product_brand?post=697845"},{"taxonomy":"product_cat","embeddable":true,"href":"https:\/\/roveyayinevi.com.tr\/index.php\/wp-json\/wp\/v2\/product_cat?post=697845"},{"taxonomy":"product_tag","embeddable":true,"href":"https:\/\/roveyayinevi.com.tr\/index.php\/wp-json\/wp\/v2\/product_tag?post=697845"}],"curies":[{"name":"wp","href":"https:\/\/api.w.org\/{rel}","templated":true}]}}