{"id":697815,"date":"2025-08-27T14:41:57","date_gmt":"2025-08-27T11:41:57","guid":{"rendered":"https:\/\/roveyayinevi.com.tr\/index.php\/urun\/konuk-degil-bas-belasi\/"},"modified":"2026-04-16T02:07:23","modified_gmt":"2026-04-15T23:07:23","slug":"konuk-degil-bas-belasi","status":"publish","type":"product","link":"https:\/\/roveyayinevi.com.tr\/index.php\/urun\/konuk-degil-bas-belasi\/","title":{"rendered":"Konuk De\u011fil Ba\u015f Belas\u0131"},"content":{"rendered":"<p>Arkada\u015fl\u0131k ve ho\u015fg\u00f6r\u00fc \u00fczerine bir ba\u015fyap\u0131t!13 ya\u015f\u0131ndaki Ewald&#8217;\u0131n ailesi, \u0130ngilizce&#8217;sini ilerletmesi i\u00e7in, bir \u0130ngiliz \u00e7ocu\u011fu evlerinde konuk etmeye karar verir. Ewald&#8217;\u0131n bu i\u015fe fena halde can\u0131 s\u0131k\u0131l\u0131r. Ancak, onun ve ailesinin can\u0131n\u0131 as\u0131l s\u0131kacak \u015fey yoldad\u0131r. Son anda baca\u011f\u0131 k\u0131r\u0131lan konuk \u00e7ocuk Tom yerine tuhaf a\u011fabeyi Jasper iner u\u00e7aktan. Jasper&#8217;la ya\u015famak Ewald ve ailesi i\u00e7in al\u0131\u015f\u0131lmad\u0131k bir deneyim olur. Davran\u0131\u015flar\u0131n\u0131n nedenini \u00f6\u011frenmekse, herkeste tam bir \u015fok yaratacakt\u0131r&#8230;Pek \u00e7ok kitab\u0131 d\u00fcnya \u00e7ocuk edebiyat\u0131n\u0131n klasikleri aras\u0131nda say\u0131lan Christine N\u00f6stlinger her \u015feyin g\u00f6r\u00fcnd\u00fc\u011f\u00fc gibi olmayabilece\u011fini, kar\u015f\u0131l\u0131kl\u0131 ho\u015fg\u00f6r\u00fc ve anlay\u0131\u015f\u0131n her kap\u0131y\u0131 a\u00e7abilece\u011fini, farkl\u0131 olan\u0131 d\u0131\u015flamamak gerekti\u011fini ak\u0131lc\u0131 bir kurguyla bir kez daha vurguluyor. <\/p>\n","protected":false},"excerpt":{"rendered":"<p>Arkada\u015fl\u0131k ve ho\u015fg\u00f6r\u00fc \u00fczerine bir ba\u015fyap\u0131t!13 ya\u015f\u0131ndaki Ewald&#8217;\u0131n ailesi, \u0130ngilizce&#8217;sini ilerletmesi i\u00e7in, bir \u0130ngiliz \u00e7ocu\u011fu evlerinde konuk etmeye karar verir. Ewald&#8217;\u0131n bu i\u015fe fena halde can\u0131<span class=\"excerpt-hellip\"> [\u2026]<\/span><\/p>\n","protected":false},"featured_media":0,"template":"","meta":{"_monsterinsights_skip_tracking":false,"_monsterinsights_sitenote_active":false,"_monsterinsights_sitenote_note":"","_monsterinsights_sitenote_category":0},"product_brand":[],"product_cat":[12275,12274],"product_tag":[],"class_list":{"0":"post-697815","1":"product","2":"type-product","3":"status-publish","5":"product_cat-6-12-yas-kitaplari","6":"product_cat-cocuk-ve-genclik-kitaplari","7":"pa_cilt-ciltsiz","8":"pa_tur-kitap","9":"pa_yayinevi-gunisigi-kitapligi","10":"pa_yazar-christine-nostlinger","12":"first","13":"instock","14":"sale","15":"shipping-taxable","16":"purchasable","17":"product-type-simple"},"_links":{"self":[{"href":"https:\/\/roveyayinevi.com.tr\/index.php\/wp-json\/wp\/v2\/product\/697815","targetHints":{"allow":["GET"]}}],"collection":[{"href":"https:\/\/roveyayinevi.com.tr\/index.php\/wp-json\/wp\/v2\/product"}],"about":[{"href":"https:\/\/roveyayinevi.com.tr\/index.php\/wp-json\/wp\/v2\/types\/product"}],"wp:attachment":[{"href":"https:\/\/roveyayinevi.com.tr\/index.php\/wp-json\/wp\/v2\/media?parent=697815"}],"wp:term":[{"taxonomy":"product_brand","embeddable":true,"href":"https:\/\/roveyayinevi.com.tr\/index.php\/wp-json\/wp\/v2\/product_brand?post=697815"},{"taxonomy":"product_cat","embeddable":true,"href":"https:\/\/roveyayinevi.com.tr\/index.php\/wp-json\/wp\/v2\/product_cat?post=697815"},{"taxonomy":"product_tag","embeddable":true,"href":"https:\/\/roveyayinevi.com.tr\/index.php\/wp-json\/wp\/v2\/product_tag?post=697815"}],"curies":[{"name":"wp","href":"https:\/\/api.w.org\/{rel}","templated":true}]}}