{"id":697807,"date":"2025-08-27T14:41:55","date_gmt":"2025-08-27T11:41:55","guid":{"rendered":"https:\/\/roveyayinevi.com.tr\/index.php\/urun\/yeni-ahlak-toplumu-insasi\/"},"modified":"2026-04-16T02:07:23","modified_gmt":"2026-04-15T23:07:23","slug":"yeni-ahlak-toplumu-insasi","status":"publish","type":"product","link":"https:\/\/roveyayinevi.com.tr\/index.php\/urun\/yeni-ahlak-toplumu-insasi\/","title":{"rendered":"Yeni Ahlak Toplumu \u0130n\u015fas\u0131"},"content":{"rendered":"<p>\u00c7al\u0131\u015fmada birinci b\u00f6l\u00fcmde neden yeni bir ahl\u00e2k toplumuna ihtiya\u00e7 duyuldu\u011funu ortaya koyabilmek i\u00e7in g\u00fcn\u00fcm\u00fczde T\u00fcrkiye ve d\u00fcnyan\u0131n sosyo-ekonomik ve sosyo-k\u00fclt\u00fcrel genel g\u00f6r\u00fcn\u00fcm\u00fc verilmi\u015fti.\u0130kinci b\u00f6l\u00fcmde ise ahl\u00e2k\u0131n, toplum hayat\u0131nda faal olan unsurlar\u0131n \u00f6nemli bir k\u0131s\u0131m parametreleriyle olan ili\u015fkisi ele al\u0131nm\u0131\u015ft\u0131r.\u00dc\u00e7\u00fcnc\u00fc b\u00f6l\u00fcmde b\u00fct\u00fcn toplumsal de\u011fi\u015fmeleri ger\u00e7ekle\u015ftiren &#8220;insan unsuru&#8221;nun farkl\u0131 k\u00fclt\u00fcrlerde farkl\u0131 de\u011ferler taraf\u0131ndan in\u015fa edildi\u011fi ortaya konularak yery\u00fcz\u00fcnde&#8221; tek bir insan&#8221; tipinden bahsedilemeyece\u011fi, farkl\u0131 k\u00fclt\u00fcrlerin farkl\u0131 insan tipi \u00f6zelliklerine g\u00f6re \u015fekil ald\u0131klar\u0131 ortaya konmu\u015ftur.D\u00f6rd\u00fcnc\u00fc b\u00f6l\u00fcmde ise materyalist de\u011ferler \u00fczerinde kurulmu\u015f bilgi toplumu s\u00fcreci i\u00e7inden ge\u00e7ilirken &#8220;yeni ahl\u00e2k toplumu&#8221;nun in\u015fas\u0131n\u0131n ger\u00e7ekle\u015ftirmesi muhtemel g\u00f6z\u00fcken unsurlar ele al\u0131narak mukayeseli olarak analiz edilmi\u015ftir.Sonu\u00e7 olarak bu \u00e7al\u0131\u015fmada modern, post modern Bat\u0131 medeniyetinin eksik oldu\u011fu b\u00fct\u00fcnl\u00fck\u00e7\u00fc &#8220;ahl\u00e2k toplumu&#8221; anlay\u0131\u015f\u0131 \u00fczerinden d\u00fcnyan\u0131n muhtemel ihtiya\u00e7 duymu\u015f oldu\u011fu yeni bir medeniyet sistem yakla\u015f\u0131m\u0131 denemesi yap\u0131lmaya \u00e7al\u0131\u015f\u0131lm\u0131\u015ft\u0131r.Konu Ba\u015fl\u0131klar\u0131T\u00fcrkiye ve D\u00fcnyan\u0131n Sosyo\u2013Ekonomik ve Sosyo\u2013K\u00fclt\u00fcrel De\u011ferlendirilmesiAhlak Kavram\u0131n\u0131n \u0130nsan, Toplum, Ekonomi, Siyaset ve Di\u011fer Parametrelerle \u0130li\u015fkisiFert\u2013Birey Farkl\u0131la\u015fmas\u0131 \u00dczerinden Toplum \u0130nsan\u2013Ahlak \u0130li\u015fkisinin \u00d6zg\u00fcnl\u00fc\u011f\u00fcYeni Ahlak Merkezli Toplum \u0130n\u015faas\u0131 <\/p>\n","protected":false},"excerpt":{"rendered":"<p>\u00c7al\u0131\u015fmada birinci b\u00f6l\u00fcmde neden yeni bir ahl\u00e2k toplumuna ihtiya\u00e7 duyuldu\u011funu ortaya koyabilmek i\u00e7in g\u00fcn\u00fcm\u00fczde T\u00fcrkiye ve d\u00fcnyan\u0131n sosyo-ekonomik ve sosyo-k\u00fclt\u00fcrel genel g\u00f6r\u00fcn\u00fcm\u00fc verilmi\u015fti.\u0130kinci b\u00f6l\u00fcmde ise ahl\u00e2k\u0131n,<span class=\"excerpt-hellip\"> [\u2026]<\/span><\/p>\n","protected":false},"featured_media":0,"template":"","meta":{"_monsterinsights_skip_tracking":false,"_monsterinsights_sitenote_active":false,"_monsterinsights_sitenote_note":"","_monsterinsights_sitenote_category":0},"product_brand":[],"product_cat":[14787,13488],"product_tag":[],"class_list":{"0":"post-697807","1":"product","2":"type-product","3":"status-publish","5":"product_cat-diger-toplum-ve-insan","6":"product_cat-toplum-ve-insan","7":"pa_cilt-ciltsiz","8":"pa_tur-kitap","9":"pa_yayinevi-gazi-kitabevi","10":"pa_yazar-osman-simsek","12":"first","13":"instock","14":"sale","15":"shipping-taxable","16":"purchasable","17":"product-type-simple"},"_links":{"self":[{"href":"https:\/\/roveyayinevi.com.tr\/index.php\/wp-json\/wp\/v2\/product\/697807","targetHints":{"allow":["GET"]}}],"collection":[{"href":"https:\/\/roveyayinevi.com.tr\/index.php\/wp-json\/wp\/v2\/product"}],"about":[{"href":"https:\/\/roveyayinevi.com.tr\/index.php\/wp-json\/wp\/v2\/types\/product"}],"wp:attachment":[{"href":"https:\/\/roveyayinevi.com.tr\/index.php\/wp-json\/wp\/v2\/media?parent=697807"}],"wp:term":[{"taxonomy":"product_brand","embeddable":true,"href":"https:\/\/roveyayinevi.com.tr\/index.php\/wp-json\/wp\/v2\/product_brand?post=697807"},{"taxonomy":"product_cat","embeddable":true,"href":"https:\/\/roveyayinevi.com.tr\/index.php\/wp-json\/wp\/v2\/product_cat?post=697807"},{"taxonomy":"product_tag","embeddable":true,"href":"https:\/\/roveyayinevi.com.tr\/index.php\/wp-json\/wp\/v2\/product_tag?post=697807"}],"curies":[{"name":"wp","href":"https:\/\/api.w.org\/{rel}","templated":true}]}}