{"id":697794,"date":"2025-08-27T14:41:51","date_gmt":"2025-08-27T11:41:51","guid":{"rendered":"https:\/\/roveyayinevi.com.tr\/index.php\/urun\/agactaki-ev\/"},"modified":"2026-04-16T02:07:22","modified_gmt":"2026-04-15T23:07:22","slug":"agactaki-ev","status":"publish","type":"product","link":"https:\/\/roveyayinevi.com.tr\/index.php\/urun\/agactaki-ev\/","title":{"rendered":"A\u011fa\u00e7taki Ev"},"content":{"rendered":"<p>A\u011fa\u00e7 tepesinde yeni bir ya\u015fam, huysuz bir kom\u015fu ve tuhaf olaylar\u2026Sosyal sorunlar\u0131 s\u0131rad\u0131\u015f\u0131 bir hayal g\u00fcc\u00fc ve masals\u0131 bir mizahla ele alan, \u0130talyan \u00e7ocuk edebiyat\u0131n\u0131n kli\u015felere d\u00fc\u015fman yazar\u0131 Bianca Pitzorno ilk kez T\u00fcrk\u00e7e\u2019de. Biri \u00e7ocuk di\u011feri yeti\u015fkin iki insan\u0131n \u015fehirden uzak ama sevdiklerine yak\u0131n ya\u015fam\u0131n\u0131 anlatan bu s\u0131rad\u0131\u015f\u0131 roman, insanlarla i\u00e7 i\u00e7e ya\u015famaktan b\u0131k\u0131p da k\u0131rsalda huzur arayan g\u00fcn\u00fcm\u00fcz insan\u0131na b\u00fcy\u00fcl\u00fc bir ger\u00e7eklikle bak\u0131yor. Canl\u0131lar\u0131n bir arada ya\u015fama durumunu hem karikat\u00fcrize eden hem de s\u0131radan durum ve diyaloglarla kurgulayan Pitzorno, insan\u0131n ya\u015fad\u0131\u011f\u0131 do\u011fay\u0131 de\u011fi\u015ftirici \u00f6zelli\u011fine vurgu yap\u0131yor, toplumsalla\u015fan bireyin do\u011fadan kopu\u015funa ele\u015ftirel bir g\u00f6zle yakla\u015f\u0131yor. Hayvanlar\u0131n uyum sa\u011flama yetileriyle, insanlar\u0131n bulunduklar\u0131 ortamlar\u0131 uyarlay\u0131c\u0131 y\u00f6nleri aras\u0131nda mizah dolu bir z\u0131tl\u0131k yaratan kitapta, u\u00e7an k\u00f6pekler, konu\u015fan kediler, miyavlayan bebekler, etobur bitkiler, usta sanat\u00e7\u0131 Quentin Blake\u2019in ne\u015feli desenleriyle canlan\u0131yor.Aglaia da, Bianca da \u015fehirde apartman dairesine t\u0131k\u0131l\u0131 ya\u015famaktan s\u0131k\u0131lm\u0131\u015flard\u0131. Aglaia sekiz ya\u015f\u0131ndayd\u0131, Bianca ise bir yeti\u015fkindi. Kocaman bir me\u015fenin dallar\u0131nda kendilerine s\u0131cak bir yuva kurdular ve kedileri M\u00fcrd\u00fcm\u2019le birlikte keyifli bir ya\u015fama ba\u015flad\u0131lar. A\u011fa\u00e7taki evi ba\u015fka bilen yoktu. Daha do\u011frusu, onlar \u00f6yle san\u0131yordu. A\u011faca ne zaman yerle\u015fti\u011fi bilinmeyen tuhaf kom\u015fular\u0131 \u00c7al\u00e7ene Bo\u015fbo\u011faz Bey\u2019le tan\u0131\u015ft\u0131klar\u0131 g\u00fcn, huzurlar\u0131n\u0131 ka\u00e7\u0131ran olaylar da ba\u015flad\u0131\u2026 <\/p>\n","protected":false},"excerpt":{"rendered":"<p>A\u011fa\u00e7 tepesinde yeni bir ya\u015fam, huysuz bir kom\u015fu ve tuhaf olaylar\u2026Sosyal sorunlar\u0131 s\u0131rad\u0131\u015f\u0131 bir hayal g\u00fcc\u00fc ve masals\u0131 bir mizahla ele alan, \u0130talyan \u00e7ocuk edebiyat\u0131n\u0131n kli\u015felere<span class=\"excerpt-hellip\"> [\u2026]<\/span><\/p>\n","protected":false},"featured_media":0,"template":"","meta":{"_monsterinsights_skip_tracking":false,"_monsterinsights_sitenote_active":false,"_monsterinsights_sitenote_note":"","_monsterinsights_sitenote_category":0},"product_brand":[],"product_cat":[12274,12523],"product_tag":[],"class_list":{"0":"post-697794","1":"product","2":"type-product","3":"status-publish","5":"product_cat-cocuk-ve-genclik-kitaplari","6":"product_cat-masallar","7":"pa_cilt-ciltsiz","8":"pa_tur-kitap","9":"pa_yayinevi-gunisigi-kitapligi","10":"pa_yazar-bianca-pitzorno","12":"first","13":"instock","14":"sale","15":"shipping-taxable","16":"purchasable","17":"product-type-simple"},"_links":{"self":[{"href":"https:\/\/roveyayinevi.com.tr\/index.php\/wp-json\/wp\/v2\/product\/697794","targetHints":{"allow":["GET"]}}],"collection":[{"href":"https:\/\/roveyayinevi.com.tr\/index.php\/wp-json\/wp\/v2\/product"}],"about":[{"href":"https:\/\/roveyayinevi.com.tr\/index.php\/wp-json\/wp\/v2\/types\/product"}],"wp:attachment":[{"href":"https:\/\/roveyayinevi.com.tr\/index.php\/wp-json\/wp\/v2\/media?parent=697794"}],"wp:term":[{"taxonomy":"product_brand","embeddable":true,"href":"https:\/\/roveyayinevi.com.tr\/index.php\/wp-json\/wp\/v2\/product_brand?post=697794"},{"taxonomy":"product_cat","embeddable":true,"href":"https:\/\/roveyayinevi.com.tr\/index.php\/wp-json\/wp\/v2\/product_cat?post=697794"},{"taxonomy":"product_tag","embeddable":true,"href":"https:\/\/roveyayinevi.com.tr\/index.php\/wp-json\/wp\/v2\/product_tag?post=697794"}],"curies":[{"name":"wp","href":"https:\/\/api.w.org\/{rel}","templated":true}]}}