{"id":697786,"date":"2025-08-27T14:41:49","date_gmt":"2025-08-27T11:41:49","guid":{"rendered":"https:\/\/roveyayinevi.com.tr\/index.php\/urun\/iste-simdi-hapi-yuttum\/"},"modified":"2026-04-16T02:07:22","modified_gmt":"2026-04-15T23:07:22","slug":"iste-simdi-hapi-yuttum","status":"publish","type":"product","link":"https:\/\/roveyayinevi.com.tr\/index.php\/urun\/iste-simdi-hapi-yuttum\/","title":{"rendered":"\u0130\u015fte \u015eimdi Hap\u0131 Yuttum!"},"content":{"rendered":"<p>\u0130lk a\u015fk, ilk hayalk\u0131r\u0131kl\u0131\u011f\u0131, ilk ba\u015fedilmesi g\u00fc\u00e7 sorunlar\u2026Sabahlar\u0131 okula giderken tramvay dura\u011f\u0131nda kar\u015f\u0131la\u015ft\u0131\u011f\u0131 yak\u0131\u015f\u0131kl\u0131 delikanl\u0131, Julia\u2019n\u0131n ilgisini \u00e7ekmektedir. Sonunda tan\u0131\u015ft\u0131\u011f\u0131 Stephan\u2019la zamanla yak\u0131nla\u015f\u0131rlar. Ancak, Stephan\u2019\u0131n okul arkada\u015f\u0131 Gustav iki gencin bir araya gelmesine ve yaln\u0131z kalmalar\u0131na bir t\u00fcrl\u00fc izin vermez. A\u015f\u0131r\u0131 kilolu olan ve ergenlik sivilceleriyle bo\u011fu\u015fan Gustav, sempatik g\u00f6r\u00fcnmeye \u00e7al\u0131\u015f\u0131rken itici olmakta ve d\u0131\u015flanmaktad\u0131r. Onun a\u015f\u0131r\u0131ya ka\u00e7an bu itici davran\u0131\u015flar\u0131n\u0131n asl\u0131nda fiziksel \u00f6zelliklerinden duydu\u011fu rahats\u0131zl\u0131ktan kaynakland\u0131\u011f\u0131n\u0131 ke\u015ffeden Julia, daha anlay\u0131\u015fl\u0131 olmaya \u00e7abalar. Ama, Julia\u2019dan \u00e7ok ho\u015flanan Gustav\u2019\u0131n b\u00fct\u00fcn giri\u015fimleri bo\u015fa \u00e7\u0131kar. Stephan\u2019la Julia birbirlerine \u00e2\u015f\u0131k olmu\u015flard\u0131r bile. Art\u0131k, iki gencin \u00f6n\u00fcndeki en \u00f6nemli sorun, ayr\u0131 ge\u00e7irecekleri yaz tatilidir. Zaten yeterince k\u00f6t\u00fc olan bu ayr\u0131l\u0131k, bir yanl\u0131\u015f anlama sonucunda Stephan\u2019\u0131n Julia\u2019ya b\u0131rakt\u0131\u011f\u0131 veda mektubuyla tam bir k\u00e2busa d\u00f6n\u00fc\u015f\u00fcr\u2026 <\/p>\n","protected":false},"excerpt":{"rendered":"<p>\u0130lk a\u015fk, ilk hayalk\u0131r\u0131kl\u0131\u011f\u0131, ilk ba\u015fedilmesi g\u00fc\u00e7 sorunlar\u2026Sabahlar\u0131 okula giderken tramvay dura\u011f\u0131nda kar\u015f\u0131la\u015ft\u0131\u011f\u0131 yak\u0131\u015f\u0131kl\u0131 delikanl\u0131, Julia\u2019n\u0131n ilgisini \u00e7ekmektedir. Sonunda tan\u0131\u015ft\u0131\u011f\u0131 Stephan\u2019la zamanla yak\u0131nla\u015f\u0131rlar. Ancak, Stephan\u2019\u0131n okul<span class=\"excerpt-hellip\"> [\u2026]<\/span><\/p>\n","protected":false},"featured_media":0,"template":"","meta":{"_monsterinsights_skip_tracking":false,"_monsterinsights_sitenote_active":false,"_monsterinsights_sitenote_note":"","_monsterinsights_sitenote_category":0},"product_brand":[],"product_cat":[12291,12711],"product_tag":[],"class_list":{"0":"post-697786","1":"product","2":"type-product","3":"status-publish","5":"product_cat-edebiyat","6":"product_cat-roman-oyku","7":"pa_cilt-ciltsiz","8":"pa_tur-kitap","9":"pa_yayinevi-gunisigi-kitapligi","10":"pa_yazar-christine-nostlinger","12":"first","13":"instock","14":"sale","15":"shipping-taxable","16":"purchasable","17":"product-type-simple"},"_links":{"self":[{"href":"https:\/\/roveyayinevi.com.tr\/index.php\/wp-json\/wp\/v2\/product\/697786","targetHints":{"allow":["GET"]}}],"collection":[{"href":"https:\/\/roveyayinevi.com.tr\/index.php\/wp-json\/wp\/v2\/product"}],"about":[{"href":"https:\/\/roveyayinevi.com.tr\/index.php\/wp-json\/wp\/v2\/types\/product"}],"wp:attachment":[{"href":"https:\/\/roveyayinevi.com.tr\/index.php\/wp-json\/wp\/v2\/media?parent=697786"}],"wp:term":[{"taxonomy":"product_brand","embeddable":true,"href":"https:\/\/roveyayinevi.com.tr\/index.php\/wp-json\/wp\/v2\/product_brand?post=697786"},{"taxonomy":"product_cat","embeddable":true,"href":"https:\/\/roveyayinevi.com.tr\/index.php\/wp-json\/wp\/v2\/product_cat?post=697786"},{"taxonomy":"product_tag","embeddable":true,"href":"https:\/\/roveyayinevi.com.tr\/index.php\/wp-json\/wp\/v2\/product_tag?post=697786"}],"curies":[{"name":"wp","href":"https:\/\/api.w.org\/{rel}","templated":true}]}}