{"id":697778,"date":"2025-08-27T14:41:46","date_gmt":"2025-08-27T11:41:46","guid":{"rendered":"https:\/\/roveyayinevi.com.tr\/index.php\/urun\/baykus-yemini\/"},"modified":"2026-04-16T02:07:22","modified_gmt":"2026-04-15T23:07:22","slug":"baykus-yemini","status":"publish","type":"product","link":"https:\/\/roveyayinevi.com.tr\/index.php\/urun\/baykus-yemini\/","title":{"rendered":"Bayku\u015f Yemini"},"content":{"rendered":"<p>Bir deniz feneri, iki arkada\u015f ve gerilim dolu bir macera!M\u0131z\u0131kac\u0131, Batakl\u0131\u011f\u0131n K\u0131y\u0131s\u0131ndaki Ev ve Hayaletli G\u00f6l\u00fcn \u00c7ocuklar\u0131 gibi, macera ve gizem dolu kitaplar\u0131yla sevilen \u00f6d\u00fcll\u00fc yazar Ye\u015fim Sayg\u0131n, \u00e7ocuklar\u0131n heyecanla okudu\u011fu polisiye kurgular\u0131na, bu kez psikolojik bir boyut kat\u0131yor ve gerilimin tad\u0131n\u0131 art\u0131r\u0131yor. Her sayfada heyecan dozunun biraz daha y\u00fckseldi\u011fi roman, kayal\u0131klardan bakan bir deniz fenerini, iki merakl\u0131 genci, bir Jules Verne hayran\u0131yla bir araya getiriyor. Kasabadaki h\u0131rs\u0131zl\u0131k olay\u0131 \u00e7\u00f6z\u00fcl\u00fcrken, insan do\u011fas\u0131n\u0131n lo\u015f derinliklerine de bir yolculuk ba\u015fl\u0131yor. Siluetler, ge\u00e7mi\u015fleri s\u0131rlarla dolu gizemli karakterler, merak uyand\u0131ran foto\u011fraflar ve s\u00fcrpriz ipu\u00e7lar\u0131yla bezeli bu Ye\u015fim Sayg\u0131n Armutak klasi\u011finde, okur, arkada\u015fl\u0131\u011f\u0131n ve dayan\u0131\u015fman\u0131n \u00f6nemine tan\u0131kl\u0131k ediyorlar.S\u0131radan bir kasabada b\u00fcy\u00fck bir tarihi eser ka\u00e7ak\u00e7\u0131l\u0131\u011f\u0131 ger\u00e7ekle\u015fir. Olay, b\u00fct\u00fcn kasaba halk\u0131n\u0131n ya\u015fam\u0131n\u0131 etkiler; ama en \u00e7ok da, dedektif hik\u00e2yelerine merakl\u0131 Pi ve Siyam\u2019\u0131n ya\u015fam\u0131n\u0131. T\u00fckenmez bir azimle, h\u0131rs\u0131zl\u0131\u011f\u0131n s\u0131rr\u0131n\u0131 \u00e7\u00f6zmeye \u00e7al\u0131\u015fan iki gen\u00e7 bir yandan da, yak\u0131n kayal\u0131klardaki deniz fenerinde ya\u015fayan dostlar\u0131 Jul\u2019\u00fcn gitgide tuhafla\u015fan hareketlerine anlam vermeye \u00e7al\u0131\u015f\u0131r. \u0130pu\u00e7lar\u0131n\u0131 izlerken, bir su\u00e7 \u00e7emberinin ortas\u0131na d\u00fc\u015fen ikili, fenerdeki s\u0131rr\u0131 \u00e7\u00f6zebilecek midir?.. <\/p>\n","protected":false},"excerpt":{"rendered":"<p>Bir deniz feneri, iki arkada\u015f ve gerilim dolu bir macera!M\u0131z\u0131kac\u0131, Batakl\u0131\u011f\u0131n K\u0131y\u0131s\u0131ndaki Ev ve Hayaletli G\u00f6l\u00fcn \u00c7ocuklar\u0131 gibi, macera ve gizem dolu kitaplar\u0131yla sevilen \u00f6d\u00fcll\u00fc yazar<span class=\"excerpt-hellip\"> [\u2026]<\/span><\/p>\n","protected":false},"featured_media":0,"template":"","meta":{"_monsterinsights_skip_tracking":false,"_monsterinsights_sitenote_active":false,"_monsterinsights_sitenote_note":"","_monsterinsights_sitenote_category":0},"product_brand":[],"product_cat":[12274,12284],"product_tag":[],"class_list":{"0":"post-697778","1":"product","2":"type-product","3":"status-publish","5":"product_cat-cocuk-ve-genclik-kitaplari","6":"product_cat-hikayeler","7":"pa_cilt-ciltsiz","8":"pa_tur-kitap","9":"pa_yayinevi-gunisigi-kitapligi","10":"pa_yazar-yesim-saygin-armutak","12":"first","13":"instock","14":"sale","15":"shipping-taxable","16":"purchasable","17":"product-type-simple"},"_links":{"self":[{"href":"https:\/\/roveyayinevi.com.tr\/index.php\/wp-json\/wp\/v2\/product\/697778","targetHints":{"allow":["GET"]}}],"collection":[{"href":"https:\/\/roveyayinevi.com.tr\/index.php\/wp-json\/wp\/v2\/product"}],"about":[{"href":"https:\/\/roveyayinevi.com.tr\/index.php\/wp-json\/wp\/v2\/types\/product"}],"wp:attachment":[{"href":"https:\/\/roveyayinevi.com.tr\/index.php\/wp-json\/wp\/v2\/media?parent=697778"}],"wp:term":[{"taxonomy":"product_brand","embeddable":true,"href":"https:\/\/roveyayinevi.com.tr\/index.php\/wp-json\/wp\/v2\/product_brand?post=697778"},{"taxonomy":"product_cat","embeddable":true,"href":"https:\/\/roveyayinevi.com.tr\/index.php\/wp-json\/wp\/v2\/product_cat?post=697778"},{"taxonomy":"product_tag","embeddable":true,"href":"https:\/\/roveyayinevi.com.tr\/index.php\/wp-json\/wp\/v2\/product_tag?post=697778"}],"curies":[{"name":"wp","href":"https:\/\/api.w.org\/{rel}","templated":true}]}}