{"id":697776,"date":"2025-08-27T14:41:46","date_gmt":"2025-08-27T11:41:46","guid":{"rendered":"https:\/\/roveyayinevi.com.tr\/index.php\/urun\/amme-cuzu-orta-boy\/"},"modified":"2026-04-16T02:07:22","modified_gmt":"2026-04-15T23:07:22","slug":"amme-cuzu-orta-boy","status":"publish","type":"product","link":"https:\/\/roveyayinevi.com.tr\/index.php\/urun\/amme-cuzu-orta-boy\/","title":{"rendered":"Amme C\u00fcz\u00fc (Orta Boy)"},"content":{"rendered":"<p>\u0130\u00e7erisinde, namazlarda okunan ve \u00e7oklukla ezber edilen k\u0131sa surelerin bulundu\u011fu Amme C\u00fcz\u2019\u00fc veya di\u011fer ismiyle 30. C\u00fcz\u2019\u00fcn, Ahmed Husrev hatt\u0131 Tevafuklu Kur\u2019an-\u0131 Kerim\u2019den al\u0131nan bu renkli ve m\u00fcstakil bask\u0131s\u0131, k\u0131sa sureleri okumak ve ezberlemek isteyenler i\u00e7in olduk\u00e7a m\u00fchim bir kolayl\u0131k sa\u011flamaktad\u0131r. <\/p>\n","protected":false},"excerpt":{"rendered":"<p>\u0130\u00e7erisinde, namazlarda okunan ve \u00e7oklukla ezber edilen k\u0131sa surelerin bulundu\u011fu Amme C\u00fcz\u2019\u00fc veya di\u011fer ismiyle 30. C\u00fcz\u2019\u00fcn, Ahmed Husrev hatt\u0131 Tevafuklu Kur\u2019an-\u0131 Kerim\u2019den al\u0131nan bu renkli<span class=\"excerpt-hellip\"> [\u2026]<\/span><\/p>\n","protected":false},"featured_media":0,"template":"","meta":{"_monsterinsights_skip_tracking":false,"_monsterinsights_sitenote_active":false,"_monsterinsights_sitenote_note":"","_monsterinsights_sitenote_category":0},"product_brand":[],"product_cat":[12718,12719,17284],"product_tag":[],"class_list":{"0":"post-697776","1":"product","2":"type-product","3":"status-publish","5":"product_cat-din","6":"product_cat-islam","7":"product_cat-kuran-ve-kuran-uzerine","8":"pa_tur-dergi","9":"pa_yayinevi-nesil-yayinlari","10":"pa_yazar-kolektif","12":"first","13":"instock","14":"sale","15":"shipping-taxable","16":"purchasable","17":"product-type-simple"},"_links":{"self":[{"href":"https:\/\/roveyayinevi.com.tr\/index.php\/wp-json\/wp\/v2\/product\/697776","targetHints":{"allow":["GET"]}}],"collection":[{"href":"https:\/\/roveyayinevi.com.tr\/index.php\/wp-json\/wp\/v2\/product"}],"about":[{"href":"https:\/\/roveyayinevi.com.tr\/index.php\/wp-json\/wp\/v2\/types\/product"}],"wp:attachment":[{"href":"https:\/\/roveyayinevi.com.tr\/index.php\/wp-json\/wp\/v2\/media?parent=697776"}],"wp:term":[{"taxonomy":"product_brand","embeddable":true,"href":"https:\/\/roveyayinevi.com.tr\/index.php\/wp-json\/wp\/v2\/product_brand?post=697776"},{"taxonomy":"product_cat","embeddable":true,"href":"https:\/\/roveyayinevi.com.tr\/index.php\/wp-json\/wp\/v2\/product_cat?post=697776"},{"taxonomy":"product_tag","embeddable":true,"href":"https:\/\/roveyayinevi.com.tr\/index.php\/wp-json\/wp\/v2\/product_tag?post=697776"}],"curies":[{"name":"wp","href":"https:\/\/api.w.org\/{rel}","templated":true}]}}