{"id":697773,"date":"2025-08-27T14:41:45","date_gmt":"2025-08-27T11:41:45","guid":{"rendered":"https:\/\/roveyayinevi.com.tr\/index.php\/urun\/mevlana-ile-bir-omur\/"},"modified":"2026-04-16T02:07:22","modified_gmt":"2026-04-15T23:07:22","slug":"mevlana-ile-bir-omur","status":"publish","type":"product","link":"https:\/\/roveyayinevi.com.tr\/index.php\/urun\/mevlana-ile-bir-omur\/","title":{"rendered":"Mevlana ile Bir \u00d6m\u00fcr"},"content":{"rendered":"<p>Doksan k\u00fcsur y\u0131ll\u0131k bir mazi ve bu maziye s\u0131\u011fd\u0131r\u0131lm\u0131\u015f, a\u015fkla, heyecanla ge\u00e7mi\u015f bir \u00f6m\u00fcr&#8230; \u015eefik Can Dede\u2019nin, babas\u0131ndan tevar\u00fcs eden Mevlana sevgisi ile ba\u015flam\u0131\u015f e\u011fitim-\u00f6\u011fretim hayat\u0131 ve ge\u00e7en y\u0131llar yoluna daima Mevlana ve Mevlana\u2019ya \u00f6m\u00fcr ve g\u00f6n\u00fcl vermi\u015f kimseleri \u00e7\u0131karm\u0131\u015f. \u0130stanbul ba\u015fta olmak \u00fczere bu topraklar\u0131n yeti\u015ftirdi\u011fi ilim irfan sahibi kim varsa gitmi\u015f, g\u00f6rm\u00fc\u015f, ziyaret etmi\u015f. \u015eefik Dede\u2019nin sohbetleri, bu \u00fclkenin irfan meclislerinin yeniden canland\u0131r\u0131ld\u0131\u011f\u0131 bir yer idi\u2026Sezai K\u00fc\u00e7\u00fckMevlana ile Bir \u00d6m\u00fcr: \u015eefik Can ile Mevlana, Mesnevi ve Mevlevilik \u00dczerine, 2005 y\u0131l\u0131nda kaybetti\u011fimiz, \u00fclkemizin de\u011ferli g\u00f6n\u00fcl insanlar\u0131ndan ve son &#8220;Mesnev\u00eehan&#8221;lar\u0131ndan \u015eefik Can ile yap\u0131lan kapsaml\u0131 bir s\u00f6yle\u015fi. Ayn\u0131 zamanda bir Mevlevi dedesi olan \u015eefik Can Dede ile haftalarca s\u00fcren g\u00f6r\u00fc\u015fmelerin neticesi olarak ortaya \u00e7\u0131kan s\u00f6yle\u015fi, bir taraftan Tasavvuf Bilim Dal\u0131 \u00d6\u011fretim \u00dcyelerinden Sezai K\u00fc\u00e7\u00fck\u2019\u00fcn farkl\u0131 alanlardaki sorular\u0131yla gitgide geni\u015fliyor, di\u011fer taraftan kendisi i\u00e7in &#8220;Sessiz ya\u015fad\u0131m, kim beni nereden bilecektir?&#8221; diyen bu m\u00fctevaz\u0131 ve k\u0131ymetli g\u00f6n\u00fcl insan\u0131n\u0131n doksan k\u00fcsur y\u0131ll\u0131k mazisine uzan\u0131yor.\u015eefik Can\u2019\u0131n dilinden Mevlev\u00eeli\u011fin temel esaslar\u0131 ve Mesnev\u00ee \u00e7evirileriyle ile ilgili \u00f6nemli bilgilerle; Mehmed Akif, Tahir\u00fcl Mevlevi, \u0130bn\u00fcl Emin Mahmud Kemal, Mahmud Sami Ramazano\u011flu, Bedi\u00fczzaman Said Nursi, M\u00fcnevver Aya\u015fl\u0131, Hasan Ali Y\u00fccel gibi T\u00fcrk ilim ve k\u00fclt\u00fcr d\u00fcnyas\u0131na katk\u0131da bulunmu\u015f bir\u00e7ok ki\u015fiyle ilgili at\u0131flarla ilerleyen bu s\u00f6yle\u015fi, muhatab\u0131n\u0131n ilim ve hikmet d\u00fcnyas\u0131na ula\u015f\u0131yor.<\/p>\n","protected":false},"excerpt":{"rendered":"<p>Doksan k\u00fcsur y\u0131ll\u0131k bir mazi ve bu maziye s\u0131\u011fd\u0131r\u0131lm\u0131\u015f, a\u015fkla, heyecanla ge\u00e7mi\u015f bir \u00f6m\u00fcr&#8230; \u015eefik Can Dede\u2019nin, babas\u0131ndan tevar\u00fcs eden Mevlana sevgisi ile ba\u015flam\u0131\u015f e\u011fitim-\u00f6\u011fretim hayat\u0131<span class=\"excerpt-hellip\"> [\u2026]<\/span><\/p>\n","protected":false},"featured_media":0,"template":"","meta":{"_monsterinsights_skip_tracking":false,"_monsterinsights_sitenote_active":false,"_monsterinsights_sitenote_note":"","_monsterinsights_sitenote_category":0},"product_brand":[],"product_cat":[12718,12719,12720],"product_tag":[],"class_list":{"0":"post-697773","1":"product","2":"type-product","3":"status-publish","5":"product_cat-din","6":"product_cat-islam","7":"product_cat-tasavvuf-mezhepler-tarikatlar","8":"pa_cilt-ciltsiz","9":"pa_tur-kitap","10":"pa_yayinevi-sufi-kitap","11":"pa_yazar-sezai-kucuk","13":"first","14":"instock","15":"sale","16":"shipping-taxable","17":"purchasable","18":"product-type-simple"},"_links":{"self":[{"href":"https:\/\/roveyayinevi.com.tr\/index.php\/wp-json\/wp\/v2\/product\/697773","targetHints":{"allow":["GET"]}}],"collection":[{"href":"https:\/\/roveyayinevi.com.tr\/index.php\/wp-json\/wp\/v2\/product"}],"about":[{"href":"https:\/\/roveyayinevi.com.tr\/index.php\/wp-json\/wp\/v2\/types\/product"}],"wp:attachment":[{"href":"https:\/\/roveyayinevi.com.tr\/index.php\/wp-json\/wp\/v2\/media?parent=697773"}],"wp:term":[{"taxonomy":"product_brand","embeddable":true,"href":"https:\/\/roveyayinevi.com.tr\/index.php\/wp-json\/wp\/v2\/product_brand?post=697773"},{"taxonomy":"product_cat","embeddable":true,"href":"https:\/\/roveyayinevi.com.tr\/index.php\/wp-json\/wp\/v2\/product_cat?post=697773"},{"taxonomy":"product_tag","embeddable":true,"href":"https:\/\/roveyayinevi.com.tr\/index.php\/wp-json\/wp\/v2\/product_tag?post=697773"}],"curies":[{"name":"wp","href":"https:\/\/api.w.org\/{rel}","templated":true}]}}