{"id":697761,"date":"2025-08-27T14:41:41","date_gmt":"2025-08-27T11:41:41","guid":{"rendered":"https:\/\/roveyayinevi.com.tr\/index.php\/urun\/gunesi-bile-tamir-eden-adam\/"},"modified":"2026-04-16T02:07:22","modified_gmt":"2026-04-15T23:07:22","slug":"gunesi-bile-tamir-eden-adam","status":"publish","type":"product","link":"https:\/\/roveyayinevi.com.tr\/index.php\/urun\/gunesi-bile-tamir-eden-adam\/","title":{"rendered":"G\u00fcne\u015fi Bile Tamir Eden Adam"},"content":{"rendered":"<p>Bir adan\u0131n halk\u0131 t\u00fcketim \u00e7\u0131lg\u0131nl\u0131\u011f\u0131na kap\u0131l\u0131rsa neler olur?Adan\u0131n ci\u011fercisi Muammer Bey \u00e7ok iddiac\u0131 ve al\u0131ngan biridir. \u00d6yle ki, karde\u015fi \u00e7al\u0131\u015fkan tamirci Kadir Bey\u2019e de k\u00fcsm\u00fc\u015ft\u00fcr. Oysa her t\u00fcr e\u015fyay\u0131, hatta k\u0131r\u0131k kalpleri bile onaran tamircinin bundan haberi yoktur. O, adal\u0131lar\u0131n bozulan ne kadar e\u015fyas\u0131 varsa onarmakla u\u011fra\u015f\u0131r, eskileri de\u011ferlendirir, e\u015fyalar\u0131n ge\u00e7mi\u015fini anlat\u0131r durur. Ancak, beyaz e\u015fya sat\u0131c\u0131s\u0131 ve nalbur kazan\u00e7lar\u0131na engel olan tamirciden hi\u00e7 ho\u015flanmazlar. Adal\u0131lar da eski e\u015fyadan b\u0131km\u0131\u015f, yeni \u015feylere sahip olmak istemektedirler. Sonunda tamirciyi adadan uzakla\u015ft\u0131rmaya karar verirler. Ama nas\u0131l?.. <\/p>\n","protected":false},"excerpt":{"rendered":"<p>Bir adan\u0131n halk\u0131 t\u00fcketim \u00e7\u0131lg\u0131nl\u0131\u011f\u0131na kap\u0131l\u0131rsa neler olur?Adan\u0131n ci\u011fercisi Muammer Bey \u00e7ok iddiac\u0131 ve al\u0131ngan biridir. \u00d6yle ki, karde\u015fi \u00e7al\u0131\u015fkan tamirci Kadir Bey\u2019e de k\u00fcsm\u00fc\u015ft\u00fcr. Oysa<span class=\"excerpt-hellip\"> [\u2026]<\/span><\/p>\n","protected":false},"featured_media":0,"template":"","meta":{"_monsterinsights_skip_tracking":false,"_monsterinsights_sitenote_active":false,"_monsterinsights_sitenote_note":"","_monsterinsights_sitenote_category":0},"product_brand":[],"product_cat":[12274,12284],"product_tag":[],"class_list":{"0":"post-697761","1":"product","2":"type-product","3":"status-publish","5":"product_cat-cocuk-ve-genclik-kitaplari","6":"product_cat-hikayeler","7":"pa_cilt-ciltsiz","8":"pa_tur-kitap","9":"pa_yayinevi-gunisigi-kitapligi","10":"pa_yazar-behic-ak","12":"first","13":"instock","14":"sale","15":"shipping-taxable","16":"purchasable","17":"product-type-simple"},"_links":{"self":[{"href":"https:\/\/roveyayinevi.com.tr\/index.php\/wp-json\/wp\/v2\/product\/697761","targetHints":{"allow":["GET"]}}],"collection":[{"href":"https:\/\/roveyayinevi.com.tr\/index.php\/wp-json\/wp\/v2\/product"}],"about":[{"href":"https:\/\/roveyayinevi.com.tr\/index.php\/wp-json\/wp\/v2\/types\/product"}],"wp:attachment":[{"href":"https:\/\/roveyayinevi.com.tr\/index.php\/wp-json\/wp\/v2\/media?parent=697761"}],"wp:term":[{"taxonomy":"product_brand","embeddable":true,"href":"https:\/\/roveyayinevi.com.tr\/index.php\/wp-json\/wp\/v2\/product_brand?post=697761"},{"taxonomy":"product_cat","embeddable":true,"href":"https:\/\/roveyayinevi.com.tr\/index.php\/wp-json\/wp\/v2\/product_cat?post=697761"},{"taxonomy":"product_tag","embeddable":true,"href":"https:\/\/roveyayinevi.com.tr\/index.php\/wp-json\/wp\/v2\/product_tag?post=697761"}],"curies":[{"name":"wp","href":"https:\/\/api.w.org\/{rel}","templated":true}]}}