{"id":697747,"date":"2025-08-27T14:41:37","date_gmt":"2025-08-27T11:41:37","guid":{"rendered":"https:\/\/roveyayinevi.com.tr\/index.php\/urun\/zen-ustalari\/"},"modified":"2026-04-16T02:07:21","modified_gmt":"2026-04-15T23:07:21","slug":"zen-ustalari","status":"publish","type":"product","link":"https:\/\/roveyayinevi.com.tr\/index.php\/urun\/zen-ustalari\/","title":{"rendered":"Zen Ustalar\u0131"},"content":{"rendered":"<p>Bu kitapta, Zen Ustalar\u0131&#8217;n\u0131n \u00e7arp\u0131c\u0131 hikayelerinde v\u00fccut bulan; y\u00fczy\u0131llara meydan okuyan Zen bilgelik ve ayd\u0131nlanma aray\u0131\u015f\u0131n\u0131 bulacaks\u0131n\u0131z. Ayd\u0131nlanma aray\u0131\u015f\u0131n\u0131za k\u00fc\u00e7\u00fcc\u00fck de olsa bir katk\u0131 yapmas\u0131 \u00fcmidi ile&#8230; \ufffcTan\u0131t\u0131m Metni<\/p>\n","protected":false},"excerpt":{"rendered":"<p>Bu kitapta, Zen Ustalar\u0131&#8217;n\u0131n \u00e7arp\u0131c\u0131 hikayelerinde v\u00fccut bulan; y\u00fczy\u0131llara meydan okuyan Zen bilgelik ve ayd\u0131nlanma aray\u0131\u015f\u0131n\u0131 bulacaks\u0131n\u0131z. Ayd\u0131nlanma aray\u0131\u015f\u0131n\u0131za k\u00fc\u00e7\u00fcc\u00fck de olsa bir katk\u0131 yapmas\u0131 \u00fcmidi<span class=\"excerpt-hellip\"> [\u2026]<\/span><\/p>\n","protected":false},"featured_media":0,"template":"","meta":{"_monsterinsights_skip_tracking":false,"_monsterinsights_sitenote_active":false,"_monsterinsights_sitenote_note":"","_monsterinsights_sitenote_category":0},"product_brand":[],"product_cat":[12777,12291],"product_tag":[],"class_list":{"0":"post-697747","1":"product","2":"type-product","3":"status-publish","5":"product_cat-deneme","6":"product_cat-edebiyat","7":"pa_tur-kitap","8":"pa_yayinevi-kafka-yayinevi","9":"pa_yazar-kouan-shiyuan","11":"first","12":"instock","13":"sale","14":"shipping-taxable","15":"purchasable","16":"product-type-simple"},"_links":{"self":[{"href":"https:\/\/roveyayinevi.com.tr\/index.php\/wp-json\/wp\/v2\/product\/697747","targetHints":{"allow":["GET"]}}],"collection":[{"href":"https:\/\/roveyayinevi.com.tr\/index.php\/wp-json\/wp\/v2\/product"}],"about":[{"href":"https:\/\/roveyayinevi.com.tr\/index.php\/wp-json\/wp\/v2\/types\/product"}],"wp:attachment":[{"href":"https:\/\/roveyayinevi.com.tr\/index.php\/wp-json\/wp\/v2\/media?parent=697747"}],"wp:term":[{"taxonomy":"product_brand","embeddable":true,"href":"https:\/\/roveyayinevi.com.tr\/index.php\/wp-json\/wp\/v2\/product_brand?post=697747"},{"taxonomy":"product_cat","embeddable":true,"href":"https:\/\/roveyayinevi.com.tr\/index.php\/wp-json\/wp\/v2\/product_cat?post=697747"},{"taxonomy":"product_tag","embeddable":true,"href":"https:\/\/roveyayinevi.com.tr\/index.php\/wp-json\/wp\/v2\/product_tag?post=697747"}],"curies":[{"name":"wp","href":"https:\/\/api.w.org\/{rel}","templated":true}]}}