{"id":697715,"date":"2025-08-27T14:41:28","date_gmt":"2025-08-27T11:41:28","guid":{"rendered":"https:\/\/roveyayinevi.com.tr\/index.php\/urun\/sezgi\/"},"modified":"2026-04-16T02:07:20","modified_gmt":"2026-04-15T23:07:20","slug":"sezgi","status":"publish","type":"product","link":"https:\/\/roveyayinevi.com.tr\/index.php\/urun\/sezgi\/","title":{"rendered":"Sezgi"},"content":{"rendered":"<p>Sezgi bilimsel olarak a\u00e7\u0131klanamaz \u00e7\u00fcnk\u00fc bu olgunun kendisi bilimd\u0131\u015f\u0131 ve mant\u0131ks\u0131zd\u0131r. Sezgi ad\u0131 verilen olgunun kendisi mant\u0131k d\u0131\u015f\u0131d\u0131r. Konu\u015furken sezgi a\u00e7\u0131klanabilir mi diye sormak normal gelebilir, ancak bu asl\u0131nda sezgi akla indirgenebilir mi anlam\u0131na gelmektedir ve sezgi akl\u0131n \u00f6tesinde bir \u015feydir. Akl\u0131n bir unsuru de\u011fil, akl\u0131n ula\u015fmam\u0131\u015f oldu\u011fu bir noktadan gelmektedir. O y\u00fczden ak\u0131l onu hissedebilir, ancak a\u00e7\u0131klayamaz. \ufffcTan\u0131t\u0131m Metni<\/p>\n","protected":false},"excerpt":{"rendered":"<p>Sezgi bilimsel olarak a\u00e7\u0131klanamaz \u00e7\u00fcnk\u00fc bu olgunun kendisi bilimd\u0131\u015f\u0131 ve mant\u0131ks\u0131zd\u0131r. Sezgi ad\u0131 verilen olgunun kendisi mant\u0131k d\u0131\u015f\u0131d\u0131r. Konu\u015furken sezgi a\u00e7\u0131klanabilir mi diye sormak normal gelebilir,<span class=\"excerpt-hellip\"> [\u2026]<\/span><\/p>\n","protected":false},"featured_media":0,"template":"","meta":{"_monsterinsights_skip_tracking":false,"_monsterinsights_sitenote_active":false,"_monsterinsights_sitenote_note":"","_monsterinsights_sitenote_category":0},"product_brand":[],"product_cat":[12364],"product_tag":[],"class_list":{"0":"post-697715","1":"product","2":"type-product","3":"status-publish","5":"product_cat-genel-konular","6":"pa_cilt-ciltsiz","7":"pa_tur-kitap","8":"pa_yayinevi-ganj-yayinevi","9":"pa_yazar-osho","11":"first","12":"instock","13":"sale","14":"shipping-taxable","15":"purchasable","16":"product-type-simple"},"_links":{"self":[{"href":"https:\/\/roveyayinevi.com.tr\/index.php\/wp-json\/wp\/v2\/product\/697715","targetHints":{"allow":["GET"]}}],"collection":[{"href":"https:\/\/roveyayinevi.com.tr\/index.php\/wp-json\/wp\/v2\/product"}],"about":[{"href":"https:\/\/roveyayinevi.com.tr\/index.php\/wp-json\/wp\/v2\/types\/product"}],"wp:attachment":[{"href":"https:\/\/roveyayinevi.com.tr\/index.php\/wp-json\/wp\/v2\/media?parent=697715"}],"wp:term":[{"taxonomy":"product_brand","embeddable":true,"href":"https:\/\/roveyayinevi.com.tr\/index.php\/wp-json\/wp\/v2\/product_brand?post=697715"},{"taxonomy":"product_cat","embeddable":true,"href":"https:\/\/roveyayinevi.com.tr\/index.php\/wp-json\/wp\/v2\/product_cat?post=697715"},{"taxonomy":"product_tag","embeddable":true,"href":"https:\/\/roveyayinevi.com.tr\/index.php\/wp-json\/wp\/v2\/product_tag?post=697715"}],"curies":[{"name":"wp","href":"https:\/\/api.w.org\/{rel}","templated":true}]}}