{"id":697689,"date":"2025-08-27T14:41:21","date_gmt":"2025-08-27T11:41:21","guid":{"rendered":"https:\/\/roveyayinevi.com.tr\/index.php\/urun\/nasil-satabilirsin-ki-havayi\/"},"modified":"2026-01-29T02:12:52","modified_gmt":"2026-01-28T23:12:52","slug":"nasil-satabilirsin-ki-havayi","status":"publish","type":"product","link":"https:\/\/roveyayinevi.com.tr\/index.php\/urun\/nasil-satabilirsin-ki-havayi\/","title":{"rendered":"Nas\u0131l Satabilirsin ki Havay\u0131"},"content":{"rendered":"<p>&#8230;Topra\u011f\u0131m\u0131z\u0131 alma iste\u011finiz \u00fczerinde d\u00fc\u015f\u00fcnece\u011fiz. Halk\u0131m Beyaz Adam&#8217;\u0131n almak istedi\u011fi nedir diye soracak. Bunu bizim anlamam\u0131z zor. E\u011fer o g\u00fczelim havan\u0131n, k\u00f6p\u00fcren suyun sahibi biz de\u011filsek, onu bizden nas\u0131l alabilirsiniz ki? G\u00fcne\u015fte p\u0131r\u0131ldayan her bir \u00e7am A\u011fac\u0131n\u0131n, kara ormanlar\u0131n \u00fczerinde sal\u0131nan sisin, v\u0131z\u0131ldayan her ar\u0131n\u0131n, halk\u0131m\u0131z\u0131n belle\u011finde ve d\u00fc\u015f\u00fcncelerinde kutsal bir anlam\u0131 var. A\u011fa\u00e7ta y\u00fckselen \u00f6zsuyu K\u0131z\u0131l Adam&#8217;\u0131n an\u0131s\u0131n\u0131 ta\u015f\u0131yor. Biz topra\u011f\u0131n par\u00e7as\u0131y\u0131z, toprak da bizim pa\u00e7am\u0131z. Ho\u015f kokulu \u00e7i\u00e7ekler k\u0131zkarde\u015flerimiz bizim, rengeyi\u011fi, at, y\u00fcce kartal ise erkek karde\u015flerimiz. Irma\u011f\u0131n k\u00f6p\u00fcren dalgalar\u0131, \u00e7ay\u0131rdaki \u00e7i\u00e7eklerin \u00f6zsuyu, ay\u0131n teri ve insan\u0131n teri, her biri bir tek soya, bizim soyumuza ait. Bu y\u00fczdendir ki, Washington&#8217;daki B\u00fcy\u00fck Reis Bizden topra\u011f\u0131m\u0131z\u0131 isterken. \u00e7ok \u015fey istiyor. &#8230;&#8230; <\/p>\n","protected":false},"excerpt":{"rendered":"<p>&#8230;Topra\u011f\u0131m\u0131z\u0131 alma iste\u011finiz \u00fczerinde d\u00fc\u015f\u00fcnece\u011fiz. Halk\u0131m Beyaz Adam&#8217;\u0131n almak istedi\u011fi nedir diye soracak. Bunu bizim anlamam\u0131z zor. E\u011fer o g\u00fczelim havan\u0131n, k\u00f6p\u00fcren suyun sahibi biz de\u011filsek,<span class=\"excerpt-hellip\"> [\u2026]<\/span><\/p>\n","protected":false},"featured_media":0,"template":"","meta":{"_monsterinsights_skip_tracking":false,"_monsterinsights_sitenote_active":false,"_monsterinsights_sitenote_note":"","_monsterinsights_sitenote_category":0},"product_brand":[],"product_cat":[13656,12337],"product_tag":[],"class_list":{"0":"post-697689","1":"product","2":"type-product","3":"status-publish","5":"product_cat-azinliklar-etnik-sorunlar","6":"product_cat-politika-siyaset","7":"pa_cilt-ciltsiz","8":"pa_tur-kitap","9":"pa_yayinevi-utopya-yayinevi","10":"pa_yazar-kolektif","12":"first","13":"instock","14":"sale","15":"shipping-taxable","16":"purchasable","17":"product-type-simple"},"_links":{"self":[{"href":"https:\/\/roveyayinevi.com.tr\/index.php\/wp-json\/wp\/v2\/product\/697689","targetHints":{"allow":["GET"]}}],"collection":[{"href":"https:\/\/roveyayinevi.com.tr\/index.php\/wp-json\/wp\/v2\/product"}],"about":[{"href":"https:\/\/roveyayinevi.com.tr\/index.php\/wp-json\/wp\/v2\/types\/product"}],"wp:attachment":[{"href":"https:\/\/roveyayinevi.com.tr\/index.php\/wp-json\/wp\/v2\/media?parent=697689"}],"wp:term":[{"taxonomy":"product_brand","embeddable":true,"href":"https:\/\/roveyayinevi.com.tr\/index.php\/wp-json\/wp\/v2\/product_brand?post=697689"},{"taxonomy":"product_cat","embeddable":true,"href":"https:\/\/roveyayinevi.com.tr\/index.php\/wp-json\/wp\/v2\/product_cat?post=697689"},{"taxonomy":"product_tag","embeddable":true,"href":"https:\/\/roveyayinevi.com.tr\/index.php\/wp-json\/wp\/v2\/product_tag?post=697689"}],"curies":[{"name":"wp","href":"https:\/\/api.w.org\/{rel}","templated":true}]}}