{"id":697673,"date":"2025-08-27T14:41:17","date_gmt":"2025-08-27T11:41:17","guid":{"rendered":"https:\/\/roveyayinevi.com.tr\/index.php\/urun\/dirilis-canakkale-1915\/"},"modified":"2026-04-16T02:07:19","modified_gmt":"2026-04-15T23:07:19","slug":"dirilis-canakkale-1915","status":"publish","type":"product","link":"https:\/\/roveyayinevi.com.tr\/index.php\/urun\/dirilis-canakkale-1915\/","title":{"rendered":"Dirili\u015f \u00c7anakkale 1915"},"content":{"rendered":"<p>T\u00fcm yeni nesillere e\u015fi olmayan bir arma\u011fan daha.\u00c7anakkale Sava\u015f\u0131 hi\u00e7 b\u00f6yle yaz\u0131lmam\u0131\u015ft\u0131.Tarihin en eski milletlerinden biri, ate\u015ften ge\u00e7erek, kan i\u00e7indei bir daha uyumamak, benli\u011fini unutmamak, kand\u0131r\u0131lmamak, s\u00f6m\u00fcr\u00fclmemek, ezilmemek, \u00f6lmemek \u00fczere \u00e7\u0131\u011fl\u0131k \u00e7\u0131\u011fl\u0131\u011fa diriliyordu.60 Dakikada \u00f6l\u00fcm, y\u0131k\u0131m, k\u0131y\u0131m kustular.Asker korunmak i\u00e7in topra\u011fa girdi, kar\u0131\u015ft\u0131, toprak oldu sanki.Bombard\u0131man sone erdi. \u0130ngiliz birlikleri bat\u0131 ve orta kesime, Frans\u0131zlar do\u011fu kesime taaruza kalkt\u0131lar.Askerler, sava\u015fmak i\u00e7in ta\u015f\u0131n ve topra\u011f\u0131n alt\u0131ndan, \u00f6l\u00fcler canlan\u0131r, ruhlar ete kemi\u011fe b\u00fcr\u00fcn\u00fcr gibi do\u011fruldular.\u00dcrpertici bir and\u0131.Bu k\u00fc\u00e7\u00fck kuvvet, uzun s\u00fcng\u00fcleriyle \u0130ngiliz taburunu kar\u015f\u0131lad\u0131, kendinden \u00fcst\u00fcn birli\u011fi da\u011f\u0131tt\u0131, sa\u011f kalanlar\u0131 S\u0131\u011f\u0131ndere a\u011fz\u0131na kadar kovalad\u0131.Tak\u0131m\u0131n komutan\u0131 te\u011fmen, tak\u0131m\u0131yla birlikte ko\u015fuyor, bir yandan da &#8220;S\u00f6m\u00fcrgelerde ac\u0131 \u00e7eken, soyulan, korkudan titreyen, uyanmas\u0131na izin verilmeyen, el ayak \u00f6pen, u\u015fakl\u0131k yapan t\u00fcm zavall\u0131lar \u015fu tav\u015fan gibi ka\u00e7an \u0130ngilizleri g\u00f6rseydiler&#8221; diye d\u00fc\u015f\u00fcn\u00fcyordu.\u00c7anakkale Sava\u015f\u0131, hi\u00e7bir devletin, hi\u00e7bir ordunun, hi\u00e7bir silah\u0131n, yurt sevgisinden ve milli onurdan daha g\u00fc\u00e7l\u00fc olmad\u0131\u011f\u0131n\u0131, olmayaca\u011f\u0131n\u0131 \u00f6\u011fretmekteydi.Bu b\u00fcy\u00fck ger\u00e7ek her g\u00fcn bir kez daha kan\u0131tlan\u0131yordu. Bunu ya\u015famak herkese y\u0131k\u0131lmaz bir \u00f6zg\u00fcven veriyordu. Bundan sonra bir d\u0131\u015f kudretten, ancak \u00c7anakkale&#8217;yi ya\u015fayamayanlar, milli tarihi okuyup kavrayamayanlar ile onursuzlar ve sat\u0131l\u0131klar korkacakt\u0131.<\/p>\n","protected":false},"excerpt":{"rendered":"<p>T\u00fcm yeni nesillere e\u015fi olmayan bir arma\u011fan daha.\u00c7anakkale Sava\u015f\u0131 hi\u00e7 b\u00f6yle yaz\u0131lmam\u0131\u015ft\u0131.Tarihin en eski milletlerinden biri, ate\u015ften ge\u00e7erek, kan i\u00e7indei bir daha uyumamak, benli\u011fini unutmamak, kand\u0131r\u0131lmamak,<span class=\"excerpt-hellip\"> [\u2026]<\/span><\/p>\n","protected":false},"featured_media":0,"template":"","meta":{"_monsterinsights_skip_tracking":false,"_monsterinsights_sitenote_active":false,"_monsterinsights_sitenote_note":"","_monsterinsights_sitenote_category":0},"product_brand":[],"product_cat":[12291,12745],"product_tag":[],"class_list":{"0":"post-697673","1":"product","2":"type-product","3":"status-publish","5":"product_cat-edebiyat","6":"product_cat-tarihi-roman","7":"pa_cilt-ciltsiz","8":"pa_tur-kitap","9":"pa_yayinevi-bilgi-yayinevi","10":"pa_yazar-turgut-ozakman","12":"first","13":"instock","14":"sale","15":"shipping-taxable","16":"purchasable","17":"product-type-simple"},"_links":{"self":[{"href":"https:\/\/roveyayinevi.com.tr\/index.php\/wp-json\/wp\/v2\/product\/697673","targetHints":{"allow":["GET"]}}],"collection":[{"href":"https:\/\/roveyayinevi.com.tr\/index.php\/wp-json\/wp\/v2\/product"}],"about":[{"href":"https:\/\/roveyayinevi.com.tr\/index.php\/wp-json\/wp\/v2\/types\/product"}],"wp:attachment":[{"href":"https:\/\/roveyayinevi.com.tr\/index.php\/wp-json\/wp\/v2\/media?parent=697673"}],"wp:term":[{"taxonomy":"product_brand","embeddable":true,"href":"https:\/\/roveyayinevi.com.tr\/index.php\/wp-json\/wp\/v2\/product_brand?post=697673"},{"taxonomy":"product_cat","embeddable":true,"href":"https:\/\/roveyayinevi.com.tr\/index.php\/wp-json\/wp\/v2\/product_cat?post=697673"},{"taxonomy":"product_tag","embeddable":true,"href":"https:\/\/roveyayinevi.com.tr\/index.php\/wp-json\/wp\/v2\/product_tag?post=697673"}],"curies":[{"name":"wp","href":"https:\/\/api.w.org\/{rel}","templated":true}]}}