{"id":697668,"date":"2025-08-27T14:41:15","date_gmt":"2025-08-27T11:41:15","guid":{"rendered":"https:\/\/roveyayinevi.com.tr\/index.php\/urun\/yazili-metin-cozumleme\/"},"modified":"2026-01-29T02:12:52","modified_gmt":"2026-01-28T23:12:52","slug":"yazili-metin-cozumleme","status":"publish","type":"product","link":"https:\/\/roveyayinevi.com.tr\/index.php\/urun\/yazili-metin-cozumleme\/","title":{"rendered":"Yaz\u0131l\u0131 Metin \u00c7\u00f6z\u00fcmleme"},"content":{"rendered":"<p>\u0130leti\u015fim bilimleri genelinde yaz\u0131l\u0131 metin \u00e7\u00f6z\u00fcmlemelerine y\u00f6nelik ara\u015ft\u0131rma y\u00f6ntemlerine ili\u015fkin &#8216;meraktan&#8217; yola \u00e7\u0131kan bu edit\u00f6r kitap \u00e7al\u0131\u015fmas\u0131, her bir ileti\u015fim alan\u0131n\u0131n kendine \u00f6zg\u00fc ara\u015ft\u0131rma y\u00f6ntemlerini, hem y\u00f6ntemin kuramsal altyap\u0131s\u0131n\u0131 ve uygulama s\u00fcrecini teorik olarak anlatarak, hem de teoride anlat\u0131lan y\u00f6nteme ait detaylar\u0131 bir \u00e7\u00f6z\u00fcmleme \u00f6rne\u011fiyle destekleyerek anlatmay\u0131 ama\u00e7lamaktad\u0131r. Niceliksel ve niteliksel y\u00f6ntemlerin toplumsal-k\u00fclt\u00fcrel s\u00fcre\u00e7lere ili\u015fkin soru sorma bi\u00e7imleri ve \u00e7\u00f6z\u00fcmleme y\u00f6ntemleri aras\u0131ndaki farklar\u0131 da tart\u0131\u015fmay\u0131 ama\u00e7layan bu \u00e7al\u0131\u015fmay\u0131 farkl\u0131 k\u0131lan en temel etken, ileti\u015fim bilimleri genelinde, yaz\u0131l\u0131 metin \u00e7\u00f6z\u00fcmlemelerine odaklanmas\u0131 ve s\u00f6z konusu y\u00f6ntem ve teknikleri hem kuramsal hem de uygulamal\u0131 olarak bir arada sunmas\u0131d\u0131r. <\/p>\n","protected":false},"excerpt":{"rendered":"<p>\u0130leti\u015fim bilimleri genelinde yaz\u0131l\u0131 metin \u00e7\u00f6z\u00fcmlemelerine y\u00f6nelik ara\u015ft\u0131rma y\u00f6ntemlerine ili\u015fkin &#8216;meraktan&#8217; yola \u00e7\u0131kan bu edit\u00f6r kitap \u00e7al\u0131\u015fmas\u0131, her bir ileti\u015fim alan\u0131n\u0131n kendine \u00f6zg\u00fc ara\u015ft\u0131rma y\u00f6ntemlerini, hem<span class=\"excerpt-hellip\"> [\u2026]<\/span><\/p>\n","protected":false},"featured_media":0,"template":"","meta":{"_monsterinsights_skip_tracking":false,"_monsterinsights_sitenote_active":false,"_monsterinsights_sitenote_note":"","_monsterinsights_sitenote_category":0},"product_brand":[],"product_cat":[15983,13488],"product_tag":[],"class_list":{"0":"post-697668","1":"product","2":"type-product","3":"status-publish","5":"product_cat-iletisim-ve-medya","6":"product_cat-toplum-ve-insan","7":"pa_cilt-ciltsiz","8":"pa_tur-kitap","9":"pa_yayinevi-utopya-yayinevi","10":"pa_yazar-kolektif","12":"first","13":"instock","14":"sale","15":"shipping-taxable","16":"purchasable","17":"product-type-simple"},"_links":{"self":[{"href":"https:\/\/roveyayinevi.com.tr\/index.php\/wp-json\/wp\/v2\/product\/697668","targetHints":{"allow":["GET"]}}],"collection":[{"href":"https:\/\/roveyayinevi.com.tr\/index.php\/wp-json\/wp\/v2\/product"}],"about":[{"href":"https:\/\/roveyayinevi.com.tr\/index.php\/wp-json\/wp\/v2\/types\/product"}],"wp:attachment":[{"href":"https:\/\/roveyayinevi.com.tr\/index.php\/wp-json\/wp\/v2\/media?parent=697668"}],"wp:term":[{"taxonomy":"product_brand","embeddable":true,"href":"https:\/\/roveyayinevi.com.tr\/index.php\/wp-json\/wp\/v2\/product_brand?post=697668"},{"taxonomy":"product_cat","embeddable":true,"href":"https:\/\/roveyayinevi.com.tr\/index.php\/wp-json\/wp\/v2\/product_cat?post=697668"},{"taxonomy":"product_tag","embeddable":true,"href":"https:\/\/roveyayinevi.com.tr\/index.php\/wp-json\/wp\/v2\/product_tag?post=697668"}],"curies":[{"name":"wp","href":"https:\/\/api.w.org\/{rel}","templated":true}]}}