{"id":697667,"date":"2025-08-27T14:41:15","date_gmt":"2025-08-27T11:41:15","guid":{"rendered":"https:\/\/roveyayinevi.com.tr\/index.php\/urun\/iki-dikenli-yol\/"},"modified":"2026-01-29T02:12:52","modified_gmt":"2026-01-28T23:12:52","slug":"iki-dikenli-yol","status":"publish","type":"product","link":"https:\/\/roveyayinevi.com.tr\/index.php\/urun\/iki-dikenli-yol\/","title":{"rendered":"\u0130ki Dikenli Yol"},"content":{"rendered":"<p>\u0130\u00e7imde gergin duran faylar o denli k\u0131r\u0131lmalar ya\u015f\u0131yor ki yer yerinden oynuyor, deniz yar\u0131l\u0131yor, kaybetti\u011fim yolda\u015flar\u0131m birer birer g\u00f6z\u00fcm\u00fcn \u00f6n\u00fcne geliyorlar, tabutlar\u0131n\u0131 ta\u015f\u0131d\u0131\u011f\u0131m yolda\u015flar\u0131m birden kalk\u0131p tabut i\u00e7inden \u015faka diyorlar, \u00f6lmedim \u00f6lmedik diyorlar. Gecekondum, beyaz gelinlikli k\u00f6p\u00fckl\u00fc \u015felalem, \u00f6l\u00fcm i\u00e7in beni bekleyen baraj g\u00f6l\u00fcn\u00fcn korkun\u00e7 derinlikleri ya\u015fanmam\u0131\u015f geliyor, k\u00f6p\u00fckl\u00fc suda u\u00e7u\u015fmak istemem&#8230; <\/p>\n","protected":false},"excerpt":{"rendered":"<p>\u0130\u00e7imde gergin duran faylar o denli k\u0131r\u0131lmalar ya\u015f\u0131yor ki yer yerinden oynuyor, deniz yar\u0131l\u0131yor, kaybetti\u011fim yolda\u015flar\u0131m birer birer g\u00f6z\u00fcm\u00fcn \u00f6n\u00fcne geliyorlar, tabutlar\u0131n\u0131 ta\u015f\u0131d\u0131\u011f\u0131m yolda\u015flar\u0131m birden kalk\u0131p<span class=\"excerpt-hellip\"> [\u2026]<\/span><\/p>\n","protected":false},"featured_media":0,"template":"","meta":{"_monsterinsights_skip_tracking":false,"_monsterinsights_sitenote_active":false,"_monsterinsights_sitenote_note":"","_monsterinsights_sitenote_category":0},"product_brand":[],"product_cat":[12291,12711],"product_tag":[],"class_list":{"0":"post-697667","1":"product","2":"type-product","3":"status-publish","5":"product_cat-edebiyat","6":"product_cat-roman-oyku","7":"pa_cilt-ciltsiz","8":"pa_tur-kitap","9":"pa_yayinevi-utopya-yayinevi","10":"pa_yazar-lokman-ogulmus","12":"first","13":"instock","14":"sale","15":"shipping-taxable","16":"purchasable","17":"product-type-simple"},"_links":{"self":[{"href":"https:\/\/roveyayinevi.com.tr\/index.php\/wp-json\/wp\/v2\/product\/697667","targetHints":{"allow":["GET"]}}],"collection":[{"href":"https:\/\/roveyayinevi.com.tr\/index.php\/wp-json\/wp\/v2\/product"}],"about":[{"href":"https:\/\/roveyayinevi.com.tr\/index.php\/wp-json\/wp\/v2\/types\/product"}],"wp:attachment":[{"href":"https:\/\/roveyayinevi.com.tr\/index.php\/wp-json\/wp\/v2\/media?parent=697667"}],"wp:term":[{"taxonomy":"product_brand","embeddable":true,"href":"https:\/\/roveyayinevi.com.tr\/index.php\/wp-json\/wp\/v2\/product_brand?post=697667"},{"taxonomy":"product_cat","embeddable":true,"href":"https:\/\/roveyayinevi.com.tr\/index.php\/wp-json\/wp\/v2\/product_cat?post=697667"},{"taxonomy":"product_tag","embeddable":true,"href":"https:\/\/roveyayinevi.com.tr\/index.php\/wp-json\/wp\/v2\/product_tag?post=697667"}],"curies":[{"name":"wp","href":"https:\/\/api.w.org\/{rel}","templated":true}]}}