{"id":697655,"date":"2025-08-27T14:41:11","date_gmt":"2025-08-27T11:41:11","guid":{"rendered":"https:\/\/roveyayinevi.com.tr\/index.php\/urun\/tarihsel-seyri-icinde-odp\/"},"modified":"2026-01-29T02:12:52","modified_gmt":"2026-01-28T23:12:52","slug":"tarihsel-seyri-icinde-odp","status":"publish","type":"product","link":"https:\/\/roveyayinevi.com.tr\/index.php\/urun\/tarihsel-seyri-icinde-odp\/","title":{"rendered":"Tarihsel Seyri \u0130\u00e7inde \u00d6DP"},"content":{"rendered":"<p>\u00d6DP, d\u0131\u015fa d\u00f6n\u00fck politikalar\u0131, k\u0131smen de meydan\u0131n katk\u0131s\u0131yla asl\u0131nda kendisine ait olmayan bir imajla siyaset sahnesinde yerini al\u0131yor. Ya\u015fad\u0131\u011f\u0131m\u0131z g\u00fcnlerin haf\u0131zam\u0131za  a\u015fk\u0131n ve devrimin partisi  diye kaz\u0131d\u0131\u011f\u0131 as\u0131l ad\u0131yla  \u00f6zg\u00fcrl\u00fck ve dayan\u0131\u015fma  partisi, kamuoyunda genellikle san\u0131ld\u0131\u011f\u0131n\u0131n aksine bir  \u015firinler  partisi de\u011fil,  ger\u00e7ek demokrasi  isteyen bir parti. Program\u0131nda a\u00e7\u0131k\u00e7a  \u00f6zg\u00fcrl\u00fck\u00e7\u00fc, \u00f6zy\u00f6netimci, enternasyonalist, demokratik planlamac\u0131, do\u011fa-insan ili\u015fkilerini yeniden tan\u0131mlayan, militarizm kar\u015f\u0131t\u0131 ve cinsiyet\u00e7i olmayan bir sosyalizm do\u011frultusunda, sermaye g\u00fc\u00e7lerinin egemenli\u011fini ve emperyalizmin tahakk\u00fcm\u00fcn\u00fc ortadan kald\u0131rmay\u0131 ama\u00e7lar  diyen radikal bir parti. \u00d6zellikle kulland\u0131\u011f\u0131 eylem bi\u00e7imleri y\u00fcz\u00fcnden sa\u011fdan ve soldan bir dizi  a\u015f\u0131r\u0131 yorum un muhatab\u0131 k\u0131l\u0131nan \u00d6DP\u2019yi oldu\u011fu gibi anlamayan \u00e7al\u0131\u015fan bu k\u0131sa metin, i\u00e7erdi\u011fi t\u00fcm politik arg\u00fcmanlara, a\u00e7\u0131k \u00d6DP tarafgirli\u011fine ve t\u00fcm  bilimsel iddias\u0131zl\u0131\u011f\u0131na  ra\u011fmen \u015fimdiye dek \u00d6DP\u2019yi, g\u00fcncel siyasal y\u00f6neli\u015fleri, i\u00e7 \u00e7at\u0131\u015fmalar\u0131, tarihsel referanslar\u0131, program\u0131, t\u00fcz\u00fc\u011f\u00fc, kongre kararlar\u0131 \u00fcye profoliyle toplumsal bir olgu olarak tarihsel ba\u011flam\u0131 i\u00e7inde iyice g\u00f6r\u00fcn\u00fcr k\u0131lan yazarlar, sonu\u00e7ta; \u00fc\u00e7 ku\u015fak sosyalistlerin ser\u00fcvenini anlat\u0131yorlar. Bu ser\u00fcven bir dizi ac\u0131, yenilgi, fakat daha fazla umut ve ya\u015fama ba\u011fl\u0131l\u0131kla dolu g\u00f6r\u00fcn\u00fcyor. S\u00f6z\u00fc edilen ser\u00fcven, d\u00fcnyay\u0131 de\u011fi\u015ftirmek isteyenlerin tarihsel eylemidir. Toplumsal e\u015fitlik ve \u00f6zg\u00fcrl\u00fck fikrine hala inananlar\u0131n, insana dair umudunu yitirmeyenlerin bu ser\u00fcvene kay\u0131ts\u0131z kalamayaca\u011f\u0131n\u0131 d\u00fc\u015f\u00fcn\u00fcyoruz. Elinizdeki bu \u00e7al\u0131\u015fma, yaln\u0131zca \u00d6DP\u2019yi anlatm\u0131yor, \u00d6DP\u2019nin de kolektif bir ser\u00fcvencisi oldu\u011fu tarihsel yolculu\u011fa \u00e7a\u011f\u0131r\u0131yor; dansa ve g\u00fcle&#8230; <\/p>\n","protected":false},"excerpt":{"rendered":"<p>\u00d6DP, d\u0131\u015fa d\u00f6n\u00fck politikalar\u0131, k\u0131smen de meydan\u0131n katk\u0131s\u0131yla asl\u0131nda kendisine ait olmayan bir imajla siyaset sahnesinde yerini al\u0131yor. Ya\u015fad\u0131\u011f\u0131m\u0131z g\u00fcnlerin haf\u0131zam\u0131za a\u015fk\u0131n ve devrimin partisi diye<span class=\"excerpt-hellip\"> [\u2026]<\/span><\/p>\n","protected":false},"featured_media":0,"template":"","meta":{"_monsterinsights_skip_tracking":false,"_monsterinsights_sitenote_active":false,"_monsterinsights_sitenote_note":"","_monsterinsights_sitenote_category":0},"product_brand":[],"product_cat":[16098,12337],"product_tag":[],"class_list":{"0":"post-697655","1":"product","2":"type-product","3":"status-publish","5":"product_cat-politik-akimlar-hareketler","6":"product_cat-politika-siyaset","7":"pa_cilt-ciltsiz","8":"pa_tur-kitap","9":"pa_yayinevi-utopya-yayinevi","10":"pa_yazar-mustafa-bayram-misir","12":"first","13":"instock","14":"sale","15":"shipping-taxable","16":"purchasable","17":"product-type-simple"},"_links":{"self":[{"href":"https:\/\/roveyayinevi.com.tr\/index.php\/wp-json\/wp\/v2\/product\/697655","targetHints":{"allow":["GET"]}}],"collection":[{"href":"https:\/\/roveyayinevi.com.tr\/index.php\/wp-json\/wp\/v2\/product"}],"about":[{"href":"https:\/\/roveyayinevi.com.tr\/index.php\/wp-json\/wp\/v2\/types\/product"}],"wp:attachment":[{"href":"https:\/\/roveyayinevi.com.tr\/index.php\/wp-json\/wp\/v2\/media?parent=697655"}],"wp:term":[{"taxonomy":"product_brand","embeddable":true,"href":"https:\/\/roveyayinevi.com.tr\/index.php\/wp-json\/wp\/v2\/product_brand?post=697655"},{"taxonomy":"product_cat","embeddable":true,"href":"https:\/\/roveyayinevi.com.tr\/index.php\/wp-json\/wp\/v2\/product_cat?post=697655"},{"taxonomy":"product_tag","embeddable":true,"href":"https:\/\/roveyayinevi.com.tr\/index.php\/wp-json\/wp\/v2\/product_tag?post=697655"}],"curies":[{"name":"wp","href":"https:\/\/api.w.org\/{rel}","templated":true}]}}