{"id":697651,"date":"2025-08-27T14:41:10","date_gmt":"2025-08-27T11:41:10","guid":{"rendered":"https:\/\/roveyayinevi.com.tr\/index.php\/urun\/halkla-iliskiler-teori-ve-uygulama\/"},"modified":"2026-01-29T02:12:52","modified_gmt":"2026-01-28T23:12:52","slug":"halkla-iliskiler-teori-ve-uygulama","status":"publish","type":"product","link":"https:\/\/roveyayinevi.com.tr\/index.php\/urun\/halkla-iliskiler-teori-ve-uygulama\/","title":{"rendered":"Halkla \u0130li\u015fkiler: Teori ve Uygulama"},"content":{"rendered":"<p>\u00d6teki Olarak Halkla \u0130li\u015fkiler -Derya Tellan- Kurum \u0130\u00e7i Halkla \u0130li\u015fkiler ve \u00d6rg\u00fct \u0130klimi -Ebru Mavi- Kurumsal \u0130leti\u015fimde Say\u0131sal D\u00f6n\u00fc\u015f\u00fcm ve \u0130nternet Hizmetleri -Serpil Karl\u0131da\u011f- Sosyal Devlet&#8217;ten Neo-Liberalizmin &#8216;Sosyal Sorumluluk&#8217; Faaliyetlerine Y\u00f6nelim: Medya \u00dczerine Bir De\u011ferlendirme -Selda Bulut- Sosyal Medyada Kriz Y\u00f6netimi -Perrin \u00d6\u011f\u00fcn Emre &#8211; Tu\u011f\u00e7e Esener- Halkla \u0130li\u015fkilerin \u00c7evreye Katk\u0131s\u0131 Bir Yan\u0131lsama m\u0131? -\u015eule Y\u00fcksel \u00d6zt\u00fcrk- Organizasyonlarda E\u015fg\u00fcd\u00fcm: \u00d6rg\u00fctsel Ama\u00e7, Y\u00f6netsel Uyum, Engeller ve Denetleme -Derya Tellan- <\/p>\n","protected":false},"excerpt":{"rendered":"<p>\u00d6teki Olarak Halkla \u0130li\u015fkiler -Derya Tellan- Kurum \u0130\u00e7i Halkla \u0130li\u015fkiler ve \u00d6rg\u00fct \u0130klimi -Ebru Mavi- Kurumsal \u0130leti\u015fimde Say\u0131sal D\u00f6n\u00fc\u015f\u00fcm ve \u0130nternet Hizmetleri -Serpil Karl\u0131da\u011f- Sosyal Devlet&#8217;ten<span class=\"excerpt-hellip\"> [\u2026]<\/span><\/p>\n","protected":false},"featured_media":0,"template":"","meta":{"_monsterinsights_skip_tracking":false,"_monsterinsights_sitenote_active":false,"_monsterinsights_sitenote_note":"","_monsterinsights_sitenote_category":0},"product_brand":[],"product_cat":[13488],"product_tag":[],"class_list":{"0":"post-697651","1":"product","2":"type-product","3":"status-publish","5":"product_cat-toplum-ve-insan","6":"pa_cilt-ciltsiz","7":"pa_tur-kitap","8":"pa_yayinevi-utopya-yayinevi","9":"pa_yazar-derya-tellan","11":"first","12":"instock","13":"sale","14":"shipping-taxable","15":"purchasable","16":"product-type-simple"},"_links":{"self":[{"href":"https:\/\/roveyayinevi.com.tr\/index.php\/wp-json\/wp\/v2\/product\/697651","targetHints":{"allow":["GET"]}}],"collection":[{"href":"https:\/\/roveyayinevi.com.tr\/index.php\/wp-json\/wp\/v2\/product"}],"about":[{"href":"https:\/\/roveyayinevi.com.tr\/index.php\/wp-json\/wp\/v2\/types\/product"}],"wp:attachment":[{"href":"https:\/\/roveyayinevi.com.tr\/index.php\/wp-json\/wp\/v2\/media?parent=697651"}],"wp:term":[{"taxonomy":"product_brand","embeddable":true,"href":"https:\/\/roveyayinevi.com.tr\/index.php\/wp-json\/wp\/v2\/product_brand?post=697651"},{"taxonomy":"product_cat","embeddable":true,"href":"https:\/\/roveyayinevi.com.tr\/index.php\/wp-json\/wp\/v2\/product_cat?post=697651"},{"taxonomy":"product_tag","embeddable":true,"href":"https:\/\/roveyayinevi.com.tr\/index.php\/wp-json\/wp\/v2\/product_tag?post=697651"}],"curies":[{"name":"wp","href":"https:\/\/api.w.org\/{rel}","templated":true}]}}

Halkla İlişkiler: Teori ve Uygulama

<p>Öteki Olarak Halkla İlişkiler -Derya Tellan- Kurum İçi Halkla İlişkiler ve Örgüt İklimi -Ebru Mavi- Kurumsal İletişimde Sayısal Dönüşüm ve İnternet Hizmetleri -Serpil Karlıdağ- Sosyal Devlet&#8217;ten Neo-Liberalizmin &#8216;Sosyal Sorumluluk&#8217; Faaliyetlerine Yönelim: Medya Üzerine Bir Değerlendirme -Selda Bulut- Sosyal Medyada Kriz Yönetimi -Perrin Öğün Emre &#8211; Tuğçe Esener- Halkla İlişkilerin Çevreye Katkısı Bir Yanılsama mı? -Şule Yüksel Öztürk- Organizasyonlarda Eşgüdüm: Örgütsel Amaç, Yönetsel Uyum, Engeller ve Denetleme -Derya Tellan- </p>

<p>Öteki Olarak Halkla İlişkiler -Derya Tellan- Kurum İçi Halkla İlişkiler ve Örgüt İklimi -Ebru Mavi- Kurumsal İletişimde Sayısal Dönüşüm ve İnternet Hizmetleri -Serpil Karlıdağ- Sosyal Devlet&#8217;ten<span class="excerpt-hellip"> […]</span></p>
