{"id":697646,"date":"2025-08-27T14:41:09","date_gmt":"2025-08-27T11:41:09","guid":{"rendered":"https:\/\/roveyayinevi.com.tr\/index.php\/urun\/dunyayi-ters-dondurecek-formul\/"},"modified":"2026-04-16T02:07:19","modified_gmt":"2026-04-15T23:07:19","slug":"dunyayi-ters-dondurecek-formul","status":"publish","type":"product","link":"https:\/\/roveyayinevi.com.tr\/index.php\/urun\/dunyayi-ters-dondurecek-formul\/","title":{"rendered":"D\u00fcnyay\u0131 Ters D\u00f6nd\u00fcrecek Form\u00fcl!"},"content":{"rendered":"<p>Kep\u00e7e, dedektif olmaya kararl\u0131yd\u0131. Bu konuda \u015f\u00fcphe etti\u011fi Profes\u00f6r \u00c7oraps\u00f6k\u00fc\u011f\u00fc\u2019nden bile yard\u0131m istemi\u015fti.Tam her \u015fey yoluna girdi derken, esrarengiz bir adam olan BY PIRASA ortaya \u00e7\u0131kt\u0131.\u0130smi gibi kendi de ilgin\u00e7 olan BY PIRASA\u2019ya g\u00f6re D\u00fcnyam\u0131z tehlikedeydi. D\u00fcnya\u2019y\u0131 kurtarman\u0131n tek yolu, Profes\u00f6r \u00c7oraps\u00f6k\u00fc\u011f\u00fc\u2019n\u00fcn elindeki gizli form\u00fcle ula\u015fmakt\u0131.Bu zor g\u00f6revi ise, Kep\u00e7e\u2019den ba\u015fkas\u0131 ba\u015faramazd\u0131.Heyecan dolu bir kitaba daha haz\u0131r olun. Macera kald\u0131\u011f\u0131 yerden devam ediyor\u2026 <\/p>\n","protected":false},"excerpt":{"rendered":"<p>Kep\u00e7e, dedektif olmaya kararl\u0131yd\u0131. Bu konuda \u015f\u00fcphe etti\u011fi Profes\u00f6r \u00c7oraps\u00f6k\u00fc\u011f\u00fc\u2019nden bile yard\u0131m istemi\u015fti.Tam her \u015fey yoluna girdi derken, esrarengiz bir adam olan BY PIRASA ortaya \u00e7\u0131kt\u0131.\u0130smi<span class=\"excerpt-hellip\"> [\u2026]<\/span><\/p>\n","protected":false},"featured_media":0,"template":"","meta":{"_monsterinsights_skip_tracking":false,"_monsterinsights_sitenote_active":false,"_monsterinsights_sitenote_note":"","_monsterinsights_sitenote_category":0},"product_brand":[],"product_cat":[12274,12523],"product_tag":[],"class_list":{"0":"post-697646","1":"product","2":"type-product","3":"status-publish","5":"product_cat-cocuk-ve-genclik-kitaplari","6":"product_cat-masallar","7":"pa_cilt-ciltsiz","8":"pa_tur-kitap","9":"pa_yayinevi-nesil-cocuk-yayinlari","10":"pa_yazar-yusuf-asal","12":"first","13":"instock","14":"sale","15":"shipping-taxable","16":"purchasable","17":"product-type-simple"},"_links":{"self":[{"href":"https:\/\/roveyayinevi.com.tr\/index.php\/wp-json\/wp\/v2\/product\/697646","targetHints":{"allow":["GET"]}}],"collection":[{"href":"https:\/\/roveyayinevi.com.tr\/index.php\/wp-json\/wp\/v2\/product"}],"about":[{"href":"https:\/\/roveyayinevi.com.tr\/index.php\/wp-json\/wp\/v2\/types\/product"}],"wp:attachment":[{"href":"https:\/\/roveyayinevi.com.tr\/index.php\/wp-json\/wp\/v2\/media?parent=697646"}],"wp:term":[{"taxonomy":"product_brand","embeddable":true,"href":"https:\/\/roveyayinevi.com.tr\/index.php\/wp-json\/wp\/v2\/product_brand?post=697646"},{"taxonomy":"product_cat","embeddable":true,"href":"https:\/\/roveyayinevi.com.tr\/index.php\/wp-json\/wp\/v2\/product_cat?post=697646"},{"taxonomy":"product_tag","embeddable":true,"href":"https:\/\/roveyayinevi.com.tr\/index.php\/wp-json\/wp\/v2\/product_tag?post=697646"}],"curies":[{"name":"wp","href":"https:\/\/api.w.org\/{rel}","templated":true}]}}