{"id":697640,"date":"2025-08-27T14:41:07","date_gmt":"2025-08-27T11:41:07","guid":{"rendered":"https:\/\/roveyayinevi.com.tr\/index.php\/urun\/elveda-nisyan-merhaba-isyan\/"},"modified":"2026-01-29T02:12:51","modified_gmt":"2026-01-28T23:12:51","slug":"elveda-nisyan-merhaba-isyan","status":"publish","type":"product","link":"https:\/\/roveyayinevi.com.tr\/index.php\/urun\/elveda-nisyan-merhaba-isyan\/","title":{"rendered":"Elveda Nisyan&#8230; Merhaba \u0130syan!"},"content":{"rendered":"<p>&#8220;Yeni D\u00fcnya D\u00fczen(sizli\u011f)i&#8221; ve onun neo-liberal  politikalar\u0131n\u0131n d\u00fcnyan\u0131n b\u00fcy\u00fck b\u00f6l\u00fcm\u00fcn\u00fc s\u00fcr\u00fckledi\u011fi  yoksulla\u015fma, yoksunla\u015fma ve kaos ortam\u0131na kar\u015f\u0131  ba\u015fkald\u0131r\u0131 olanaklar\u0131n\u0131n tart\u0131\u015f\u0131ld\u0131\u011f\u0131 kitapta yazar,  1995&#8217;deki Paris kalk\u0131\u015fmas\u0131ndan Chiapas&#8217;daki Zapatist  ayaklanmaya, Filistin&#8217;in \u0130ntifada&#8217;s\u0131ndan Seattle&#8217;a, YDD  kar\u015f\u0131t\u0131 hareketleri, Marx&#8217;tan Lenin&#8217;e, Che&#8217;ye uzanan  isyan gelene\u011fi temelinde de\u011ferlendiriyor&#8230;. <\/p>\n","protected":false},"excerpt":{"rendered":"<p>&#8220;Yeni D\u00fcnya D\u00fczen(sizli\u011f)i&#8221; ve onun neo-liberal politikalar\u0131n\u0131n d\u00fcnyan\u0131n b\u00fcy\u00fck b\u00f6l\u00fcm\u00fcn\u00fc s\u00fcr\u00fckledi\u011fi yoksulla\u015fma, yoksunla\u015fma ve kaos ortam\u0131na kar\u015f\u0131 ba\u015fkald\u0131r\u0131 olanaklar\u0131n\u0131n tart\u0131\u015f\u0131ld\u0131\u011f\u0131 kitapta yazar, 1995&#8217;deki Paris kalk\u0131\u015fmas\u0131ndan Chiapas&#8217;daki<span class=\"excerpt-hellip\"> [\u2026]<\/span><\/p>\n","protected":false},"featured_media":0,"template":"","meta":{"_monsterinsights_skip_tracking":false,"_monsterinsights_sitenote_active":false,"_monsterinsights_sitenote_note":"","_monsterinsights_sitenote_category":0},"product_brand":[],"product_cat":[12338,12337],"product_tag":[],"class_list":{"0":"post-697640","1":"product","2":"type-product","3":"status-publish","5":"product_cat-dunya-siyaseti-ve-politikasi","6":"product_cat-politika-siyaset","7":"pa_cilt-ciltsiz","8":"pa_tur-kitap","9":"pa_yayinevi-utopya-yayinevi","10":"pa_yazar-temel-demirer","12":"first","13":"instock","14":"sale","15":"shipping-taxable","16":"purchasable","17":"product-type-simple"},"_links":{"self":[{"href":"https:\/\/roveyayinevi.com.tr\/index.php\/wp-json\/wp\/v2\/product\/697640","targetHints":{"allow":["GET"]}}],"collection":[{"href":"https:\/\/roveyayinevi.com.tr\/index.php\/wp-json\/wp\/v2\/product"}],"about":[{"href":"https:\/\/roveyayinevi.com.tr\/index.php\/wp-json\/wp\/v2\/types\/product"}],"wp:attachment":[{"href":"https:\/\/roveyayinevi.com.tr\/index.php\/wp-json\/wp\/v2\/media?parent=697640"}],"wp:term":[{"taxonomy":"product_brand","embeddable":true,"href":"https:\/\/roveyayinevi.com.tr\/index.php\/wp-json\/wp\/v2\/product_brand?post=697640"},{"taxonomy":"product_cat","embeddable":true,"href":"https:\/\/roveyayinevi.com.tr\/index.php\/wp-json\/wp\/v2\/product_cat?post=697640"},{"taxonomy":"product_tag","embeddable":true,"href":"https:\/\/roveyayinevi.com.tr\/index.php\/wp-json\/wp\/v2\/product_tag?post=697640"}],"curies":[{"name":"wp","href":"https:\/\/api.w.org\/{rel}","templated":true}]}}

Elveda Nisyan&#8230; Merhaba İsyan!

<p>&#8220;Yeni Dünya Düzen(sizliğ)i&#8221; ve onun neo-liberal  politikalarının dünyanın büyük bölümünü sürüklediği  yoksullaşma, yoksunlaşma ve kaos ortamına karşı  başkaldırı olanaklarının tartışıldığı kitapta yazar,  1995&#8217;deki Paris kalkışmasından Chiapas&#8217;daki Zapatist  ayaklanmaya, Filistin&#8217;in İntifada&#8217;sından Seattle&#8217;a, YDD  karşıtı hareketleri, Marx&#8217;tan Lenin&#8217;e, Che&#8217;ye uzanan  isyan geleneği temelinde değerlendiriyor&#8230;. </p>

<p>&#8220;Yeni Dünya Düzen(sizliğ)i&#8221; ve onun neo-liberal politikalarının dünyanın büyük bölümünü sürüklediği yoksullaşma, yoksunlaşma ve kaos ortamına karşı başkaldırı olanaklarının tartışıldığı kitapta yazar, 1995&#8217;deki Paris kalkışmasından Chiapas&#8217;daki<span class="excerpt-hellip"> […]</span></p>
