{"id":697635,"date":"2025-08-27T14:40:58","date_gmt":"2025-08-27T11:40:58","guid":{"rendered":"https:\/\/roveyayinevi.com.tr\/index.php\/urun\/egemenlerin-adaletine-savunmanin-isyani\/"},"modified":"2026-01-29T02:12:51","modified_gmt":"2026-01-28T23:12:51","slug":"egemenlerin-adaletine-savunmanin-isyani","status":"publish","type":"product","link":"https:\/\/roveyayinevi.com.tr\/index.php\/urun\/egemenlerin-adaletine-savunmanin-isyani\/","title":{"rendered":"Egemenlerin Adaletine Savunman\u0131n \u0130syan\u0131"},"content":{"rendered":"<p>Heinrich Hannover, Federal Almanya\u2019n\u0131n g\u00fcndemini sarsan davalarda \u00f6nemli isimleri savunmu\u015f bir avukat. T\u00fcm toplumsal \u00f6nyarg\u0131lar\u0131n daha yarg\u0131lama ba\u015flamadan san\u0131klar\u0131 mahk\u00fbm etti\u011fi davalarda savunmalar\u0131yla tarihe not d\u00fc\u015f\u00fcyor. Bir savunma avukat\u0131n\u0131n ba\u011fl\u0131 oldu\u011fu yaz\u0131l\u0131 ve yaz\u0131l\u0131 olmayan evrensel kurallar\u0131 ihlal etmeksizin iktidarla m\u00fccadelenin yolunu g\u00f6steriyor. <\/p>\n","protected":false},"excerpt":{"rendered":"<p>Heinrich Hannover, Federal Almanya\u2019n\u0131n g\u00fcndemini sarsan davalarda \u00f6nemli isimleri savunmu\u015f bir avukat. T\u00fcm toplumsal \u00f6nyarg\u0131lar\u0131n daha yarg\u0131lama ba\u015flamadan san\u0131klar\u0131 mahk\u00fbm etti\u011fi davalarda savunmalar\u0131yla tarihe not d\u00fc\u015f\u00fcyor.<span class=\"excerpt-hellip\"> [\u2026]<\/span><\/p>\n","protected":false},"featured_media":0,"template":"","meta":{"_monsterinsights_skip_tracking":false,"_monsterinsights_sitenote_active":false,"_monsterinsights_sitenote_note":"","_monsterinsights_sitenote_category":0},"product_brand":[],"product_cat":[13278,12324],"product_tag":[],"class_list":{"0":"post-697635","1":"product","2":"type-product","3":"status-publish","5":"product_cat-sivil-toplum-kuruluslari","6":"product_cat-sosyoloji","7":"pa_cilt-ciltsiz","8":"pa_tur-kitap","9":"pa_yayinevi-utopya-yayinevi","10":"pa_yazar-heinrich-hannover","12":"first","13":"instock","14":"sale","15":"shipping-taxable","16":"purchasable","17":"product-type-simple"},"_links":{"self":[{"href":"https:\/\/roveyayinevi.com.tr\/index.php\/wp-json\/wp\/v2\/product\/697635","targetHints":{"allow":["GET"]}}],"collection":[{"href":"https:\/\/roveyayinevi.com.tr\/index.php\/wp-json\/wp\/v2\/product"}],"about":[{"href":"https:\/\/roveyayinevi.com.tr\/index.php\/wp-json\/wp\/v2\/types\/product"}],"wp:attachment":[{"href":"https:\/\/roveyayinevi.com.tr\/index.php\/wp-json\/wp\/v2\/media?parent=697635"}],"wp:term":[{"taxonomy":"product_brand","embeddable":true,"href":"https:\/\/roveyayinevi.com.tr\/index.php\/wp-json\/wp\/v2\/product_brand?post=697635"},{"taxonomy":"product_cat","embeddable":true,"href":"https:\/\/roveyayinevi.com.tr\/index.php\/wp-json\/wp\/v2\/product_cat?post=697635"},{"taxonomy":"product_tag","embeddable":true,"href":"https:\/\/roveyayinevi.com.tr\/index.php\/wp-json\/wp\/v2\/product_tag?post=697635"}],"curies":[{"name":"wp","href":"https:\/\/api.w.org\/{rel}","templated":true}]}}