{"id":697617,"date":"2025-08-27T14:40:53","date_gmt":"2025-08-27T11:40:53","guid":{"rendered":"https:\/\/roveyayinevi.com.tr\/index.php\/urun\/edep-ya-hu-2\/"},"modified":"2026-04-16T02:07:18","modified_gmt":"2026-04-15T23:07:18","slug":"edep-ya-hu-2","status":"publish","type":"product","link":"https:\/\/roveyayinevi.com.tr\/index.php\/urun\/edep-ya-hu-2\/","title":{"rendered":"Edep Ya H\u00fc"},"content":{"rendered":"<p>M\u00fcnevver Aya\u015fl\u0131\u2019n\u0131n, ilk olarak 1984\u2019te bas\u0131lm\u0131\u015f eseri olan Edep Y\u00e2 H\u00fb Osmanl\u0131 saray\u0131ndaki \u00e2det ve merasimler (Cuma selaml\u0131\u011f\u0131, dini bayramlar, c\u00fcl\u00fbs t\u00f6renleri, d\u00fc\u011f\u00fcn ve s\u00fcnnet merasimleri vs), sarayda ve haremde ya\u015fananlar (Sultan Abd\u00fclhamid\u2019in tahta \u00e7\u0131k\u0131\u015f\u0131, Sultan Mehmed Re\u015fad\u2019\u0131n mizac\u0131yla ilgili bilinmeyenler, saray sofralar\u0131 ve ikramlarla ilgili detaylar, sarayda \u00fc\u00e7 aylar\u0131n nas\u0131l ya\u015fand\u0131\u011f\u0131, Osmanl\u0131\u2019da kiler k\u00fclt\u00fcr\u00fc, T\u00fcrk mutfa\u011f\u0131 ve Ramazan sofralar\u0131yla ilgili unutulmaya y\u00fcz tutmu\u015f ilgi \u00e7ekici teferruatlar) ve devrin me\u015fhur isimlerine dair hik\u00e2yelerden olu\u015fuyor.Kitab\u0131n ikinci b\u00f6l\u00fcm\u00fcn\u00fcn ad\u0131 \u201cMerak\u201d. Bu b\u00f6l\u00fcm, M\u00fcnevver Aya\u015fl\u0131\u2019n\u0131n 1967-1972 y\u0131llar\u0131 aras\u0131nda gazetelerde yazd\u0131\u011f\u0131 din\u00ee-tasavvuf\u00ee mahiyetteki k\u00f6\u015fe yaz\u0131lar\u0131n\u0131n toplanmas\u0131yla olu\u015ftu. Aya\u015fl\u0131\u2019n\u0131n Yeni \u0130stanbul ve Bab\u0131\u00e2li\u2019de Sabah gazetelerinde ne\u015fredilmi\u015f bu makaleleri; \u00fc\u00e7 aylar, m\u00fcbarek g\u00fcn ve geceler, \u00e7e\u015fitli din b\u00fcy\u00fcklerinden bahislerle ba\u015flay\u0131p, E\u015frefo\u011flu Rumi\u2019nin M\u00fczekki\u2019n-N\u00fcfus adl\u0131 eserinden, \u0130mam Gazali\u2019nin K\u0131rk Esas ile M\u00fck\u00e2\u015fefet\u00fc\u2019l-Kul\u00fbb ve di\u011fer baz\u0131 klasikle\u015fmi\u015f din\u00ee eserlerden al\u0131nt\u0131lar, Asr-\u0131 Saadet\u2019ten pek \u00e7ok hik\u00e2yeler-ilgin\u00e7 anekdotlar (Siyer-i Nebi, Hicret hadisesi, Gazalar) i\u00e7eriyor. <\/p>\n","protected":false},"excerpt":{"rendered":"<p>M\u00fcnevver Aya\u015fl\u0131\u2019n\u0131n, ilk olarak 1984\u2019te bas\u0131lm\u0131\u015f eseri olan Edep Y\u00e2 H\u00fb Osmanl\u0131 saray\u0131ndaki \u00e2det ve merasimler (Cuma selaml\u0131\u011f\u0131, dini bayramlar, c\u00fcl\u00fbs t\u00f6renleri, d\u00fc\u011f\u00fcn ve s\u00fcnnet merasimleri<span class=\"excerpt-hellip\"> [\u2026]<\/span><\/p>\n","protected":false},"featured_media":0,"template":"","meta":{"_monsterinsights_skip_tracking":false,"_monsterinsights_sitenote_active":false,"_monsterinsights_sitenote_note":"","_monsterinsights_sitenote_category":0},"product_brand":[],"product_cat":[12718,12719,12720],"product_tag":[],"class_list":{"0":"post-697617","1":"product","2":"type-product","3":"status-publish","5":"product_cat-din","6":"product_cat-islam","7":"product_cat-tasavvuf-mezhepler-tarikatlar","8":"pa_cilt-ciltsiz","9":"pa_tur-kitap","10":"pa_yayinevi-timas-yayinlari","11":"pa_yazar-munevver-ayasli","13":"first","14":"instock","15":"sale","16":"shipping-taxable","17":"purchasable","18":"product-type-simple"},"_links":{"self":[{"href":"https:\/\/roveyayinevi.com.tr\/index.php\/wp-json\/wp\/v2\/product\/697617","targetHints":{"allow":["GET"]}}],"collection":[{"href":"https:\/\/roveyayinevi.com.tr\/index.php\/wp-json\/wp\/v2\/product"}],"about":[{"href":"https:\/\/roveyayinevi.com.tr\/index.php\/wp-json\/wp\/v2\/types\/product"}],"wp:attachment":[{"href":"https:\/\/roveyayinevi.com.tr\/index.php\/wp-json\/wp\/v2\/media?parent=697617"}],"wp:term":[{"taxonomy":"product_brand","embeddable":true,"href":"https:\/\/roveyayinevi.com.tr\/index.php\/wp-json\/wp\/v2\/product_brand?post=697617"},{"taxonomy":"product_cat","embeddable":true,"href":"https:\/\/roveyayinevi.com.tr\/index.php\/wp-json\/wp\/v2\/product_cat?post=697617"},{"taxonomy":"product_tag","embeddable":true,"href":"https:\/\/roveyayinevi.com.tr\/index.php\/wp-json\/wp\/v2\/product_tag?post=697617"}],"curies":[{"name":"wp","href":"https:\/\/api.w.org\/{rel}","templated":true}]}}