{"id":697614,"date":"2025-08-27T14:40:52","date_gmt":"2025-08-27T11:40:52","guid":{"rendered":"https:\/\/roveyayinevi.com.tr\/index.php\/urun\/uluslarin-sagligi\/"},"modified":"2026-04-16T02:07:18","modified_gmt":"2026-04-15T23:07:18","slug":"uluslarin-sagligi","status":"publish","type":"product","link":"https:\/\/roveyayinevi.com.tr\/index.php\/urun\/uluslarin-sagligi\/","title":{"rendered":"Uluslar\u0131n Sa\u011fl\u0131\u011f\u0131"},"content":{"rendered":"<p>Sa\u011fl\u0131k hizmetlerine bu kadar \u00e7ok kaynak ayr\u0131lmas\u0131na ra\u011fmen neden h\u00e2l\u00e2 bu kadar \u00e7ok hastal\u0131k var ve neden sa\u011fl\u0131kta e\u015fitsizlik diz boyu? Bu \u00e7arp\u0131c\u0131 kitapta, tan\u0131nm\u0131\u015f sa\u011fl\u0131k ekonomisti Gavin Mooney, sa\u011fl\u0131k hizmetinin ekonomi politi\u011fini g\u00f6zler \u00f6n\u00fcne seriyor. Sa\u011fl\u0131\u011f\u0131n sosyal belirleyicilerinin ne kadar az ele al\u0131nd\u0131\u011f\u0131n\u0131 a\u00e7\u0131\u011fa \u00e7\u0131kar\u0131yor. \ufffcTan\u0131t\u0131m Metni<\/p>\n","protected":false},"excerpt":{"rendered":"<p>Sa\u011fl\u0131k hizmetlerine bu kadar \u00e7ok kaynak ayr\u0131lmas\u0131na ra\u011fmen neden h\u00e2l\u00e2 bu kadar \u00e7ok hastal\u0131k var ve neden sa\u011fl\u0131kta e\u015fitsizlik diz boyu? Bu \u00e7arp\u0131c\u0131 kitapta, tan\u0131nm\u0131\u015f sa\u011fl\u0131k<span class=\"excerpt-hellip\"> [\u2026]<\/span><\/p>\n","protected":false},"featured_media":0,"template":"","meta":{"_monsterinsights_skip_tracking":false,"_monsterinsights_sitenote_active":false,"_monsterinsights_sitenote_note":"","_monsterinsights_sitenote_category":0},"product_brand":[],"product_cat":[12312,12304],"product_tag":[],"class_list":{"0":"post-697614","1":"product","2":"type-product","3":"status-publish","5":"product_cat-diger","6":"product_cat-tarih","7":"pa_cilt-ciltsiz","8":"pa_tur-kitap","9":"pa_yayinevi-yordam-kitap","10":"pa_yazar-gavin-mooney","12":"first","13":"instock","14":"sale","15":"shipping-taxable","16":"purchasable","17":"product-type-simple"},"_links":{"self":[{"href":"https:\/\/roveyayinevi.com.tr\/index.php\/wp-json\/wp\/v2\/product\/697614","targetHints":{"allow":["GET"]}}],"collection":[{"href":"https:\/\/roveyayinevi.com.tr\/index.php\/wp-json\/wp\/v2\/product"}],"about":[{"href":"https:\/\/roveyayinevi.com.tr\/index.php\/wp-json\/wp\/v2\/types\/product"}],"wp:attachment":[{"href":"https:\/\/roveyayinevi.com.tr\/index.php\/wp-json\/wp\/v2\/media?parent=697614"}],"wp:term":[{"taxonomy":"product_brand","embeddable":true,"href":"https:\/\/roveyayinevi.com.tr\/index.php\/wp-json\/wp\/v2\/product_brand?post=697614"},{"taxonomy":"product_cat","embeddable":true,"href":"https:\/\/roveyayinevi.com.tr\/index.php\/wp-json\/wp\/v2\/product_cat?post=697614"},{"taxonomy":"product_tag","embeddable":true,"href":"https:\/\/roveyayinevi.com.tr\/index.php\/wp-json\/wp\/v2\/product_tag?post=697614"}],"curies":[{"name":"wp","href":"https:\/\/api.w.org\/{rel}","templated":true}]}}