{"id":697608,"date":"2025-08-27T14:40:51","date_gmt":"2025-08-27T11:40:51","guid":{"rendered":"https:\/\/roveyayinevi.com.tr\/index.php\/urun\/sanatcilari-okumak-ya-da-hayali-soylesiler\/"},"modified":"2026-01-29T02:12:48","modified_gmt":"2026-01-28T23:12:48","slug":"sanatcilari-okumak-ya-da-hayali-soylesiler","status":"publish","type":"product","link":"https:\/\/roveyayinevi.com.tr\/index.php\/urun\/sanatcilari-okumak-ya-da-hayali-soylesiler\/","title":{"rendered":"Sanat\u00e7\u0131lar\u0131 Okumak ya da Hayali S\u00f6yle\u015filer"},"content":{"rendered":"<p>Sanat\u00e7\u0131lar\u0131 Okumak ya da Hayali Konu\u015fmalar\u2019; Matisse, Picasso, Kandinski, Duchamp, Dali, Leger, Gabo, Moore, Smith, Motherwell, Reinhardt, Warhol, Beuys, LeWitt, Kosuth ve Richter\u2019in kendi metinleri, deme\u00e7leri ve r\u00f6portajlar\u0131 temel al\u0131narak olu\u015fturuldu. Dolay\u0131s\u0131yla bu kitap, sanat\u00e7\u0131 d\u00fc\u015f\u00fcncesinin 20. y\u00fczy\u0131l\u0131n ba\u015f\u0131ndan 21. y\u00fczy\u0131la do\u011fru nas\u0131l bir s\u00fcre\u00e7ten ge\u00e7ti\u011fini, nas\u0131l de\u011fi\u015fti\u011fini sanat\u00e7\u0131lar\u0131n kendi s\u00f6zleriyle ortaya koyuyor. \u015eimdiye kadar sanatsal evrim geriye d\u00f6nd\u00fcr\u00fclemez ve gittik\u00e7e geli\u015fen bir s\u00fcre\u00e7 olarak g\u00f6r\u00fcl\u00fcyordu. Her yeni d\u00f6nem ve o d\u00f6nemde ortaya \u00e7\u0131kan sanat\u00e7\u0131lar ve onlar\u0131n eserleri de bir \u00f6ncekileri a\u015fm\u0131\u015f say\u0131l\u0131yordu. Peki ama, g\u00fcn\u00fcm\u00fcz sanat\u00e7\u0131lar\u0131n\u0131n Duchamp\u2019dan, Duchamp\u2019\u0131n Picasso\u2019dan, Picasso\u2019nun Monet\u2019den, Monet\u2019nin Courbet\u2019den, Courbet\u2019nin Delacroix\u2019dan, (&#8230;) ne kadar ilerde ve daha yarat\u0131c\u0131 oldu\u011funu iddia edebiliriz ki? Bu konuda, inan\u00e7lar\u0131m\u0131zdan ba\u015fka bizi ikna edecek ger\u00e7ekten i\u015fe yarar bir \u00f6l\u00e7\u00fct ortaya koyabilir miyiz? \u2018Sanat\u2019 d\u00fcn hangi anlama geliyordu, bug\u00fcn hangi anlama geliyor? Sanat\u00e7\u0131lar d\u00fcn hangi sorunlarla u\u011fra\u015f\u0131yorlard\u0131? Bug\u00fcn zihinleri me\u015fgul eden sorunlar neler? Mehmet Y\u0131lmaz, bu ve benzeri sorunlara odaklanan metinleri sadece derleyip \u00e7evirmekle kalm\u0131yor; ayn\u0131 zamanda bunlar arac\u0131l\u0131\u011f\u0131yla sanat\u00e7\u0131larla \u2018hayali olarak s\u00f6yle\u015fmeyi\u2019 deniyor, bir anlamda onlar\u0131 kendince \u2018okuyor\u2019. <\/p>\n","protected":false},"excerpt":{"rendered":"<p>Sanat\u00e7\u0131lar\u0131 Okumak ya da Hayali Konu\u015fmalar\u2019; Matisse, Picasso, Kandinski, Duchamp, Dali, Leger, Gabo, Moore, Smith, Motherwell, Reinhardt, Warhol, Beuys, LeWitt, Kosuth ve Richter\u2019in kendi metinleri, deme\u00e7leri<span class=\"excerpt-hellip\"> [\u2026]<\/span><\/p>\n","protected":false},"featured_media":0,"template":"","meta":{"_monsterinsights_skip_tracking":false,"_monsterinsights_sitenote_active":false,"_monsterinsights_sitenote_note":"","_monsterinsights_sitenote_category":0},"product_brand":[],"product_cat":[15733,12408],"product_tag":[],"class_list":{"0":"post-697608","1":"product","2":"type-product","3":"status-publish","5":"product_cat-resim","6":"product_cat-sanat","7":"pa_cilt-ciltsiz","8":"pa_tur-kitap","9":"pa_yayinevi-utopya-yayinevi","10":"pa_yazar-mehmet-yilmaz","12":"first","13":"instock","14":"sale","15":"shipping-taxable","16":"purchasable","17":"product-type-simple"},"_links":{"self":[{"href":"https:\/\/roveyayinevi.com.tr\/index.php\/wp-json\/wp\/v2\/product\/697608","targetHints":{"allow":["GET"]}}],"collection":[{"href":"https:\/\/roveyayinevi.com.tr\/index.php\/wp-json\/wp\/v2\/product"}],"about":[{"href":"https:\/\/roveyayinevi.com.tr\/index.php\/wp-json\/wp\/v2\/types\/product"}],"wp:attachment":[{"href":"https:\/\/roveyayinevi.com.tr\/index.php\/wp-json\/wp\/v2\/media?parent=697608"}],"wp:term":[{"taxonomy":"product_brand","embeddable":true,"href":"https:\/\/roveyayinevi.com.tr\/index.php\/wp-json\/wp\/v2\/product_brand?post=697608"},{"taxonomy":"product_cat","embeddable":true,"href":"https:\/\/roveyayinevi.com.tr\/index.php\/wp-json\/wp\/v2\/product_cat?post=697608"},{"taxonomy":"product_tag","embeddable":true,"href":"https:\/\/roveyayinevi.com.tr\/index.php\/wp-json\/wp\/v2\/product_tag?post=697608"}],"curies":[{"name":"wp","href":"https:\/\/api.w.org\/{rel}","templated":true}]}}