{"id":697607,"date":"2025-08-27T14:40:50","date_gmt":"2025-08-27T11:40:50","guid":{"rendered":"https:\/\/roveyayinevi.com.tr\/index.php\/urun\/sanat-sozlugu\/"},"modified":"2025-12-30T09:47:17","modified_gmt":"2025-12-30T06:47:17","slug":"sanat-sozlugu","status":"publish","type":"product","link":"https:\/\/roveyayinevi.com.tr\/index.php\/urun\/sanat-sozlugu\/","title":{"rendered":"Sanat S\u00f6zl\u00fc\u011f\u00fc"},"content":{"rendered":"<p>\u00b7 Resim, heykel, grafik, seramik ve sanat e\u011fitimine ili\u015fkin kavramlar \u00b7 Sanat ak\u0131mlar\u0131 ve temsilcileri \u00b7 Sanat\u00e7\u0131lar\u0131n kavramlara ili\u015fkin s\u00f6zleri \u00b7 Sanat ak\u0131mlar\u0131 ve d\u00f6nemleri kronolojisi \u00b7 Sanat eserleri kronolojisi <\/p>\n","protected":false},"excerpt":{"rendered":"<p>\u00b7 Resim, heykel, grafik, seramik ve sanat e\u011fitimine ili\u015fkin kavramlar \u00b7 Sanat ak\u0131mlar\u0131 ve temsilcileri \u00b7 Sanat\u00e7\u0131lar\u0131n kavramlara ili\u015fkin s\u00f6zleri \u00b7 Sanat ak\u0131mlar\u0131 ve d\u00f6nemleri kronolojisi<span class=\"excerpt-hellip\"> [\u2026]<\/span><\/p>\n","protected":false},"featured_media":0,"template":"","meta":{"_monsterinsights_skip_tracking":false,"_monsterinsights_sitenote_active":false,"_monsterinsights_sitenote_note":"","_monsterinsights_sitenote_category":0},"product_brand":[],"product_cat":[12408,14197],"product_tag":[],"class_list":{"0":"post-697607","1":"product","2":"type-product","3":"status-publish","5":"product_cat-sanat","6":"product_cat-sanat-tarihi","7":"pa_cilt-ciltsiz","8":"pa_tur-kitap","9":"pa_yayinevi-utopya-yayinevi","10":"pa_yazar-nimet-keser","12":"first","13":"instock","14":"sale","15":"shipping-taxable","16":"purchasable","17":"product-type-simple"},"_links":{"self":[{"href":"https:\/\/roveyayinevi.com.tr\/index.php\/wp-json\/wp\/v2\/product\/697607","targetHints":{"allow":["GET"]}}],"collection":[{"href":"https:\/\/roveyayinevi.com.tr\/index.php\/wp-json\/wp\/v2\/product"}],"about":[{"href":"https:\/\/roveyayinevi.com.tr\/index.php\/wp-json\/wp\/v2\/types\/product"}],"wp:attachment":[{"href":"https:\/\/roveyayinevi.com.tr\/index.php\/wp-json\/wp\/v2\/media?parent=697607"}],"wp:term":[{"taxonomy":"product_brand","embeddable":true,"href":"https:\/\/roveyayinevi.com.tr\/index.php\/wp-json\/wp\/v2\/product_brand?post=697607"},{"taxonomy":"product_cat","embeddable":true,"href":"https:\/\/roveyayinevi.com.tr\/index.php\/wp-json\/wp\/v2\/product_cat?post=697607"},{"taxonomy":"product_tag","embeddable":true,"href":"https:\/\/roveyayinevi.com.tr\/index.php\/wp-json\/wp\/v2\/product_tag?post=697607"}],"curies":[{"name":"wp","href":"https:\/\/api.w.org\/{rel}","templated":true}]}}